{"id":10312,"date":"2025-03-26T21:51:54","date_gmt":"2025-03-26T20:51:54","guid":{"rendered":"https:\/\/sites.ac-nancy-metz.fr\/arts-plastiques\/?page_id=10312"},"modified":"2026-03-03T08:58:49","modified_gmt":"2026-03-03T07:58:49","slug":"les-competences-psycho-sociales","status":"publish","type":"page","link":"https:\/\/sites.ac-nancy-metz.fr\/arts-plastiques\/les-competences-psycho-sociales\/","title":{"rendered":"Les comp\u00e9tences psycho-sociales"},"content":{"rendered":"\n<p><\/p>\n\n\n\n<iframe src=\"https:\/\/podeduc.apps.education.fr\/video\/133226-conf-didacmp4\/?is_iframe=true\" width=\"1280\" height=\"720\" style=\"padding: 0; margin: 0; border:0\" allowfullscreen title=\"conf didac.mp4\" ><\/iframe>\n\n\n\n<div data-wp-interactive=\"core\/file\" class=\"wp-block-file\"><object data-wp-bind--hidden=\"!state.hasPdfPreview\" hidden class=\"wp-block-file__embed\" data=\"https:\/\/sites.ac-nancy-metz.fr\/arts-plastiques\/wp-content\/uploads\/Conference-didactique-Les-competences-psycho-sociales.pdf\" type=\"application\/pdf\" style=\"width:100%;height:600px\" aria-label=\"Contenu embarqu\u00e9 Conf\u00e9rence didactique - Les comp\u00e9tences psycho-sociales.\"><\/object><a id=\"wp-block-file--media-5f82d20f-942a-49eb-b052-e1a5d2ef6a8c\" href=\"https:\/\/sites.ac-nancy-metz.fr\/arts-plastiques\/wp-content\/uploads\/Conference-didactique-Les-competences-psycho-sociales.pdf\">Conf\u00e9rence didactique &#8211; Les comp\u00e9tences psycho-sociales<\/a><a href=\"https:\/\/sites.ac-nancy-metz.fr\/arts-plastiques\/wp-content\/uploads\/Conference-didactique-Les-competences-psycho-sociales.pdf\" class=\"wp-block-file__button wp-element-button\" download aria-describedby=\"wp-block-file--media-5f82d20f-942a-49eb-b052-e1a5d2ef6a8c\">T\u00e9l\u00e9charger<\/a><\/div>\n\n\n\n<p><\/p>\n","protected":false},"excerpt":{"rendered":"","protected":false},"author":5,"featured_media":0,"parent":0,"menu_order":0,"comment_status":"closed","ping_status":"closed","template":"","meta":{"footnotes":""},"class_list":["post-10312","page","type-page","status-publish","hentry"],"_links":{"self":[{"href":"https:\/\/sites.ac-nancy-metz.fr\/arts-plastiques\/wp-json\/wp\/v2\/pages\/10312","targetHints":{"allow":["GET"]}}],"collection":[{"href":"https:\/\/sites.ac-nancy-metz.fr\/arts-plastiques\/wp-json\/wp\/v2\/pages"}],"about":[{"href":"https:\/\/sites.ac-nancy-metz.fr\/arts-plastiques\/wp-json\/wp\/v2\/types\/page"}],"author":[{"embeddable":true,"href":"https:\/\/sites.ac-nancy-metz.fr\/arts-plastiques\/wp-json\/wp\/v2\/users\/5"}],"replies":[{"embeddable":true,"href":"https:\/\/sites.ac-nancy-metz.fr\/arts-plastiques\/wp-json\/wp\/v2\/comments?post=10312"}],"version-history":[{"count":6,"href":"https:\/\/sites.ac-nancy-metz.fr\/arts-plastiques\/wp-json\/wp\/v2\/pages\/10312\/revisions"}],"predecessor-version":[{"id":10680,"href":"https:\/\/sites.ac-nancy-metz.fr\/arts-plastiques\/wp-json\/wp\/v2\/pages\/10312\/revisions\/10680"}],"wp:attachment":[{"href":"https:\/\/sites.ac-nancy-metz.fr\/arts-plastiques\/wp-json\/wp\/v2\/media?parent=10312"}],"curies":[{"name":"wp","href":"https:\/\/api.w.org\/{rel}","templated":true}]}}