{"id":147,"date":"2020-09-06T15:34:18","date_gmt":"2020-09-06T13:34:18","guid":{"rendered":"https:\/\/sites.ac-nancy-metz.fr\/arts-plastiques\/?page_id=147"},"modified":"2021-04-07T10:54:03","modified_gmt":"2021-04-07T08:54:03","slug":"sinformer","status":"publish","type":"page","link":"https:\/\/sites.ac-nancy-metz.fr\/arts-plastiques\/sinformer\/","title":{"rendered":"S&rsquo;informer"},"content":{"rendered":"\n<p style=\"text-align:right\">\u00ab&nbsp;<em>L\u2019enfant a un pouvoir que nous n\u2019avons pas, celui de b\u00e2tir l\u2019homme lui-m\u00eame.&nbsp;\u00bb&nbsp;<\/em><\/p>\n\n\n\n<p style=\"text-align:right\">Maria MONTESSORI<\/p>\n\n\n\n<p>L\u2019enseignement des arts plastiques construit, fonde et structure la formation globale des \u00e9l\u00e8ves. Il r\u00e9pond notamment \u00e0 l\u2019h\u00e9t\u00e9rog\u00e9n\u00e9it\u00e9 des pratiques et vise l\u2019autonomie de l\u2019\u00e9l\u00e8ve. La singularit\u00e9 des pratiques des \u00e9l\u00e8ves, les d\u00e9marches plurielles des artistes et la capacit\u00e9 des professeurs \u00e0 s\u2019adapter \u00e0 la diversit\u00e9 des \u00e9l\u00e8ves constituent l\u2019essence m\u00eame de notre discipline. La rencontre fr\u00e9quente avec la mat\u00e9rialit\u00e9 des \u0153uvres d\u2019art dans les structures culturelles et partenariales permet aux \u00e9l\u00e8ves de construire une v\u00e9ritable culture artistique.<\/p>\n\n\n\n<p>Rappelons que&nbsp;l\u2019enseignement des arts plastiques contribue au travail commun engag\u00e9 au sein de l&rsquo;\u00c9cole au service de la formation globale de l&rsquo;\u00e9l\u00e8ve. Les comp\u00e9tences mobilis\u00e9es par les \u00e9l\u00e8ves lors de la p\u00e9riode de confinement ont permis de d\u00e9velopper d\u2019autres formes d\u2019apprentissages qu\u2019il importe de continuer \u00e0 mobiliser.&nbsp;<\/p>\n","protected":false},"excerpt":{"rendered":"<p>\u00ab&nbsp;L\u2019enfant a un pouvoir que nous n\u2019avons pas, celui de b\u00e2tir l\u2019homme lui-m\u00eame.&nbsp;\u00bb&nbsp; Maria MONTESSORI L\u2019enseignement des arts plastiques construit, fonde et structure la formation globale&#8230;<\/p>\n","protected":false},"author":2,"featured_media":0,"parent":0,"menu_order":0,"comment_status":"closed","ping_status":"closed","template":"","meta":{"footnotes":""},"class_list":["post-147","page","type-page","status-publish","hentry"],"_links":{"self":[{"href":"https:\/\/sites.ac-nancy-metz.fr\/arts-plastiques\/wp-json\/wp\/v2\/pages\/147","targetHints":{"allow":["GET"]}}],"collection":[{"href":"https:\/\/sites.ac-nancy-metz.fr\/arts-plastiques\/wp-json\/wp\/v2\/pages"}],"about":[{"href":"https:\/\/sites.ac-nancy-metz.fr\/arts-plastiques\/wp-json\/wp\/v2\/types\/page"}],"author":[{"embeddable":true,"href":"https:\/\/sites.ac-nancy-metz.fr\/arts-plastiques\/wp-json\/wp\/v2\/users\/2"}],"replies":[{"embeddable":true,"href":"https:\/\/sites.ac-nancy-metz.fr\/arts-plastiques\/wp-json\/wp\/v2\/comments?post=147"}],"version-history":[{"count":4,"href":"https:\/\/sites.ac-nancy-metz.fr\/arts-plastiques\/wp-json\/wp\/v2\/pages\/147\/revisions"}],"predecessor-version":[{"id":4006,"href":"https:\/\/sites.ac-nancy-metz.fr\/arts-plastiques\/wp-json\/wp\/v2\/pages\/147\/revisions\/4006"}],"wp:attachment":[{"href":"https:\/\/sites.ac-nancy-metz.fr\/arts-plastiques\/wp-json\/wp\/v2\/media?parent=147"}],"curies":[{"name":"wp","href":"https:\/\/api.w.org\/{rel}","templated":true}]}}