{"id":148,"date":"2020-09-06T15:34:19","date_gmt":"2020-09-06T13:34:19","guid":{"rendered":"https:\/\/sites.ac-nancy-metz.fr\/arts-plastiques\/?page_id=148"},"modified":"2022-06-29T11:16:27","modified_gmt":"2022-06-29T09:16:27","slug":"se-former","status":"publish","type":"page","link":"https:\/\/sites.ac-nancy-metz.fr\/arts-plastiques\/se-former\/","title":{"rendered":"Se former"},"content":{"rendered":"\n<p>Les diff\u00e9rentes formes d\u2019apprentissages mobilisent des comp\u00e9tences didactiques et professionnelles d\u2019anticipation, de projection et de structuration des projets d\u2019enseignement qui offrent une large place \u00e0 la cr\u00e9ativit\u00e9 p\u00e9dagogique. L\u2019innovation et la cr\u00e9ativit\u00e9 p\u00e9dagogique constituent les \u00e9l\u00e9ments fondamentaux de construction de la formation.<\/p>\n\n\n\n<p class=\"has-text-align-center has-pale-pink-background-color has-background\"><strong>\u00catre formateur<\/strong><\/p>\n\n\n\n<figure><iframe src=\"https:\/\/view.genial.ly\/600fc9921992660dbca7a37b\" allowfullscreen=\"true\" width=\"1200px\" height=\"675px\"><\/iframe><\/figure>\n\n\n\n<div data-wp-interactive=\"core\/file\" class=\"wp-block-file\"><object data-wp-bind--hidden=\"!state.hasPdfPreview\" hidden class=\"wp-block-file__embed\" data=\"https:\/\/sites.ac-nancy-metz.fr\/arts-plastiques\/wp-content\/uploads\/CONCEVOIR-DES-FORMATIONS-V7.pdf\" type=\"application\/pdf\" style=\"width:100%;height:600px\" aria-label=\"Contenu embarqu\u00e9 Contenu embarqu\u00e9 CONCEVOIR-DES-FORMATIONS-V7..\"><\/object><a id=\"wp-block-file--media-412b831f-2b03-4a69-914a-6e026024b563\" href=\"https:\/\/sites.ac-nancy-metz.fr\/arts-plastiques\/wp-content\/uploads\/CONCEVOIR-DES-FORMATIONS-V7.pdf\">CONCEVOIR-DES-FORMATIONS-V7<\/a><a href=\"https:\/\/sites.ac-nancy-metz.fr\/arts-plastiques\/wp-content\/uploads\/CONCEVOIR-DES-FORMATIONS-V7.pdf\" class=\"wp-block-file__button\" download aria-describedby=\"wp-block-file--media-412b831f-2b03-4a69-914a-6e026024b563\">T\u00e9l\u00e9charger<\/a><\/div>\n","protected":false},"excerpt":{"rendered":"<p>Les diff\u00e9rentes formes d\u2019apprentissages mobilisent des comp\u00e9tences didactiques et professionnelles d\u2019anticipation, de projection et de structuration des projets d\u2019enseignement qui offrent une large place \u00e0 la&#8230;<\/p>\n","protected":false},"author":2,"featured_media":0,"parent":0,"menu_order":0,"comment_status":"closed","ping_status":"closed","template":"","meta":{"footnotes":""},"class_list":["post-148","page","type-page","status-publish","hentry"],"_links":{"self":[{"href":"https:\/\/sites.ac-nancy-metz.fr\/arts-plastiques\/wp-json\/wp\/v2\/pages\/148","targetHints":{"allow":["GET"]}}],"collection":[{"href":"https:\/\/sites.ac-nancy-metz.fr\/arts-plastiques\/wp-json\/wp\/v2\/pages"}],"about":[{"href":"https:\/\/sites.ac-nancy-metz.fr\/arts-plastiques\/wp-json\/wp\/v2\/types\/page"}],"author":[{"embeddable":true,"href":"https:\/\/sites.ac-nancy-metz.fr\/arts-plastiques\/wp-json\/wp\/v2\/users\/2"}],"replies":[{"embeddable":true,"href":"https:\/\/sites.ac-nancy-metz.fr\/arts-plastiques\/wp-json\/wp\/v2\/comments?post=148"}],"version-history":[{"count":9,"href":"https:\/\/sites.ac-nancy-metz.fr\/arts-plastiques\/wp-json\/wp\/v2\/pages\/148\/revisions"}],"predecessor-version":[{"id":8653,"href":"https:\/\/sites.ac-nancy-metz.fr\/arts-plastiques\/wp-json\/wp\/v2\/pages\/148\/revisions\/8653"}],"wp:attachment":[{"href":"https:\/\/sites.ac-nancy-metz.fr\/arts-plastiques\/wp-json\/wp\/v2\/media?parent=148"}],"curies":[{"name":"wp","href":"https:\/\/api.w.org\/{rel}","templated":true}]}}