{"id":161,"date":"2020-09-06T15:40:43","date_gmt":"2020-09-06T13:40:43","guid":{"rendered":"https:\/\/sites.ac-nancy-metz.fr\/arts-plastiques\/?page_id=161"},"modified":"2023-01-24T16:19:45","modified_gmt":"2023-01-24T15:19:45","slug":"ressources-pedagogiques-lycee","status":"publish","type":"page","link":"https:\/\/sites.ac-nancy-metz.fr\/arts-plastiques\/ressources-pedagogiques-lycee\/","title":{"rendered":"Les enseignements de sp\u00e9cialit\u00e9 et optionnel en lyc\u00e9e"},"content":{"rendered":"\n<p class=\"has-background\" style=\"background-color:#d9c1fe\">R\u00e9seau public : enseignement arts plastiques lyc\u00e9es acad\u00e9mie de Nancy-Metz<\/p>\n\n\n\n<figure><iframe width=\"100%\" height=\"300px\" allowfullscreen=\"\" src=\"\/\/umap.openstreetmap.fr\/fr\/map\/reseau-public-enseignement-arts-plastiques-lycees-_485718?scaleControl=false&amp;miniMap=false&amp;scrollWheelZoom=false&amp;zoomControl=true&amp;allowEdit=false&amp;moreControl=true&amp;searchControl=null&amp;tilelayersControl=null&amp;embedControl=null&amp;datalayersControl=true&amp;onLoadPanel=undefined&amp;captionBar=false\"><\/iframe><\/figure>\n\n\n\n<p class=\"has-text-align-center\"><a href=\"\/\/umap.openstreetmap.fr\/fr\/map\/reseau-public-enseignement-arts-plastiques-lycees-_485718\">Voir en plein \u00e9cran<\/a><\/p>\n\n\n\n<p class=\"has-pale-cyan-blue-background-color has-background\">R\u00e9seau priv\u00e9 : enseignement arts plastiques lyc\u00e9es acad\u00e9mie de Nancy-Metz<\/p>\n\n\n\n<figure><iframe width=\"100%\" height=\"300px\" allowfullscreen=\"\" src=\"\/\/umap.openstreetmap.fr\/fr\/map\/reseau-prive-enseignement-arts-plastiques-lycees-a_485722?scaleControl=false&amp;miniMap=false&amp;scrollWheelZoom=false&amp;zoomControl=true&amp;allowEdit=false&amp;moreControl=true&amp;searchControl=null&amp;tilelayersControl=null&amp;embedControl=null&amp;datalayersControl=true&amp;onLoadPanel=none&amp;captionBar=false\"><\/iframe><\/figure>\n\n\n\n<p class=\"has-text-align-center\"><a href=\"\/\/umap.openstreetmap.fr\/fr\/map\/reseau-prive-enseignement-arts-plastiques-lycees-a_485722\">Voir en plein \u00e9cran<\/a><\/p>\n\n\n\n<h2 class=\"wp-block-heading\">Lyc\u00e9e Jacques Callot &#8211; Vandoeuvre-L\u00e8s-Nancy<\/h2>\n\n\n\n<figure class=\"wp-block-image size-full\"><a href=\"https:\/\/www4.ac-nancy-metz.fr\/lyc-jacques-callot\/option-arts-plastiques\/\"><img fetchpriority=\"high\" decoding=\"async\" width=\"988\" height=\"481\" src=\"https:\/\/sites.ac-nancy-metz.fr\/arts-plastiques\/wp-content\/uploads\/Capture-decran-2023-01-18-a-18.42.20.png\" alt=\"\" class=\"wp-image-8945\" srcset=\"https:\/\/sites.ac-nancy-metz.fr\/arts-plastiques\/wp-content\/uploads\/Capture-decran-2023-01-18-a-18.42.20.png 988w, https:\/\/sites.ac-nancy-metz.fr\/arts-plastiques\/wp-content\/uploads\/Capture-decran-2023-01-18-a-18.42.20-300x146.png 300w, https:\/\/sites.ac-nancy-metz.fr\/arts-plastiques\/wp-content\/uploads\/Capture-decran-2023-01-18-a-18.42.20-768x374.png 768w\" sizes=\"(max-width: 988px) 100vw, 988px\" \/><\/a><\/figure>\n\n\n\n<figure class=\"wp-block-image size-full\"><a href=\"https:\/\/www4.ac-nancy-metz.fr\/lyc-jacques-callot\/option-arts-plastiques\/\"><img decoding=\"async\" width=\"957\" height=\"596\" src=\"https:\/\/sites.ac-nancy-metz.fr\/arts-plastiques\/wp-content\/uploads\/Capture-decran-2023-01-18-a-18.42.34.png\" alt=\"\" class=\"wp-image-8946\" srcset=\"https:\/\/sites.ac-nancy-metz.fr\/arts-plastiques\/wp-content\/uploads\/Capture-decran-2023-01-18-a-18.42.34.png 957w, https:\/\/sites.ac-nancy-metz.fr\/arts-plastiques\/wp-content\/uploads\/Capture-decran-2023-01-18-a-18.42.34-300x187.png 300w, https:\/\/sites.ac-nancy-metz.fr\/arts-plastiques\/wp-content\/uploads\/Capture-decran-2023-01-18-a-18.42.34-768x478.png 768w\" sizes=\"(max-width: 957px) 100vw, 957px\" \/><\/a><\/figure>\n\n\n\n<p><\/p>\n\n\n\n<h2 class=\"wp-block-heading\">Lyc\u00e9e Jean-Baptiste Vuillaume &#8211; Mirecourt<\/h2>\n\n\n\n<div class=\"wp-block-columns is-layout-flex wp-container-core-columns-is-layout-9d6595d7 wp-block-columns-is-layout-flex\">\n<div class=\"wp-block-column is-layout-flow wp-block-column-is-layout-flow\">\n<figure class=\"wp-block-image size-full\"><img decoding=\"async\" width=\"476\" height=\"669\" src=\"https:\/\/sites.ac-nancy-metz.fr\/arts-plastiques\/wp-content\/uploads\/Capture-decran-2023-01-24-a-16.11.50.png\" alt=\"\" class=\"wp-image-8950\" srcset=\"https:\/\/sites.ac-nancy-metz.fr\/arts-plastiques\/wp-content\/uploads\/Capture-decran-2023-01-24-a-16.11.50.png 476w, https:\/\/sites.ac-nancy-metz.fr\/arts-plastiques\/wp-content\/uploads\/Capture-decran-2023-01-24-a-16.11.50-213x300.png 213w\" sizes=\"(max-width: 476px) 100vw, 476px\" \/><\/figure>\n<\/div>\n\n\n\n<div class=\"wp-block-column is-layout-flow wp-block-column-is-layout-flow\">\n<figure class=\"wp-block-image size-full is-resized\"><a href=\"https:\/\/lyc-vuillaume.monbureaunumerique.fr\/l-etablissement\/nos-formations-au-lycee\/option-arts-plastiques\/\"><img loading=\"lazy\" decoding=\"async\" src=\"https:\/\/sites.ac-nancy-metz.fr\/arts-plastiques\/wp-content\/uploads\/Capture-decran-2023-01-24-a-16.17.31.png\" alt=\"\" class=\"wp-image-8951\" width=\"546\" height=\"380\" srcset=\"https:\/\/sites.ac-nancy-metz.fr\/arts-plastiques\/wp-content\/uploads\/Capture-decran-2023-01-24-a-16.17.31.png 1006w, https:\/\/sites.ac-nancy-metz.fr\/arts-plastiques\/wp-content\/uploads\/Capture-decran-2023-01-24-a-16.17.31-300x209.png 300w, https:\/\/sites.ac-nancy-metz.fr\/arts-plastiques\/wp-content\/uploads\/Capture-decran-2023-01-24-a-16.17.31-768x536.png 768w, https:\/\/sites.ac-nancy-metz.fr\/arts-plastiques\/wp-content\/uploads\/Capture-decran-2023-01-24-a-16.17.31-392x272.png 392w, https:\/\/sites.ac-nancy-metz.fr\/arts-plastiques\/wp-content\/uploads\/Capture-decran-2023-01-24-a-16.17.31-130x90.png 130w\" sizes=\"(max-width: 546px) 100vw, 546px\" \/><\/a><\/figure>\n<\/div>\n<\/div>\n","protected":false},"excerpt":{"rendered":"<p>R\u00e9seau public : enseignement arts plastiques lyc\u00e9es acad\u00e9mie de Nancy-Metz Voir en plein \u00e9cran R\u00e9seau priv\u00e9 : enseignement arts plastiques lyc\u00e9es acad\u00e9mie de Nancy-Metz Voir en&#8230;<\/p>\n","protected":false},"author":2,"featured_media":0,"parent":0,"menu_order":0,"comment_status":"closed","ping_status":"closed","template":"","meta":{"footnotes":""},"class_list":["post-161","page","type-page","status-publish","hentry"],"_links":{"self":[{"href":"https:\/\/sites.ac-nancy-metz.fr\/arts-plastiques\/wp-json\/wp\/v2\/pages\/161","targetHints":{"allow":["GET"]}}],"collection":[{"href":"https:\/\/sites.ac-nancy-metz.fr\/arts-plastiques\/wp-json\/wp\/v2\/pages"}],"about":[{"href":"https:\/\/sites.ac-nancy-metz.fr\/arts-plastiques\/wp-json\/wp\/v2\/types\/page"}],"author":[{"embeddable":true,"href":"https:\/\/sites.ac-nancy-metz.fr\/arts-plastiques\/wp-json\/wp\/v2\/users\/2"}],"replies":[{"embeddable":true,"href":"https:\/\/sites.ac-nancy-metz.fr\/arts-plastiques\/wp-json\/wp\/v2\/comments?post=161"}],"version-history":[{"count":10,"href":"https:\/\/sites.ac-nancy-metz.fr\/arts-plastiques\/wp-json\/wp\/v2\/pages\/161\/revisions"}],"predecessor-version":[{"id":8952,"href":"https:\/\/sites.ac-nancy-metz.fr\/arts-plastiques\/wp-json\/wp\/v2\/pages\/161\/revisions\/8952"}],"wp:attachment":[{"href":"https:\/\/sites.ac-nancy-metz.fr\/arts-plastiques\/wp-json\/wp\/v2\/media?parent=161"}],"curies":[{"name":"wp","href":"https:\/\/api.w.org\/{rel}","templated":true}]}}