{"id":172,"date":"2020-09-06T15:40:45","date_gmt":"2020-09-06T13:40:45","guid":{"rendered":"https:\/\/sites.ac-nancy-metz.fr\/arts-plastiques\/?page_id=172"},"modified":"2022-04-25T19:17:58","modified_gmt":"2022-04-25T17:17:58","slug":"textes-theoriques-et-didactiques","status":"publish","type":"page","link":"https:\/\/sites.ac-nancy-metz.fr\/arts-plastiques\/textes-theoriques-et-didactiques\/","title":{"rendered":"Textes th\u00e9oriques et didactique des arts plastiques"},"content":{"rendered":"\n<div class=\"wp-block-image\"><figure class=\"aligncenter is-resized\"><img fetchpriority=\"high\" decoding=\"async\" src=\"https:\/\/sites.ac-nancy-metz.fr\/arts-plastiques\/wp-content\/uploads\/capture-decran-2020-09-07-a-15-41-06.png\" alt=\"\" class=\"wp-image-584\" width=\"191\" height=\"278\" srcset=\"https:\/\/sites.ac-nancy-metz.fr\/arts-plastiques\/wp-content\/uploads\/capture-decran-2020-09-07-a-15-41-06.png 470w, https:\/\/sites.ac-nancy-metz.fr\/arts-plastiques\/wp-content\/uploads\/capture-decran-2020-09-07-a-15-41-06-206x300.png 206w\" sizes=\"(max-width: 191px) 100vw, 191px\" \/><\/figure><\/div>\n\n\n\n<div class=\"wp-block-file\"><a id=\"wp-block-file--media-57029641-b2fa-47b0-a430-3bbcdf194fe1\" href=\"https:\/\/sites.ac-nancy-metz.fr\/arts-plastiques\/wp-content\/uploads\/bibliographie-arts-plastiques.pdf\">Bibliographie arts plastiques<\/a><a href=\"https:\/\/sites.ac-nancy-metz.fr\/arts-plastiques\/wp-content\/uploads\/bibliographie-arts-plastiques.pdf\" class=\"wp-block-file__button\" download aria-describedby=\"wp-block-file--media-57029641-b2fa-47b0-a430-3bbcdf194fe1\">Download<\/a><\/div>\n\n\n\n<p><strong>Les enseignements artistiques au coll\u00e8ge : \u00e9tat des lieux et perspectives<\/strong><\/p>\n\n\n\n<p><a href=\"https:\/\/www.education.gouv.fr\/les-enseignements-artistiques-au-college-etat-des-lieux-et-perspectives-341079\">https:\/\/www.education.gouv.fr\/les-enseignements-artistiques-au-college-etat-des-lieux-et-perspectives-341079<\/a><\/p>\n\n\n\n<p><strong>\u00ab\u00a0DU DESSIN AUX ARTS PLASTIQUES, rep\u00e8res historiques et \u00e9volution dans l\u2019enseignement secondaire jusqu\u2019en 2000\u00a0\u00bb<\/strong>. <strong>Martine Colboc Terville<\/strong>, formatrice et charg\u00e9e de mission d\u2019inspection pendant de longues ann\u00e9es dans l\u2019acad\u00e9mie de Versailles a co-sign\u00e9 cet ouvrage avec\u00a0<strong>Marie-Jeanne Brondeau Four<\/strong>, chercheuse \u00e0 l\u2019INRP.<\/p>\n\n\n\n<div class=\"wp-block-file\"><a href=\"https:\/\/sites.ac-nancy-metz.fr\/arts-plastiques\/wp-content\/uploads\/2018_du_dessin_aux_arts_plastiques_brondeau_colboc_version_mise_a___jour_et_augmente__e_2018.pdf\" class=\"wp-block-file__button\" download aria-describedby=\"wp-block-file--media-09c90837-c292-4e23-a3b3-b84d66c39432\">Download<\/a><\/div>\n\n\n\n<p><strong>Marie-Fran\u00e7oise CHAVANNE<\/strong>, IA-IPR honoraire, acad\u00e9mie de Versailles,&nbsp;<strong>\u00ab\u00a0Le subtil \u00e0 l\u2019\u0153uvre\u00a0\u00bb<\/strong>, Intervention faite \u00e0 Tapovan, le 12 juin 2016, lors des Journ\u00e9es de l\u2019Universit\u00e9 de la Paix \u00ab&nbsp;Jardin plan\u00e9taire&nbsp;\u00bb sur \u00ab&nbsp;Le Temps&nbsp;\u00bb Table ronde&nbsp;: Jean-Eric Aubert, Marie-Fran\u00e7oise Chavanne, Therry Gaudin, Martine Roussel.<\/p>\n\n\n\n<div class=\"wp-block-file\"><a href=\"https:\/\/sites.ac-nancy-metz.fr\/arts-plastiques\/wp-content\/uploads\/le_subtil_a_l_oeuvre_-_mfc-2.pdf\" class=\"wp-block-file__button\" download aria-describedby=\"wp-block-file--media-8ecbc2bc-e677-4d43-85ba-c20e1629d0c7\">Download<\/a><\/div>\n\n\n\n<p><strong>Magali CHANTEUX<\/strong>, IA-IPR,&nbsp;<strong>\u00ab\u00a0Arts plastiques et \u00e9ducation \u00e0 l\u2019espace\u00a0\u00bb<\/strong>.<br>Intervention orale lors du S\u00e9minaire \u00ab\u00a0\u00c9l\u00e9ments pour construire une p\u00e9dagogie de l\u2019espace aupr\u00e8s des jeunes\u00a0\u00bb organis\u00e9 par la F\u00e9d\u00e9ration Nationale des CAUE, le Groupe d\u2019\u00e9tude sociologique du centre Paul Lapie et l\u2019INRP avec le soutien du minist\u00e8re de la Culture, article publi\u00e9 dans les actes du s\u00e9minaire, 6 et 7 mai 1999.<\/p>\n\n\n\n<div class=\"wp-block-file\"><a href=\"https:\/\/sites.ac-nancy-metz.fr\/arts-plastiques\/wp-content\/uploads\/chanteux_-_arts_plastiques_et_education_a_l_espace.pdf\" class=\"wp-block-file__button\" download aria-describedby=\"wp-block-file--media-9c1edde4-54fd-44d4-9fe8-03565c7edce3\">Download<\/a><\/div>\n\n\n\n<p><strong>Magali CHANTEUX&nbsp;<\/strong>, IA-IPR,<strong>\u00ab\u00a0Enseigner les arts plastiques en SEGPA\u00a0\u00bb<\/strong>, 1998.<\/p>\n\n\n\n<div class=\"wp-block-file\"><a href=\"https:\/\/sites.ac-nancy-metz.fr\/arts-plastiques\/wp-content\/uploads\/chanteux_-_enseigner_les_arts_plastiques_en_segpa.pdf\" class=\"wp-block-file__button\" download aria-describedby=\"wp-block-file--media-4d620a8f-6116-4638-9f69-0b24f31ebbf8\">Download<\/a><\/div>\n\n\n\n<p><strong>Magali CHANTEUX<\/strong>&nbsp;, IA-IPR,<strong>\u00ab\u00a0La pratique des \u00e9l\u00e8ves dans l\u2019enseignement des arts plastiques\u00a0\u00bb<\/strong>, Article publi\u00e9 dans la revue Soci\u00e9t\u00e9 fran\u00e7aise n\u00b010 (60) \u00ab\u00a0Politiques \u00e9ducatives, travail enseignant et activit\u00e9s de l\u2019\u00e9l\u00e8ve\u00a0\u00bb , janvier, f\u00e9vrier, mars 1998.<\/p>\n\n\n\n<div class=\"wp-block-file\"><a href=\"https:\/\/sites.ac-nancy-metz.fr\/arts-plastiques\/wp-content\/uploads\/chanteux_-_la_pratique_des_eleves.pdf\" class=\"wp-block-file__button\" download aria-describedby=\"wp-block-file--media-3e9cdeae-1464-4f7d-b93d-6a970f9ba3da\">Download<\/a><\/div>\n\n\n\n<p><strong>Magali CHANTEUX<\/strong>, IA-IPR,&nbsp;<strong>\u00ab\u00a0Quelques r\u00e9flexions \u00e0 partir de l\u2019expression \u00ab\u00a0\u00e9ducation artistique et culturelle\u00a0\u00bb\u00a0\u00bb<\/strong>, Nantes, mai 2011.<\/p>\n\n\n\n<div class=\"wp-block-file\"><a href=\"https:\/\/sites.ac-nancy-metz.fr\/arts-plastiques\/wp-content\/uploads\/chanteux_-_quelques_reflexions.pdf\" class=\"wp-block-file__button\" download aria-describedby=\"wp-block-file--media-72662d13-d531-462d-97c1-e5f2f17d3fdd\">Download<\/a><\/div>\n\n\n\n<p><strong>Dominique CHATEAU<\/strong>, Professeur d\u2019 Esth\u00e9tique \u00e0 l\u2019Universit\u00e9 de PARIS I Panth\u00e9on-Sorbonne,&nbsp;<strong>\u00ab\u00a0D\u00e9fense et illustration de la notion d\u2019arts plastiques (et de celle d\u2019arts appliqu\u00e9s)\u00a0\u00bb<\/strong>, mars 2002.<\/p>\n\n\n\n<div class=\"wp-block-file\"><a href=\"https:\/\/sites.ac-nancy-metz.fr\/arts-plastiques\/wp-content\/uploads\/chateau_-_defense_et_illustration.pdf\" class=\"wp-block-file__button\" download aria-describedby=\"wp-block-file--media-ff12bac3-9e88-41a4-9ffe-d2b10344c32a\">Download<\/a><\/div>\n\n\n\n<p><strong>Patrick DUCLER<\/strong>, IA-IPR,&nbsp;<strong>\u00ab\u00a0le projet de l\u2019\u00e9l\u00e8ve en arts plastiques &#8211; du choix \u00e0 l\u2019initiative\u00a0\u00bb<\/strong>, article publi\u00e9 dans les Cahiers EPS de l\u2019Acad\u00e9mie de Nantes n\u00b0&nbsp;22, juin 2000.<\/p>\n\n\n\n<div class=\"wp-block-file\"><a href=\"https:\/\/sites.ac-nancy-metz.fr\/arts-plastiques\/wp-content\/uploads\/ducler_-_le_projet_de_l_eleve.pdf\" class=\"wp-block-file__button\" download aria-describedby=\"wp-block-file--media-3216cb65-653d-4659-aeaf-e0de9ea73d94\">Download<\/a><\/div>\n\n\n\n<p><strong>Patrick DUCLER<\/strong>, IA-IPR ,&nbsp;<strong>\u00ab\u00a0Le transfert des apprentissages en arts plastiques &#8211; de l\u2019activit\u00e9 \u00e0 l\u2019enseignement\u00a0\u00bb<\/strong>, article publi\u00e9 dans les Cahiers EPS de l\u2019Acad\u00e9mie de Nantes n\u00b0&nbsp;24, juin 2001.<\/p>\n\n\n\n<div class=\"wp-block-file\"><a href=\"https:\/\/sites.ac-nancy-metz.fr\/arts-plastiques\/wp-content\/uploads\/ducler_-_le_transfert_des_apprentissages_en_arts_plastiques.pdf\" class=\"wp-block-file__button\" download aria-describedby=\"wp-block-file--media-00065818-bcdf-4482-b360-abc55201461f\">Download<\/a><\/div>\n\n\n\n<p><strong>Serge FAUCHER<\/strong>, professeur d\u2019arts plastiques, correspondant acad\u00e9mique pour la mission \u00ab&nbsp;Innovation et valorisation des r\u00e9ussites&nbsp;\u00bb,&nbsp;<strong>\u00ab\u00a0La parole, en relation avec la question du corps dans les arts plastiques\u00a0\u00bb<\/strong>, table ronde qui r\u00e9unissait des professeurs d\u2019arts plastiques de l\u2019acad\u00e9mie de Versailles autour de la question de l\u2019implication de l\u2019\u00e9l\u00e8ve dans l\u2019enseignement des arts plastiques,&nbsp;<strong>Colloque acad\u00e9mique \u00ab&nbsp;corps et pratique artistique&nbsp;\u00bb<\/strong>, 2 avril 1997.<\/p>\n\n\n\n<div class=\"wp-block-file\"><a href=\"https:\/\/sites.ac-nancy-metz.fr\/arts-plastiques\/wp-content\/uploads\/faucher_la_parole.pdf\" class=\"wp-block-file__button\" download aria-describedby=\"wp-block-file--media-23ecbd99-718f-472d-a859-07b584d3d02e\">Download<\/a><\/div>\n\n\n\n<p><strong>Michel GRAVOT,<\/strong>&nbsp;IA-IPR, acad\u00e9mie de Versailles,&nbsp;<strong>\u00ab\u00a0M\u00e9moire(s) identifi\u00e9e(s)\u00a0\u00bb<br>\u00ab\u00a0J\u2019aimerais partir de rien et tout reconstruire&#8230;\u00a0\u00bb<\/strong><\/p>\n\n\n\n<div class=\"wp-block-file\"><a href=\"https:\/\/sites.ac-nancy-metz.fr\/arts-plastiques\/wp-content\/uploads\/mg_memoires_identifiees_2010.pdf\" class=\"wp-block-file__button\" download aria-describedby=\"wp-block-file--media-88d2d355-8e5f-4b40-a581-8130e3897704\">Download<\/a><\/div>\n\n\n\n<p><strong>Michel GRAVOT<\/strong>, IA-IPR, acad\u00e9mie de Versailles,&nbsp;<strong>\u00ab\u00a0Pour une v\u00e9ritable pratique de l\u2019\u00e9l\u00e8ve en arts plastiques \u2026 \u00ab\u00a0<\/strong><br>Il s\u2019agit d\u2019appr\u00e9hender ici quelques conseils ou principes de base qui doivent guider le travail d\u2019un professeur d\u2019arts plastiques stagiaire. Ils ne doivent aucunement constituer des \u00e9l\u00e9ments qui contribueraient \u00e0 instaurer ou \u00e0 figer des attitudes plus ou moins dogmatiques.<\/p>\n\n\n\n<div class=\"wp-block-file\"><a href=\"https:\/\/sites.ac-nancy-metz.fr\/arts-plastiques\/wp-content\/uploads\/gravot-2011-pour_une_veritable_pratique_de_l_eleve.pdf\" class=\"wp-block-file__button\" download aria-describedby=\"wp-block-file--media-fafcdec4-2a97-4b1c-a3e7-1272b62de85b\">Download<\/a><\/div>\n\n\n\n<p><strong>Jean-Pierre MARQUET<\/strong>,&nbsp;<strong>\u00ab\u00a0Du dessein au dessin\u00a0\u00bb.<\/strong><\/p>\n\n\n\n<div class=\"wp-block-file\"><a href=\"https:\/\/sites.ac-nancy-metz.fr\/arts-plastiques\/wp-content\/uploads\/marquet_-_du_dessein_au_dessin.pdf\" class=\"wp-block-file__button\" download aria-describedby=\"wp-block-file--media-52ba52c3-b88d-41a7-937f-fd6da55a6179\">Download<\/a><\/div>\n\n\n\n<p><strong>Philippe MEIRIEUX<\/strong>,&nbsp;<strong>\u00ab\u00a0Apprendre de la ville&nbsp;: \u00e0 l\u2019intersection de l\u2019espace et du temps\u00a0\u00bb,<\/strong>&nbsp;Rencontre nationale des classes de ville, Paris, 30 mai 2001.<\/p>\n\n\n\n<div class=\"wp-block-file\"><a href=\"https:\/\/sites.ac-nancy-metz.fr\/arts-plastiques\/wp-content\/uploads\/meirieu_-_apprendre_de_la_ville.pdf\" class=\"wp-block-file__button\" download aria-describedby=\"wp-block-file--media-cd765edf-b862-4b04-a518-35b999c5fc2c\">Download<\/a><\/div>\n\n\n\n<p><strong>Bernard MICHAUD<\/strong>,&nbsp;<strong>\u00ab\u00a0Enseigner des probl\u00e8mes\u00a0\u00bb<\/strong>, Conf\u00e9rence prononc\u00e9e lors du stage de didactique des arts plastiques de S\u00e8vres en d\u00e9cembre 1990.<\/p>\n\n\n\n<div class=\"wp-block-file\"><a href=\"https:\/\/sites.ac-nancy-metz.fr\/arts-plastiques\/wp-content\/uploads\/michaud_-_enseigner_des_problemes.pdf\" class=\"wp-block-file__button\" download aria-describedby=\"wp-block-file--media-3bcc794b-bcab-4459-8fb4-9a717af4827a\">Download<\/a><\/div>\n\n\n\n<p><strong>Bernard MICHAUD<\/strong>,&nbsp;<strong>\u00ab\u00a0Inventaires, r\u00e9seaux, dynamique des id\u00e9es\u00a0\u00bb<\/strong>, transcription int\u00e9grale de la conf\u00e9rence donn\u00e9e le 8 f\u00e9vrier 1995.<\/p>\n\n\n\n<div class=\"wp-block-file\"><a href=\"https:\/\/sites.ac-nancy-metz.fr\/arts-plastiques\/wp-content\/uploads\/michaud_-_inventaires.pdf\" class=\"wp-block-file__button\" download aria-describedby=\"wp-block-file--media-6d682226-e8c3-46bc-8d43-8b550aca7752\">Download<\/a><\/div>\n\n\n\n<p><strong>Entrevue<\/strong>&nbsp;avec&nbsp;<strong>Gilbert P\u00c9LISSIER<\/strong>, Inspecteur G\u00e9n\u00e9ral Honoraire,&nbsp;<br>Propos recueillis par Christine Faucher, 2006.<\/p>\n\n\n\n<div class=\"wp-block-file\"><a href=\"https:\/\/sites.ac-nancy-metz.fr\/arts-plastiques\/wp-content\/uploads\/entrevue_avec_gilbert_pelissier.pdf\" class=\"wp-block-file__button\" download aria-describedby=\"wp-block-file--media-4d3fab5e-67f5-4936-99b2-82b6270d71d0\">Download<\/a><\/div>\n\n\n\n<p><strong>Gilbert P\u00c9LISSIER<\/strong>, Inspecteur G\u00e9n\u00e9ral honoraire,&nbsp;<strong>\u00ab\u00a0Au del\u00e0 des images, les \u0153uvres\u00a0\u00bb<\/strong>, Texte publi\u00e9 dans \u00c9ducation et p\u00e9dagogie, la revue du CIEP, 1993.<\/p>\n\n\n\n<div class=\"wp-block-file\"><a href=\"https:\/\/sites.ac-nancy-metz.fr\/arts-plastiques\/wp-content\/uploads\/pelissier_-_au_dela_des_images.pdf\" class=\"wp-block-file__button\" download aria-describedby=\"wp-block-file--media-dedb8d91-fa11-4f74-9446-40f993cd3832\">Download<\/a><\/div>\n\n\n\n<p><strong>Gilbert P\u00c9LISSIER<\/strong>, Inspecteur G\u00e9n\u00e9ral Honoraire, \u00ab\u00a0<strong>La pratique, du point de vue des arts plastiques dans le secondaire\u00a0\u00bb<\/strong>.<\/p>\n\n\n\n<div class=\"wp-block-file\"><a href=\"https:\/\/sites.ac-nancy-metz.fr\/arts-plastiques\/wp-content\/uploads\/la_pratique_pelissier.pdf\" class=\"wp-block-file__button\" download aria-describedby=\"wp-block-file--media-b77b15f5-c91f-40a2-a0e2-445d13335ea0\">Download<\/a><\/div>\n\n\n\n<p><strong>Gilbert P\u00c9LISSIER<\/strong>, Inspecteur G\u00e9n\u00e9ral honoraire,&nbsp;<strong>\u00ab\u00a0Arts plastiques et culture m\u00e9tisse\u00a0\u00bb<\/strong>, Intervention orale dans le cadre du s\u00e9minaire inter-acad\u00e9mique et international \u00ab\u00a0Connaissance des enseignements des arts plastiques en m\u00e9diterran\u00e9e &#8211; \u00c9tude des incidences sur l\u2019\u00e9ducation artistique de l\u2019\u00e9mergence d\u2019une culture m\u00e9tisse dans l\u2019art du XXe si\u00e8cle\u00a0\u00bb, N\u00eemes, 23, 24 et 25 janvier 1991.<\/p>\n\n\n\n<div class=\"wp-block-file\"><a href=\"https:\/\/sites.ac-nancy-metz.fr\/arts-plastiques\/wp-content\/uploads\/pelissier_-_apl_et_culture_metisse.pdf\" class=\"wp-block-file__button\" download aria-describedby=\"wp-block-file--media-5ddcc176-75d4-41ca-991c-d0436c258b13\">Download<\/a><\/div>\n\n\n\n<p><strong>Gilbert P\u00c9LISSIER<\/strong>, Inspecteur G\u00e9n\u00e9ral honoraire,&nbsp;<strong>\u00ab\u00a0Artiste \/ Enseignant en arts plastiques\u00a0\u00bb<\/strong>, texte publi\u00e9 de l\u2019intervention orale, 1989 &#8211; Le Kremlin-Bic\u00e8tre, Savoir au pr\u00e9sent, 1991.<\/p>\n\n\n\n<div class=\"wp-block-file\"><a href=\"https:\/\/sites.ac-nancy-metz.fr\/arts-plastiques\/wp-content\/uploads\/pelissier_-_artiste_enseignant.pdf\" class=\"wp-block-file__button\" download aria-describedby=\"wp-block-file--media-e45f9295-a0c1-4b9d-bc27-8a83f382ed63\">Download<\/a><\/div>\n\n\n\n<p><strong>Gilbert P\u00c9LISSIER<\/strong>, Inspecteur G\u00e9n\u00e9ral honoraire ,&nbsp;<strong>\u00ab\u00a0\u00catre de son temps\u00a0\u00bb<\/strong>, mis \u00e0 jour le 5 mars 1994.<\/p>\n\n\n\n<div class=\"wp-block-file\"><a href=\"https:\/\/sites.ac-nancy-metz.fr\/arts-plastiques\/wp-content\/uploads\/pelissier_-_etre_de_son_tps.pdf\" class=\"wp-block-file__button\" download aria-describedby=\"wp-block-file--media-aa4cbe9f-d006-4f26-87bd-359c82a31d75\">Download<\/a><\/div>\n\n\n\n<p><strong>Gilbert P\u00c9LISSIER<\/strong>, Inspecteur G\u00e9n\u00e9ral honoraire,&nbsp;<strong>\u00ab\u00a0Le devenir de l\u2019enseignement des arts plastiques &#8211; La question de la didactique\u00a0\u00bb<\/strong>, Texte publi\u00e9 en 1996 par le CNED.<\/p>\n\n\n\n<div class=\"wp-block-file\"><a href=\"https:\/\/sites.ac-nancy-metz.fr\/arts-plastiques\/wp-content\/uploads\/pelissier_-_le_devenir_de_l_enseignement.pdf\" class=\"wp-block-file__button\" download aria-describedby=\"wp-block-file--media-3b38ab64-3fde-488f-bb3b-ae7323ecf191\">Download<\/a><\/div>\n\n\n\n<p><strong>Gilbert P\u00c9LISSIER<\/strong>, Inspecteur G\u00e9n\u00e9ral honoraire,&nbsp;<strong>\u00ab\u00a0L\u2019oral en arts plastiques\u00a0\u00bb<\/strong>, Texte en compl\u00e9ment de l\u2019intervention orale. lors du stage de formation continue, IUFM de l\u2019acad\u00e9mie d\u2019Aix-Marseille, 26 mai 2004.<\/p>\n\n\n\n<div class=\"wp-block-file\"><a href=\"https:\/\/sites.ac-nancy-metz.fr\/arts-plastiques\/wp-content\/uploads\/pelissier_-_l_oral.pdf\" class=\"wp-block-file__button\" download aria-describedby=\"wp-block-file--media-5ca5b260-0223-437f-8bc6-c014f9a80db5\">Download<\/a><\/div>\n\n\n\n<p><strong>Gilbert P\u00c9LISSIER<\/strong>, Inspecteur G\u00e9n\u00e9ral honoraire,&nbsp;<strong>\u00ab\u00a0Que l\u2019\u00e9cole est belle (ou petit plaidoyer pour un certain flou)\u00a0\u00bb<\/strong>, Article publi\u00e9 dans CommunicAction &#8211; Courrier de la commission Acad\u00e9mique d\u2019Action Culturelle N\u00b0&nbsp;29 &#8211; CRDP &#8211; Rectorat de Paris &#8211; Num\u00e9ro sp\u00e9cial Ateliers de pratiques artistiques, 1992.<\/p>\n\n\n\n<div class=\"wp-block-file\"><a href=\"https:\/\/sites.ac-nancy-metz.fr\/arts-plastiques\/wp-content\/uploads\/pelissier_-_que_l_ecole_est_belle.pdf\" class=\"wp-block-file__button\" download aria-describedby=\"wp-block-file--media-4c66e2af-216f-475d-ad93-12177a4aec10\">Download<\/a><\/div>\n\n\n\n<p><strong>Michel PERRAUDEAU<\/strong>,&nbsp;<strong>\u00ab\u00a0la parole de l\u2019\u00e9l\u00e8ve en situation d\u2019apprentissage\u00a0\u00bb,<\/strong>&nbsp;retranscription \u00e9crite d\u2019une intervention orale aupr\u00e8s de l\u2019\u00e9quipe InSitu, acad\u00e9mie de Nantes, janvier 2004.<\/p>\n\n\n\n<div class=\"wp-block-file\"><a href=\"https:\/\/sites.ac-nancy-metz.fr\/arts-plastiques\/wp-content\/uploads\/perraudeau_-_la_parole_de_l_eleve_2_.pdf\" class=\"wp-block-file__button\" download aria-describedby=\"wp-block-file--media-b7ad8642-e0d4-468a-92e4-b24266dc3824\">Download<\/a><\/div>\n\n\n\n<p><strong>Pierre SA\u00cfET<\/strong>, IA-IPR, acad\u00e9mie de Caen,&nbsp;&nbsp;<strong>\u00ab\u00a0A propos d\u2019autonomie\u00a0\u00bb<\/strong>, Conf\u00e9rence prononc\u00e9e lors du stage de didactique des arts plastiques de Saint-Malo, janvier 1994.<\/p>\n\n\n\n<div class=\"wp-block-file\"><a href=\"https:\/\/sites.ac-nancy-metz.fr\/arts-plastiques\/wp-content\/uploads\/saiet_-_autonomie-2.pdf\" class=\"wp-block-file__button\" download aria-describedby=\"wp-block-file--media-1b05c993-91d1-4e68-9e0f-91349dc86775\">Download<\/a><\/div>\n\n\n\n<p><strong>Pierre SA\u00cfET<\/strong>, IA-IPR, acad\u00e9mie de Caen,&nbsp;<strong>\u00ab\u00a0La m\u00e9diation de l\u2019art contemporain\u00a0\u00bb<\/strong>, colloque sur le th\u00e8me de la rencontre enseignement \/ m\u00e9diation, Galerie Nationale du Jeu de Paume, Paris, 3 Mars 2000.<\/p>\n\n\n\n<div class=\"wp-block-file\"><a href=\"https:\/\/sites.ac-nancy-metz.fr\/arts-plastiques\/wp-content\/uploads\/saiet_-_la_mediation.pdf\" class=\"wp-block-file__button\" download aria-describedby=\"wp-block-file--media-c204cab9-5487-4db2-aaa7-7e5621930d17\">Download<\/a><\/div>\n\n\n\n<p><strong>Pierre SA\u00cfET<\/strong>, IA-IPR, acad\u00e9mie de Caen,&nbsp;<strong>\u00ab\u00a0La question de la Pratique, aujourd\u2019hui\u00a0\u00bb<\/strong>, S\u00e9minaire inter-acad\u00e9mique d\u2019arts plastiques, Rennes, Caen, Nantes, 29 novembre 2007.<\/p>\n\n\n\n<div class=\"wp-block-file\"><a href=\"https:\/\/sites.ac-nancy-metz.fr\/arts-plastiques\/wp-content\/uploads\/saiet_-_la_question_de_la_pratique.pdf\" class=\"wp-block-file__button\" download aria-describedby=\"wp-block-file--media-16122df6-44d1-4ae5-b591-66ce0bc214e2\">Download<\/a><\/div>\n\n\n\n<p><strong>Pierre SA\u00cfET<\/strong>, IA-IPR, acad\u00e9mie de Caen,&nbsp;<strong>\u00ab\u00a0L\u2019\u00e9volution des pratiques d\u2019enseignement\u00a0\u00bb<\/strong>&nbsp;, Intervention lors du stage inter-acad\u00e9mique, Dinard, Manoir de la Vicomt\u00e9, 10 Novembre 2006.<\/p>\n\n\n\n<div class=\"wp-block-file\"><a href=\"https:\/\/sites.ac-nancy-metz.fr\/arts-plastiques\/wp-content\/uploads\/saiet_-_pratiques_d_enseignement.pdf\" class=\"wp-block-file__button\" download aria-describedby=\"wp-block-file--media-2e272273-6efa-4f2b-a734-26977091a68c\">Download<\/a><\/div>\n\n\n\n<p><strong>Christian VIEAUX<\/strong>, IGEN d\u2019Arts plastiques,&nbsp;<strong>\u00ab\u00a0La question d\u2019une comp\u00e9tence \u00e0 l\u2019\u0153uvre et les probl\u00e9matiques qu\u2019elle engage dans un \u00e9tablissement d\u2019enseignement scolaire\u00a0\u00bb<\/strong>, S\u00e9minaire national \u2013 \u00c9ducation artistique et culturelle, Cite internationale universitaire de Paris ,22 et 23 janvier 2007.<\/p>\n\n\n\n<div class=\"wp-block-file\"><a href=\"https:\/\/sites.ac-nancy-metz.fr\/arts-plastiques\/wp-content\/uploads\/vieauxeroa.pdf\" class=\"wp-block-file__button\" download aria-describedby=\"wp-block-file--media-d12b4f3a-0c81-40c2-861d-6b1da039588b\">Download<\/a><\/div>\n\n\n\n<p><strong>Art contemporain et \u00e9ducation artistique : la persistance d&rsquo;un malentendu<\/strong><\/p>\n\n\n\n<div class=\"wp-block-file\"><a href=\"https:\/\/sites.ac-nancy-metz.fr\/arts-plastiques\/wp-content\/uploads\/cc23.pdf\" class=\"wp-block-file__button\" download aria-describedby=\"wp-block-file--media-f82b7426-5f45-472c-ab20-ae110e8a5d19\">T\u00e9l\u00e9charger<\/a><\/div>\n","protected":false},"excerpt":{"rendered":"<p>Les enseignements artistiques au coll\u00e8ge : \u00e9tat des lieux et perspectives https:\/\/www.education.gouv.fr\/les-enseignements-artistiques-au-college-etat-des-lieux-et-perspectives-341079 \u00ab\u00a0DU DESSIN AUX ARTS PLASTIQUES, rep\u00e8res historiques et \u00e9volution dans l\u2019enseignement secondaire jusqu\u2019en 2000\u00a0\u00bb&#8230;.<\/p>\n","protected":false},"author":2,"featured_media":0,"parent":0,"menu_order":0,"comment_status":"closed","ping_status":"closed","template":"","meta":{"footnotes":""},"class_list":["post-172","page","type-page","status-publish","hentry"],"_links":{"self":[{"href":"https:\/\/sites.ac-nancy-metz.fr\/arts-plastiques\/wp-json\/wp\/v2\/pages\/172","targetHints":{"allow":["GET"]}}],"collection":[{"href":"https:\/\/sites.ac-nancy-metz.fr\/arts-plastiques\/wp-json\/wp\/v2\/pages"}],"about":[{"href":"https:\/\/sites.ac-nancy-metz.fr\/arts-plastiques\/wp-json\/wp\/v2\/types\/page"}],"author":[{"embeddable":true,"href":"https:\/\/sites.ac-nancy-metz.fr\/arts-plastiques\/wp-json\/wp\/v2\/users\/2"}],"replies":[{"embeddable":true,"href":"https:\/\/sites.ac-nancy-metz.fr\/arts-plastiques\/wp-json\/wp\/v2\/comments?post=172"}],"version-history":[{"count":16,"href":"https:\/\/sites.ac-nancy-metz.fr\/arts-plastiques\/wp-json\/wp\/v2\/pages\/172\/revisions"}],"predecessor-version":[{"id":8291,"href":"https:\/\/sites.ac-nancy-metz.fr\/arts-plastiques\/wp-json\/wp\/v2\/pages\/172\/revisions\/8291"}],"wp:attachment":[{"href":"https:\/\/sites.ac-nancy-metz.fr\/arts-plastiques\/wp-json\/wp\/v2\/media?parent=172"}],"curies":[{"name":"wp","href":"https:\/\/api.w.org\/{rel}","templated":true}]}}