{"id":181,"date":"2020-09-06T15:40:46","date_gmt":"2020-09-06T13:40:46","guid":{"rendered":"https:\/\/sites.ac-nancy-metz.fr\/arts-plastiques\/?page_id=181"},"modified":"2021-08-23T16:37:07","modified_gmt":"2021-08-23T14:37:07","slug":"musee-a-ciel-ouvert","status":"publish","type":"page","link":"https:\/\/sites.ac-nancy-metz.fr\/arts-plastiques\/musee-a-ciel-ouvert\/","title":{"rendered":"Mus\u00e9e \u00e0 ciel ouvert"},"content":{"rendered":"\n<p>Le projet acad\u00e9mique&nbsp;\u00ab&nbsp;Un mus\u00e9e \u00e0 ciel ouvert&nbsp;\u00bb&nbsp;: 1% artistique et architecture scolaire&nbsp;<\/p>\n\n\n\n<p class=\"has-text-align-right\">\u00ab&nbsp;<em>L\u2019art ne s\u2019apprend pas, il se rencontre. \u00bb&nbsp;<\/em><\/p>\n\n\n\n<p class=\"has-text-align-right\">Andr\u00e9 MALRAUX<\/p>\n\n\n\n<p>Deux temps de rentr\u00e9e\u00a0constituent un champ de recherches\u00a0\u00e0 l\u2019\u00e9chelle acad\u00e9mique\u00a0: les Journ\u00e9es du Patrimoine et les Journ\u00e9es de l\u2019Architecture.\u00a0<\/p>\n\n\n\n<p>Les \u0153uvres pr\u00e9sentes dans un mus\u00e9e \u00e0 ciel ouvert et la connaissance du patrimoine local permettront \u00e0 l\u2019\u00e9l\u00e8ve de se saisir de la richesse artistique et culturelle de proximit\u00e9.&nbsp;La rencontre avec les \u0153uvres d\u2019art et architecturales constitue un projet pour pratiquer, regarder, dire l\u2019exp\u00e9rience sensible pour apprendre.&nbsp;Vous serez prochainement destinataires de documents vous permettant de vous accompagner dans ce projet.&nbsp;<\/p>\n\n\n\n<figure class=\"wp-block-image\"><a href=\"https:\/\/sites.ac-nancy-metz.fr\/arts-plastiques\/2020\/09\/17\/un-musee-a-ciel-ouvert\/\"><img fetchpriority=\"high\" decoding=\"async\" width=\"577\" height=\"592\" src=\"https:\/\/sites.ac-nancy-metz.fr\/arts-plastiques\/wp-content\/uploads\/Capture-d\u2019ecran-2020-09-17-a-18.52.57-1.png\" alt=\"\" class=\"wp-image-844\" srcset=\"https:\/\/sites.ac-nancy-metz.fr\/arts-plastiques\/wp-content\/uploads\/Capture-d\u2019ecran-2020-09-17-a-18.52.57-1.png 577w, https:\/\/sites.ac-nancy-metz.fr\/arts-plastiques\/wp-content\/uploads\/Capture-d\u2019ecran-2020-09-17-a-18.52.57-1-292x300.png 292w\" sizes=\"(max-width: 577px) 100vw, 577px\" \/><\/a><\/figure>\n\n\n\n<div class=\"wp-block-columns is-layout-flex wp-container-core-columns-is-layout-9d6595d7 wp-block-columns-is-layout-flex\">\n<div class=\"wp-block-column is-layout-flow wp-block-column-is-layout-flow\">\n<div class=\"wp-block-image\"><figure class=\"aligncenter size-full is-resized\"><img decoding=\"async\" src=\"https:\/\/sites.ac-nancy-metz.fr\/arts-plastiques\/wp-content\/uploads\/000819695.jpg\" alt=\"\" class=\"wp-image-5219\" width=\"-12\" height=\"-16\" srcset=\"https:\/\/sites.ac-nancy-metz.fr\/arts-plastiques\/wp-content\/uploads\/000819695.jpg 400w, https:\/\/sites.ac-nancy-metz.fr\/arts-plastiques\/wp-content\/uploads\/000819695-220x300.jpg 220w\" sizes=\"(max-width: 400px) 100vw, 400px\" \/><\/figure><\/div>\n<\/div>\n\n\n\n<div class=\"wp-block-column is-layout-flow wp-block-column-is-layout-flow\">\n<div class=\"wp-block-image\"><figure class=\"aligncenter size-full\"><a href=\"https:\/\/sites.ac-nancy-metz.fr\/arts-plastiques\/musee-a-ciel-ouvert\/\"><img decoding=\"async\" width=\"500\" height=\"638\" src=\"https:\/\/sites.ac-nancy-metz.fr\/arts-plastiques\/wp-content\/uploads\/art-ciel-ouvert.jpg\" alt=\"\" class=\"wp-image-5217\" srcset=\"https:\/\/sites.ac-nancy-metz.fr\/arts-plastiques\/wp-content\/uploads\/art-ciel-ouvert.jpg 500w, https:\/\/sites.ac-nancy-metz.fr\/arts-plastiques\/wp-content\/uploads\/art-ciel-ouvert-235x300.jpg 235w\" sizes=\"(max-width: 500px) 100vw, 500px\" \/><\/a><\/figure><\/div>\n<\/div>\n<\/div>\n","protected":false},"excerpt":{"rendered":"<p>Le projet acad\u00e9mique&nbsp;\u00ab&nbsp;Un mus\u00e9e \u00e0 ciel ouvert&nbsp;\u00bb&nbsp;: 1% artistique et architecture scolaire&nbsp; \u00ab&nbsp;L\u2019art ne s\u2019apprend pas, il se rencontre. \u00bb&nbsp; Andr\u00e9 MALRAUX Deux temps de rentr\u00e9e\u00a0constituent&#8230;<\/p>\n","protected":false},"author":2,"featured_media":0,"parent":0,"menu_order":0,"comment_status":"closed","ping_status":"closed","template":"","meta":{"footnotes":""},"class_list":["post-181","page","type-page","status-publish","hentry"],"_links":{"self":[{"href":"https:\/\/sites.ac-nancy-metz.fr\/arts-plastiques\/wp-json\/wp\/v2\/pages\/181","targetHints":{"allow":["GET"]}}],"collection":[{"href":"https:\/\/sites.ac-nancy-metz.fr\/arts-plastiques\/wp-json\/wp\/v2\/pages"}],"about":[{"href":"https:\/\/sites.ac-nancy-metz.fr\/arts-plastiques\/wp-json\/wp\/v2\/types\/page"}],"author":[{"embeddable":true,"href":"https:\/\/sites.ac-nancy-metz.fr\/arts-plastiques\/wp-json\/wp\/v2\/users\/2"}],"replies":[{"embeddable":true,"href":"https:\/\/sites.ac-nancy-metz.fr\/arts-plastiques\/wp-json\/wp\/v2\/comments?post=181"}],"version-history":[{"count":6,"href":"https:\/\/sites.ac-nancy-metz.fr\/arts-plastiques\/wp-json\/wp\/v2\/pages\/181\/revisions"}],"predecessor-version":[{"id":5278,"href":"https:\/\/sites.ac-nancy-metz.fr\/arts-plastiques\/wp-json\/wp\/v2\/pages\/181\/revisions\/5278"}],"wp:attachment":[{"href":"https:\/\/sites.ac-nancy-metz.fr\/arts-plastiques\/wp-json\/wp\/v2\/media?parent=181"}],"curies":[{"name":"wp","href":"https:\/\/api.w.org\/{rel}","templated":true}]}}