{"id":2448,"date":"2020-11-24T10:09:49","date_gmt":"2020-11-24T09:09:49","guid":{"rendered":"https:\/\/sites.ac-nancy-metz.fr\/arts-plastiques\/?page_id=2448"},"modified":"2026-01-25T21:09:37","modified_gmt":"2026-01-25T20:09:37","slug":"levaluation-explicite","status":"publish","type":"page","link":"https:\/\/sites.ac-nancy-metz.fr\/arts-plastiques\/levaluation-explicite\/","title":{"rendered":"L&rsquo;\u00e9valuation explicite et approche par comp\u00e9tences"},"content":{"rendered":"\n<h3 class=\"wp-block-heading\"><strong>Un m\u00e9mento sur l\u2019\u00e9valuation du contr\u00f4le continu en classe de 3e est disponible sur la page Eduscol d\u00e9di\u00e9e aux modalit\u00e9s d\u2019attribution du dipl\u00f4me national du brevet<\/strong><\/h3>\n\n\n\n<p>Ce document vise \u00e0 clarifier les fondements de l\u2019\u00e9valuation des acquis des \u00e9l\u00e8ves et \u00e0 pr\u00e9senter les modalit\u00e9s du contr\u00f4le continu prises en compte pour le dipl\u00f4me national du brevet \u00e0 compter de la session 2026. Il met \u00e0 disposition des \u00e9quipes \u00e9ducatives des \u00e9l\u00e9ments de cadrage p\u00e9dagogiques et r\u00e9glementaires, ainsi que des outils d\u2019aide \u00e0 la mise en \u0153uvre, pour conduire l\u2019\u00e9valuation des \u00e9l\u00e8ves de troisi\u00e8me dans le cadre du dispositif r\u00e9nov\u00e9 d\u2019attribution du DNB.<\/p>\n\n\n\n<figure class=\"wp-block-embed\"><div class=\"wp-block-embed__wrapper\">\nhttps:\/\/eduscol.education.fr\/713\/modalites-d-attribution-du-diplome-national-du-brevet\n<\/div><\/figure>\n\n\n\n<div data-wp-interactive=\"core\/file\" class=\"wp-block-file\"><object data-wp-bind--hidden=\"!state.hasPdfPreview\" hidden class=\"wp-block-file__embed\" data=\"https:\/\/sites.ac-nancy-metz.fr\/arts-plastiques\/wp-content\/uploads\/2025-memento_controle_continu_3e.pdf\" type=\"application\/pdf\" style=\"width:100%;height:600px\" aria-label=\"Contenu embarqu\u00e9 2025-memento_controle_continu_3e.\"><\/object><a id=\"wp-block-file--media-39f2897b-789c-47f7-9f7a-306f595d24a0\" href=\"https:\/\/sites.ac-nancy-metz.fr\/arts-plastiques\/wp-content\/uploads\/2025-memento_controle_continu_3e.pdf\">2025-memento_controle_continu_3e<\/a><a href=\"https:\/\/sites.ac-nancy-metz.fr\/arts-plastiques\/wp-content\/uploads\/2025-memento_controle_continu_3e.pdf\" class=\"wp-block-file__button wp-element-button\" download aria-describedby=\"wp-block-file--media-39f2897b-789c-47f7-9f7a-306f595d24a0\">T\u00e9l\u00e9charger<\/a><\/div>\n\n\n\n<p><\/p>\n\n\n\n<div class=\"wp-block-columns has-2-columns is-layout-flex wp-container-core-columns-is-layout-9d6595d7 wp-block-columns-is-layout-flex\">\n<div class=\"wp-block-column is-layout-flow wp-block-column-is-layout-flow\"><div class=\"wp-block-image\">\n<figure class=\"aligncenter\"><a href=\"https:\/\/sites.ac-nancy-metz.fr\/arts-plastiques\/wp-content\/uploads\/Evaluation-explicite-COLLEGE-.pdf\"><img fetchpriority=\"high\" decoding=\"async\" width=\"552\" height=\"797\" src=\"https:\/\/sites.ac-nancy-metz.fr\/arts-plastiques\/wp-content\/uploads\/capture-decran-2020-11-25-a-11-13-18.png\" alt=\"\" class=\"wp-image-2515\" srcset=\"https:\/\/sites.ac-nancy-metz.fr\/arts-plastiques\/wp-content\/uploads\/capture-decran-2020-11-25-a-11-13-18.png 552w, https:\/\/sites.ac-nancy-metz.fr\/arts-plastiques\/wp-content\/uploads\/capture-decran-2020-11-25-a-11-13-18-208x300.png 208w\" sizes=\"(max-width: 552px) 100vw, 552px\" \/><\/a><\/figure>\n<\/div><\/div>\n\n\n\n<div class=\"wp-block-column is-layout-flow wp-block-column-is-layout-flow\"><div class=\"wp-block-image\">\n<figure class=\"aligncenter\"><a href=\"https:\/\/sites.ac-nancy-metz.fr\/arts-plastiques\/wp-content\/uploads\/Evaluation-explicite-LYCEE-1.pdf\"><img decoding=\"async\" width=\"549\" height=\"792\" src=\"https:\/\/sites.ac-nancy-metz.fr\/arts-plastiques\/wp-content\/uploads\/capture-decran-2020-11-25-a-11-13-38.png\" alt=\"\" class=\"wp-image-2516\" srcset=\"https:\/\/sites.ac-nancy-metz.fr\/arts-plastiques\/wp-content\/uploads\/capture-decran-2020-11-25-a-11-13-38.png 549w, https:\/\/sites.ac-nancy-metz.fr\/arts-plastiques\/wp-content\/uploads\/capture-decran-2020-11-25-a-11-13-38-208x300.png 208w\" sizes=\"(max-width: 549px) 100vw, 549px\" \/><\/a><\/figure>\n<\/div><\/div>\n<\/div>\n\n\n\n<p style=\"font-size:12px\">Ressources : B\u00e9atrice HURPEAU Formatrice Acad\u00e9mique \/ Corinne SEYLAT Formatrice Acad\u00e9mique \/ Marie ROUSSEAU IA-IPR Inspectrice Arts plastiques<\/p>\n\n\n\n<p><strong>Fiche de l&rsquo;Inspection : l&rsquo;\u00e9valuation explicite <\/strong><\/p>\n\n\n<div class=\"wp-block-image\">\n<figure class=\"aligncenter is-resized\"><a href=\"https:\/\/sites.ac-nancy-metz.fr\/arts-plastiques\/wp-content\/uploads\/3_evaluer_pour_donner_de_la_valeur_fiches-de-l-inspection.pdf\"><img decoding=\"async\" width=\"1024\" height=\"525\" src=\"https:\/\/sites.ac-nancy-metz.fr\/arts-plastiques\/wp-content\/uploads\/capture-decran-2021-03-04-a-18-37-35-1024x525.png\" alt=\"\" class=\"wp-image-3503\" style=\"width:337px;height:172px\" srcset=\"https:\/\/sites.ac-nancy-metz.fr\/arts-plastiques\/wp-content\/uploads\/capture-decran-2021-03-04-a-18-37-35-1024x525.png 1024w, https:\/\/sites.ac-nancy-metz.fr\/arts-plastiques\/wp-content\/uploads\/capture-decran-2021-03-04-a-18-37-35-300x154.png 300w, https:\/\/sites.ac-nancy-metz.fr\/arts-plastiques\/wp-content\/uploads\/capture-decran-2021-03-04-a-18-37-35-768x394.png 768w, https:\/\/sites.ac-nancy-metz.fr\/arts-plastiques\/wp-content\/uploads\/capture-decran-2021-03-04-a-18-37-35.png 1229w\" sizes=\"(max-width: 1024px) 100vw, 1024px\" \/><\/a><\/figure>\n<\/div>\n\n\n<p><strong>L\u2019approche spiralaire des comp\u00e9tences en arts plastiques du cycle 3 au cycle terminal<\/strong> <\/p>\n\n\n<div class=\"wp-block-image\">\n<figure class=\"aligncenter is-resized\"><a href=\"https:\/\/sites.ac-nancy-metz.fr\/arts-plastiques\/wp-content\/uploads\/capture-decran-2021-03-02-a-14-47-36.png\"><img loading=\"lazy\" decoding=\"async\" width=\"765\" height=\"478\" src=\"https:\/\/sites.ac-nancy-metz.fr\/arts-plastiques\/wp-content\/uploads\/capture-decran-2021-03-02-a-14-47-36.png\" alt=\"\" class=\"wp-image-3419\" style=\"width:433px;height:270px\" srcset=\"https:\/\/sites.ac-nancy-metz.fr\/arts-plastiques\/wp-content\/uploads\/capture-decran-2021-03-02-a-14-47-36.png 765w, https:\/\/sites.ac-nancy-metz.fr\/arts-plastiques\/wp-content\/uploads\/capture-decran-2021-03-02-a-14-47-36-300x187.png 300w\" sizes=\"(max-width: 765px) 100vw, 765px\" \/><\/a><\/figure>\n<\/div>\n\n\n<p><strong>Les formes de l&rsquo;\u00e9valuation<\/strong><\/p>\n\n\n<div class=\"wp-block-image\">\n<figure class=\"aligncenter is-resized\"><a href=\"https:\/\/sites.ac-nancy-metz.fr\/arts-plastiques\/wp-content\/uploads\/les-formes-de-l-evaluation.pdf\"><img loading=\"lazy\" decoding=\"async\" width=\"691\" height=\"453\" src=\"https:\/\/sites.ac-nancy-metz.fr\/arts-plastiques\/wp-content\/uploads\/capture-decran-2021-03-02-a-14-49-08.png\" alt=\"\" class=\"wp-image-3420\" style=\"width:443px;height:290px\" srcset=\"https:\/\/sites.ac-nancy-metz.fr\/arts-plastiques\/wp-content\/uploads\/capture-decran-2021-03-02-a-14-49-08.png 691w, https:\/\/sites.ac-nancy-metz.fr\/arts-plastiques\/wp-content\/uploads\/capture-decran-2021-03-02-a-14-49-08-300x197.png 300w\" sizes=\"(max-width: 691px) 100vw, 691px\" \/><\/a><\/figure>\n<\/div>\n\n\n<p class=\"has-text-align-left\"><strong>La place de la recherche en docimologie<\/strong><\/p>\n\n\n<div class=\"wp-block-image\">\n<figure class=\"aligncenter is-resized\"><a href=\"https:\/\/sites.ac-nancy-metz.fr\/arts-plastiques\/wp-content\/uploads\/la-place-de-la-recherche-en-docimologie.pdf\"><img loading=\"lazy\" decoding=\"async\" width=\"567\" height=\"584\" src=\"https:\/\/sites.ac-nancy-metz.fr\/arts-plastiques\/wp-content\/uploads\/capture-decran-2021-03-02-a-14-48-40.png\" alt=\"\" class=\"wp-image-3421\" style=\"width:390px;height:402px\" srcset=\"https:\/\/sites.ac-nancy-metz.fr\/arts-plastiques\/wp-content\/uploads\/capture-decran-2021-03-02-a-14-48-40.png 567w, https:\/\/sites.ac-nancy-metz.fr\/arts-plastiques\/wp-content\/uploads\/capture-decran-2021-03-02-a-14-48-40-291x300.png 291w\" sizes=\"(max-width: 567px) 100vw, 567px\" \/><\/a><\/figure>\n<\/div>\n\n\n<p><strong>Proposition de formes, modalit\u00e9s et outils d&rsquo;\u00e9valuation<\/strong><\/p>\n\n\n\n<div class=\"wp-block-columns has-2-columns is-layout-flex wp-container-core-columns-is-layout-9d6595d7 wp-block-columns-is-layout-flex\">\n<div class=\"wp-block-column is-layout-flow wp-block-column-is-layout-flow\"><div class=\"wp-block-image\">\n<figure class=\"aligncenter is-resized\"><a href=\"https:\/\/sites.ac-nancy-metz.fr\/arts-plastiques\/wp-content\/uploads\/evaluation-de-type-radar-college.pdf\"><img loading=\"lazy\" decoding=\"async\" width=\"528\" height=\"597\" src=\"https:\/\/sites.ac-nancy-metz.fr\/arts-plastiques\/wp-content\/uploads\/capture-decran-2021-03-02-a-15-42-21.png\" alt=\"\" class=\"wp-image-3433\" style=\"width:268px;height:303px\" srcset=\"https:\/\/sites.ac-nancy-metz.fr\/arts-plastiques\/wp-content\/uploads\/capture-decran-2021-03-02-a-15-42-21.png 528w, https:\/\/sites.ac-nancy-metz.fr\/arts-plastiques\/wp-content\/uploads\/capture-decran-2021-03-02-a-15-42-21-265x300.png 265w\" sizes=\"(max-width: 528px) 100vw, 528px\" \/><\/a><\/figure>\n<\/div><\/div>\n\n\n\n<div class=\"wp-block-column is-layout-flow wp-block-column-is-layout-flow\"><div class=\"wp-block-image\">\n<figure class=\"aligncenter is-resized\"><a href=\"https:\/\/sites.ac-nancy-metz.fr\/arts-plastiques\/wp-content\/uploads\/evaluation-de-type-radar-arts-plastiques-lycee.pdf\"><img loading=\"lazy\" decoding=\"async\" width=\"519\" height=\"568\" src=\"https:\/\/sites.ac-nancy-metz.fr\/arts-plastiques\/wp-content\/uploads\/capture-decran-2021-03-02-a-15-42-30.png\" alt=\"\" class=\"wp-image-3434\" style=\"width:265px;height:290px\" srcset=\"https:\/\/sites.ac-nancy-metz.fr\/arts-plastiques\/wp-content\/uploads\/capture-decran-2021-03-02-a-15-42-30.png 519w, https:\/\/sites.ac-nancy-metz.fr\/arts-plastiques\/wp-content\/uploads\/capture-decran-2021-03-02-a-15-42-30-274x300.png 274w\" sizes=\"(max-width: 519px) 100vw, 519px\" \/><\/a><\/figure>\n<\/div>\n\n\n<p><\/p>\n<\/div>\n<\/div>\n\n\n\n<p><strong>Corpus th\u00e9orique<\/strong><\/p>\n\n\n<div class=\"wp-block-image\">\n<figure class=\"aligncenter is-resized\"><a href=\"https:\/\/sites.ac-nancy-metz.fr\/arts-plastiques\/wp-content\/uploads\/bibliographie-evaluer-pour-donner-de-la-valeur.pdf\"><img loading=\"lazy\" decoding=\"async\" width=\"555\" height=\"771\" src=\"https:\/\/sites.ac-nancy-metz.fr\/arts-plastiques\/wp-content\/uploads\/capture-decran-2021-03-02-a-19-08-51.png\" alt=\"\" class=\"wp-image-3443\" style=\"width:342px;height:475px\" srcset=\"https:\/\/sites.ac-nancy-metz.fr\/arts-plastiques\/wp-content\/uploads\/capture-decran-2021-03-02-a-19-08-51.png 555w, https:\/\/sites.ac-nancy-metz.fr\/arts-plastiques\/wp-content\/uploads\/capture-decran-2021-03-02-a-19-08-51-216x300.png 216w\" sizes=\"(max-width: 555px) 100vw, 555px\" \/><\/a><\/figure>\n<\/div>\n\n\n<div data-wp-interactive=\"core\/file\" class=\"wp-block-file\"><object data-wp-bind--hidden=\"!state.hasPdfPreview\" hidden class=\"wp-block-file__embed\" data=\"https:\/\/sites.ac-nancy-metz.fr\/arts-plastiques\/wp-content\/uploads\/CSEN_Synthese_enseignement-explicite_juin2022.pdf\" type=\"application\/pdf\" style=\"width:100%;height:600px\" aria-label=\"Contenu embarqu\u00e9 CSEN_Synthese_enseignement-explicite_juin2022.\"><\/object><a id=\"wp-block-file--media-28c23c42-729a-4195-b589-2023c1bed0e2\" href=\"https:\/\/sites.ac-nancy-metz.fr\/arts-plastiques\/wp-content\/uploads\/CSEN_Synthese_enseignement-explicite_juin2022.pdf\">CSEN_Synthese_enseignement-explicite_juin2022<\/a><a href=\"https:\/\/sites.ac-nancy-metz.fr\/arts-plastiques\/wp-content\/uploads\/CSEN_Synthese_enseignement-explicite_juin2022.pdf\" class=\"wp-block-file__button wp-element-button\" download aria-describedby=\"wp-block-file--media-28c23c42-729a-4195-b589-2023c1bed0e2\">T\u00e9l\u00e9charger<\/a><\/div>\n\n\n\n<div class=\"wp-block-file\"><a id=\"wp-block-file--media-c5b51e43-4332-4475-a7a9-d5726dad46e4\" href=\"https:\/\/sites.ac-nancy-metz.fr\/arts-plastiques\/wp-content\/uploads\/bibliographie-evaluer-pour-donner-de-la-valeur.pdf\">Bibliographie \u00c9valuer pour donner de la valeur<\/a><a href=\"https:\/\/sites.ac-nancy-metz.fr\/arts-plastiques\/wp-content\/uploads\/bibliographie-evaluer-pour-donner-de-la-valeur.pdf\" class=\"wp-block-file__button wp-element-button\" download aria-describedby=\"wp-block-file--media-c5b51e43-4332-4475-a7a9-d5726dad46e4\">T\u00e9l\u00e9charger<\/a><\/div>\n\n\n\n<div data-wp-interactive=\"core\/file\" class=\"wp-block-file\"><object data-wp-bind--hidden=\"!state.hasPdfPreview\" hidden class=\"wp-block-file__embed\" data=\"https:\/\/sites.ac-nancy-metz.fr\/arts-plastiques\/wp-content\/uploads\/Banque_de_sequences_socle-RENNES.pdf\" type=\"application\/pdf\" style=\"width:100%;height:600px\" aria-label=\"Contenu embarqu\u00e9 Mise en \u0153uvre du socle\u00a0commun des connaissances et des comp\u00e9tences :&lt;br&gt;Banque de s\u00e9quences.\"><\/object><a id=\"wp-block-file--media-8d3a917e-e955-413e-9ce6-5d1962d3a5a3\" href=\"https:\/\/sites.ac-nancy-metz.fr\/arts-plastiques\/wp-content\/uploads\/Banque_de_sequences_socle-RENNES.pdf\">Mise en \u0153uvre du socle&nbsp;commun des connaissances et des comp\u00e9tences :<br>Banque de s\u00e9quences<\/a><a href=\"https:\/\/sites.ac-nancy-metz.fr\/arts-plastiques\/wp-content\/uploads\/Banque_de_sequences_socle-RENNES.pdf\" class=\"wp-block-file__button wp-element-button\" download aria-describedby=\"wp-block-file--media-8d3a917e-e955-413e-9ce6-5d1962d3a5a3\">T\u00e9l\u00e9charger<\/a><\/div>\n\n\n<div class=\"wp-block-image\">\n<figure class=\"aligncenter is-resized\"><a href=\"http:\/\/centre-alain-savary.ens-lyon.fr\/CAS\/documents\/publications\/docs-enseignement-plus-explicite\/dossier-ressource-explicite\"><img loading=\"lazy\" decoding=\"async\" width=\"1024\" height=\"434\" src=\"https:\/\/sites.ac-nancy-metz.fr\/arts-plastiques\/wp-content\/uploads\/capture-decran-2021-04-16-a-10-19-45-1024x434.png\" alt=\"\" class=\"wp-image-4207\" style=\"width:505px;height:213px\" srcset=\"https:\/\/sites.ac-nancy-metz.fr\/arts-plastiques\/wp-content\/uploads\/capture-decran-2021-04-16-a-10-19-45-1024x434.png 1024w, https:\/\/sites.ac-nancy-metz.fr\/arts-plastiques\/wp-content\/uploads\/capture-decran-2021-04-16-a-10-19-45-300x127.png 300w, https:\/\/sites.ac-nancy-metz.fr\/arts-plastiques\/wp-content\/uploads\/capture-decran-2021-04-16-a-10-19-45-768x326.png 768w, https:\/\/sites.ac-nancy-metz.fr\/arts-plastiques\/wp-content\/uploads\/capture-decran-2021-04-16-a-10-19-45.png 1330w\" sizes=\"(max-width: 1024px) 100vw, 1024px\" \/><\/a><\/figure>\n<\/div>\n\n\n<div data-wp-interactive=\"core\/file\" class=\"wp-block-file\"><object data-wp-bind--hidden=\"!state.hasPdfPreview\" hidden class=\"wp-block-file__embed\" data=\"https:\/\/sites.ac-nancy-metz.fr\/arts-plastiques\/wp-content\/uploads\/guide-pratique-evaluation-15-02-2017.pdf\" type=\"application\/pdf\" style=\"width:100%;height:600px\" aria-label=\"Contenu embarqu\u00e9 guide-pratique-evaluation-15-02-2017.\"><\/object><a id=\"wp-block-file--media-13da6226-bffd-45d5-a427-8ea337119384\" href=\"https:\/\/sites.ac-nancy-metz.fr\/arts-plastiques\/wp-content\/uploads\/guide-pratique-evaluation-15-02-2017.pdf\">guide-pratique-evaluation-15-02-2017<\/a><a href=\"https:\/\/sites.ac-nancy-metz.fr\/arts-plastiques\/wp-content\/uploads\/guide-pratique-evaluation-15-02-2017.pdf\" class=\"wp-block-file__button wp-element-button\" download aria-describedby=\"wp-block-file--media-13da6226-bffd-45d5-a427-8ea337119384\">T\u00e9l\u00e9charger<\/a><\/div>\n\n\n\n<p><\/p>\n","protected":false},"excerpt":{"rendered":"<p>Un m\u00e9mento sur l\u2019\u00e9valuation du contr\u00f4le continu en classe de 3e est disponible sur la page Eduscol d\u00e9di\u00e9e aux modalit\u00e9s d\u2019attribution du dipl\u00f4me national du brevet&#8230;<\/p>\n","protected":false},"author":2,"featured_media":0,"parent":0,"menu_order":0,"comment_status":"closed","ping_status":"closed","template":"","meta":{"footnotes":""},"class_list":["post-2448","page","type-page","status-publish","hentry"],"_links":{"self":[{"href":"https:\/\/sites.ac-nancy-metz.fr\/arts-plastiques\/wp-json\/wp\/v2\/pages\/2448","targetHints":{"allow":["GET"]}}],"collection":[{"href":"https:\/\/sites.ac-nancy-metz.fr\/arts-plastiques\/wp-json\/wp\/v2\/pages"}],"about":[{"href":"https:\/\/sites.ac-nancy-metz.fr\/arts-plastiques\/wp-json\/wp\/v2\/types\/page"}],"author":[{"embeddable":true,"href":"https:\/\/sites.ac-nancy-metz.fr\/arts-plastiques\/wp-json\/wp\/v2\/users\/2"}],"replies":[{"embeddable":true,"href":"https:\/\/sites.ac-nancy-metz.fr\/arts-plastiques\/wp-json\/wp\/v2\/comments?post=2448"}],"version-history":[{"count":44,"href":"https:\/\/sites.ac-nancy-metz.fr\/arts-plastiques\/wp-json\/wp\/v2\/pages\/2448\/revisions"}],"predecessor-version":[{"id":10627,"href":"https:\/\/sites.ac-nancy-metz.fr\/arts-plastiques\/wp-json\/wp\/v2\/pages\/2448\/revisions\/10627"}],"wp:attachment":[{"href":"https:\/\/sites.ac-nancy-metz.fr\/arts-plastiques\/wp-json\/wp\/v2\/media?parent=2448"}],"curies":[{"name":"wp","href":"https:\/\/api.w.org\/{rel}","templated":true}]}}