{"id":247,"date":"2020-09-06T15:59:44","date_gmt":"2020-09-06T13:59:44","guid":{"rendered":"https:\/\/sites.ac-nancy-metz.fr\/arts-plastiques\/?page_id=247"},"modified":"2023-06-01T18:22:50","modified_gmt":"2023-06-01T16:22:50","slug":"programmes-de-lycee","status":"publish","type":"page","link":"https:\/\/sites.ac-nancy-metz.fr\/arts-plastiques\/programmes-de-lycee\/","title":{"rendered":"Programmes de lyc\u00e9e"},"content":{"rendered":"<div class=\"wp-block-image\">\n<figure class=\"alignright\"><img decoding=\"async\" width=\"239\" height=\"124\" src=\"https:\/\/sites.ac-nancy-metz.fr\/arts-plastiques\/wp-content\/uploads\/8.png\" alt=\"\" class=\"wp-image-493\"\/><\/figure>\n<\/div>\n\n\n<p>Les programmes en enseignement de sp\u00e9cialit\u00e9 et en enseignement optionnel au lyc\u00e9e sont \u00e0 appr\u00e9hender dans le continuum de l\u2019ensemble du parcours. Ils s\u2019inscrivent en effet dans une continuit\u00e9 et une progressivit\u00e9 des questionnements, des domaines et des comp\u00e9tences.&nbsp;<\/p>\n\n\n\n<p>En&nbsp;enseignement optionnel, le travail des \u00e9tudes de cas permet \u00e0 l\u2019\u00e9l\u00e8ve de construire et de cr\u00e9er du sens dans ce qu\u2019il fait et de ce qu\u2019il apprend&nbsp;:&nbsp;<\/p>\n\n\n\n<ul class=\"wp-block-list\">\n<li>en seconde&nbsp;:&nbsp;\u00ab&nbsp;Se penser et se situer comme artiste&nbsp;\u00bb&nbsp;;<\/li>\n\n\n\n<li>en premi\u00e8re&nbsp;:&nbsp;\u00ab&nbsp;L&rsquo;\u0153uvre et la pluralit\u00e9 de ses formes et statuts&nbsp;\u00bb&nbsp;;<\/li>\n\n\n\n<li>en terminale&nbsp;:&nbsp;\u00ab&nbsp;Se construire comme spectateur sensible et critique&nbsp;\u00bb.&nbsp;<\/li>\n<\/ul>\n\n\n\n<p>En&nbsp;enseignement de sp\u00e9cialit\u00e9, des questionnements et des points de programme viennent enrichir le parcours de l\u2019\u00e9l\u00e8ve en accentuant la recherche sur les dispositifs de monstration et d\u2019exposition, sur le devenir du projet artistique et les diff\u00e9rentes formes qu\u2019il peut prendre. En terminale, une articulation \u00e9troite entre le programme limitatif&nbsp;et les \u0153uvres doit \u00eatre effectu\u00e9e. Les axes propos\u00e9s&nbsp;permettront \u00e0 l\u2019\u00e9l\u00e8ve de construire un projet plastique constitutif des r\u00e9alisations et du carnet de travail pour construire du sens dans une dimension po\u00e9tique aux apprentissages et&nbsp;sont&nbsp;:&nbsp;<\/p>\n\n\n\n<ul class=\"wp-block-list\">\n<li>\u00ab Du projet \u00e0 la r\u00e9alisation d\u2019une \u0153uvre monumentale \u00bb.<\/li>\n\n\n\n<li>\u00ab\u00a0La nature \u00e0 l\u2019\u0153uvre\u00a0\u00bb.<\/li>\n<\/ul>\n\n\n\n<h2 class=\"wp-block-heading\">Comp\u00e9tences au lyc\u00e9e<\/h2>\n\n\n\n<div style=\"width: 100%;\"><div style=\"position: relative; padding-bottom: 141.40%; padding-top: 0; height: 0;\"><iframe title=\"Comp\u00e9tences lyc\u00e9es Arts plastiques\" frameborder=\"0\" width=\"1000\" height=\"1414\" style=\"position: absolute; top: 0; left: 0; width: 100%; height: 100%;\" src=\"https:\/\/view.genial.ly\/63a2e249ff282d0011c304d4\" type=\"text\/html\" allowscriptaccess=\"always\" allowfullscreen=\"true\" scrolling=\"yes\" allownetworking=\"all\"><\/iframe> <\/div> <\/div>\n\n\n<div class=\"wp-block-image\">\n<figure class=\"aligncenter\"><a href=\"https:\/\/eduscol.education.fr\/pid39038\/programmes-et-ressources-voies-generale-et-technologique.html\"><img decoding=\"async\" width=\"356\" height=\"55\" src=\"https:\/\/sites.ac-nancy-metz.fr\/arts-plastiques\/wp-content\/uploads\/eduscol_189832_195260.png\" alt=\"\" class=\"wp-image-424\" srcset=\"https:\/\/sites.ac-nancy-metz.fr\/arts-plastiques\/wp-content\/uploads\/eduscol_189832_195260.png 356w, https:\/\/sites.ac-nancy-metz.fr\/arts-plastiques\/wp-content\/uploads\/eduscol_189832_195260-300x46.png 300w\" sizes=\"(max-width: 356px) 100vw, 356px\" \/><\/a><\/figure>\n<\/div>\n\n\n<p class=\"has-text-align-center\"><a href=\"https:\/\/eduscol.education.fr\/pid39038\/programmes-et-ressources-voies-generale-et-technologique.html\">Programmes et ressources Eduscol<\/a><\/p>\n\n\n\n<p class=\"has-text-align-center\"><a href=\"https:\/\/eduscol.education.fr\/cid144157\/arts-plastiques-bac-2021.html\">Programmes et ressources en arts plastiques<\/a><\/p>\n\n\n\n<div class=\"wp-block-columns has-2-columns is-layout-flex wp-container-core-columns-is-layout-9d6595d7 wp-block-columns-is-layout-flex\">\n<div class=\"wp-block-column is-layout-flow wp-block-column-is-layout-flow\">\n<p class=\"has-text-align-center has-very-light-gray-color has-text-color has-background\" style=\"background-color:#166180\">Enseignement optionnel&nbsp;<br><\/p>\n<\/div>\n\n\n\n<div class=\"wp-block-column is-layout-flow wp-block-column-is-layout-flow\">\n<p class=\"has-text-align-center has-very-light-gray-color has-text-color has-background\" style=\"background-color:#1c6a8b\">Enseignement de sp\u00e9cialit\u00e9&nbsp;<\/p>\n<\/div>\n<\/div>\n\n\n\n<div class=\"wp-block-columns has-2-columns is-layout-flex wp-container-core-columns-is-layout-9d6595d7 wp-block-columns-is-layout-flex\">\n<div class=\"wp-block-column is-layout-flow wp-block-column-is-layout-flow\">\n<p class=\"has-text-align-center has-background\" style=\"background-color:#c78ff2\">SECONDE<\/p>\n\n\n\n<div data-wp-interactive=\"core\/file\" class=\"wp-block-file\"><object data-wp-bind--hidden=\"!state.hasPdfPreview\" hidden class=\"wp-block-file__embed\" data=\"https:\/\/sites.ac-nancy-metz.fr\/arts-plastiques\/wp-content\/uploads\/1-seconde-option-.pdf\" type=\"application\/pdf\" style=\"width:100%;height:600px\" aria-label=\"Contenu embarqu\u00e9 1-seconde-option-.\"><\/object><a id=\"wp-block-file--media-fc6cd8dc-2cee-46a5-a5b1-b3d209e639a9\" href=\"https:\/\/sites.ac-nancy-metz.fr\/arts-plastiques\/wp-content\/uploads\/1-seconde-option-.pdf\">1-seconde-option-<\/a><a href=\"https:\/\/sites.ac-nancy-metz.fr\/arts-plastiques\/wp-content\/uploads\/1-seconde-option-.pdf\" class=\"wp-block-file__button wp-element-button\" download aria-describedby=\"wp-block-file--media-fc6cd8dc-2cee-46a5-a5b1-b3d209e639a9\">T\u00e9l\u00e9charger<\/a><\/div>\n\n\n\n<p class=\"has-text-align-center has-pale-cyan-blue-background-color has-background\">PREMI\u00c8RE<\/p>\n\n\n\n<div data-wp-interactive=\"core\/file\" class=\"wp-block-file\"><object data-wp-bind--hidden=\"!state.hasPdfPreview\" hidden class=\"wp-block-file__embed\" data=\"https:\/\/sites.ac-nancy-metz.fr\/arts-plastiques\/wp-content\/uploads\/2-premiere-option.pdf\" type=\"application\/pdf\" style=\"width:100%;height:600px\" aria-label=\"Contenu embarqu\u00e9 2-premiere-option.\"><\/object><a id=\"wp-block-file--media-44950e89-5d10-45bb-9c46-e38498fec9f6\" href=\"https:\/\/sites.ac-nancy-metz.fr\/arts-plastiques\/wp-content\/uploads\/2-premiere-option.pdf\">2-premiere-option<\/a><a href=\"https:\/\/sites.ac-nancy-metz.fr\/arts-plastiques\/wp-content\/uploads\/2-premiere-option.pdf\" class=\"wp-block-file__button wp-element-button\" download aria-describedby=\"wp-block-file--media-44950e89-5d10-45bb-9c46-e38498fec9f6\">T\u00e9l\u00e9charger<\/a><\/div>\n\n\n\n<p class=\"has-text-align-center has-background\" style=\"background-color:#19baaf\">TERMINALE <\/p>\n\n\n\n<div data-wp-interactive=\"core\/file\" class=\"wp-block-file\"><object data-wp-bind--hidden=\"!state.hasPdfPreview\" hidden class=\"wp-block-file__embed\" data=\"https:\/\/sites.ac-nancy-metz.fr\/arts-plastiques\/wp-content\/uploads\/3-terminale-option.pdf\" type=\"application\/pdf\" style=\"width:100%;height:600px\" aria-label=\"Contenu embarqu\u00e9 3-terminale-option.\"><\/object><a id=\"wp-block-file--media-28898193-1145-4d5e-8049-96319bdbb04b\" href=\"https:\/\/sites.ac-nancy-metz.fr\/arts-plastiques\/wp-content\/uploads\/3-terminale-option.pdf\">3-terminale-option<\/a><a href=\"https:\/\/sites.ac-nancy-metz.fr\/arts-plastiques\/wp-content\/uploads\/3-terminale-option.pdf\" class=\"wp-block-file__button wp-element-button\" download aria-describedby=\"wp-block-file--media-28898193-1145-4d5e-8049-96319bdbb04b\">T\u00e9l\u00e9charger<\/a><\/div>\n<\/div>\n\n\n\n<div class=\"wp-block-column is-layout-flow wp-block-column-is-layout-flow\">\n<p class=\"has-text-align-center has-pale-pink-background-color has-background\">PREMI\u00c8RE <\/p>\n\n\n\n<div data-wp-interactive=\"core\/file\" class=\"wp-block-file\"><object data-wp-bind--hidden=\"!state.hasPdfPreview\" hidden class=\"wp-block-file__embed\" data=\"https:\/\/sites.ac-nancy-metz.fr\/arts-plastiques\/wp-content\/uploads\/4-premiere-specialite.pdf\" type=\"application\/pdf\" style=\"width:100%;height:600px\" aria-label=\"Contenu embarqu\u00e9 4-premiere-specialite.\"><\/object><a id=\"wp-block-file--media-e4e1bb94-7744-45fc-bb96-215ed4fff26a\" href=\"https:\/\/sites.ac-nancy-metz.fr\/arts-plastiques\/wp-content\/uploads\/4-premiere-specialite.pdf\">4-premiere-specialite<\/a><a href=\"https:\/\/sites.ac-nancy-metz.fr\/arts-plastiques\/wp-content\/uploads\/4-premiere-specialite.pdf\" class=\"wp-block-file__button wp-element-button\" download aria-describedby=\"wp-block-file--media-e4e1bb94-7744-45fc-bb96-215ed4fff26a\">T\u00e9l\u00e9charger<\/a><\/div>\n\n\n\n<div data-wp-interactive=\"core\/file\" class=\"wp-block-file\"><object data-wp-bind--hidden=\"!state.hasPdfPreview\" hidden class=\"wp-block-file__embed\" data=\"https:\/\/sites.ac-nancy-metz.fr\/arts-plastiques\/wp-content\/uploads\/5-epreuve-bac-premiere-specialite.pdf\" type=\"application\/pdf\" style=\"width:100%;height:600px\" aria-label=\"Contenu embarqu\u00e9 5-epreuve-bac-premiere-specialite.\"><\/object><a id=\"wp-block-file--media-4bd07bc7-fa51-4f61-af21-e03c89326201\" href=\"https:\/\/sites.ac-nancy-metz.fr\/arts-plastiques\/wp-content\/uploads\/5-epreuve-bac-premiere-specialite.pdf\">5-epreuve-bac-premiere-specialite<\/a><a href=\"https:\/\/sites.ac-nancy-metz.fr\/arts-plastiques\/wp-content\/uploads\/5-epreuve-bac-premiere-specialite.pdf\" class=\"wp-block-file__button wp-element-button\" download aria-describedby=\"wp-block-file--media-4bd07bc7-fa51-4f61-af21-e03c89326201\">T\u00e9l\u00e9charger<\/a><\/div>\n\n\n\n<p class=\"has-text-align-center has-background\" style=\"background-color:#e28543\">TERMINALE <\/p>\n\n\n\n<div data-wp-interactive=\"core\/file\" class=\"wp-block-file\"><object data-wp-bind--hidden=\"!state.hasPdfPreview\" hidden class=\"wp-block-file__embed\" data=\"https:\/\/sites.ac-nancy-metz.fr\/arts-plastiques\/wp-content\/uploads\/5-terminale-specialite.pdf\" type=\"application\/pdf\" style=\"width:100%;height:600px\" aria-label=\"Contenu embarqu\u00e9 5-terminale-specialite.\"><\/object><a id=\"wp-block-file--media-cddde174-964e-4a08-90b5-9ecee5630692\" href=\"https:\/\/sites.ac-nancy-metz.fr\/arts-plastiques\/wp-content\/uploads\/5-terminale-specialite.pdf\">5-terminale-specialite<\/a><a href=\"https:\/\/sites.ac-nancy-metz.fr\/arts-plastiques\/wp-content\/uploads\/5-terminale-specialite.pdf\" class=\"wp-block-file__button wp-element-button\" download aria-describedby=\"wp-block-file--media-cddde174-964e-4a08-90b5-9ecee5630692\">T\u00e9l\u00e9charger<\/a><\/div>\n\n\n\n<div data-wp-interactive=\"core\/file\" class=\"wp-block-file\"><object data-wp-bind--hidden=\"!state.hasPdfPreview\" hidden class=\"wp-block-file__embed\" data=\"https:\/\/sites.ac-nancy-metz.fr\/arts-plastiques\/wp-content\/uploads\/6-epreuve-bac-terminale-specialite.pdf\" type=\"application\/pdf\" style=\"width:100%;height:600px\" aria-label=\"Contenu embarqu\u00e9 6-epreuve-bac-terminale-specialite.\"><\/object><a id=\"wp-block-file--media-93823b78-e372-4599-91c8-4a1d6a12193e\" href=\"https:\/\/sites.ac-nancy-metz.fr\/arts-plastiques\/wp-content\/uploads\/6-epreuve-bac-terminale-specialite.pdf\">6-epreuve-bac-terminale-specialite<\/a><a href=\"https:\/\/sites.ac-nancy-metz.fr\/arts-plastiques\/wp-content\/uploads\/6-epreuve-bac-terminale-specialite.pdf\" class=\"wp-block-file__button wp-element-button\" download aria-describedby=\"wp-block-file--media-93823b78-e372-4599-91c8-4a1d6a12193e\">T\u00e9l\u00e9charger<\/a><\/div>\n<\/div>\n<\/div>\n\n\n\n<figure class=\"wp-block-image\"><a href=\"https:\/\/sites.ac-nancy-metz.fr\/arts-plastiques\/wp-content\/uploads\/programme-de-lycee.pdf\"><img fetchpriority=\"high\" decoding=\"async\" width=\"1024\" height=\"685\" src=\"https:\/\/sites.ac-nancy-metz.fr\/arts-plastiques\/wp-content\/uploads\/capture-decran-2020-10-03-a-18-45-25-1024x685.png\" alt=\"\" class=\"wp-image-975\" srcset=\"https:\/\/sites.ac-nancy-metz.fr\/arts-plastiques\/wp-content\/uploads\/capture-decran-2020-10-03-a-18-45-25-1024x685.png 1024w, https:\/\/sites.ac-nancy-metz.fr\/arts-plastiques\/wp-content\/uploads\/capture-decran-2020-10-03-a-18-45-25-300x201.png 300w, https:\/\/sites.ac-nancy-metz.fr\/arts-plastiques\/wp-content\/uploads\/capture-decran-2020-10-03-a-18-45-25-768x514.png 768w, https:\/\/sites.ac-nancy-metz.fr\/arts-plastiques\/wp-content\/uploads\/capture-decran-2020-10-03-a-18-45-25.png 1118w\" sizes=\"(max-width: 1024px) 100vw, 1024px\" \/><\/a><\/figure>\n\n\n\n<div class=\"wp-block-file\"><a id=\"wp-block-file--media-0ab22405-9bcb-4786-9b68-a8ec1091b0bd\" href=\"https:\/\/sites.ac-nancy-metz.fr\/arts-plastiques\/wp-content\/uploads\/programme-de-lycee.pdf\">Programme de lyc\u00e9e<\/a><a href=\"https:\/\/sites.ac-nancy-metz.fr\/arts-plastiques\/wp-content\/uploads\/programme-de-lycee.pdf\" class=\"wp-block-file__button wp-element-button\" download aria-describedby=\"wp-block-file--media-0ab22405-9bcb-4786-9b68-a8ec1091b0bd\">Download<\/a><\/div>\n\n\n\n<p><\/p>\n","protected":false},"excerpt":{"rendered":"<p>Les programmes en enseignement de sp\u00e9cialit\u00e9 et en enseignement optionnel au lyc\u00e9e sont \u00e0 appr\u00e9hender dans le continuum de l\u2019ensemble du parcours. Ils s\u2019inscrivent en effet&#8230;<\/p>\n","protected":false},"author":2,"featured_media":0,"parent":0,"menu_order":0,"comment_status":"closed","ping_status":"closed","template":"","meta":{"footnotes":""},"class_list":["post-247","page","type-page","status-publish","hentry"],"_links":{"self":[{"href":"https:\/\/sites.ac-nancy-metz.fr\/arts-plastiques\/wp-json\/wp\/v2\/pages\/247","targetHints":{"allow":["GET"]}}],"collection":[{"href":"https:\/\/sites.ac-nancy-metz.fr\/arts-plastiques\/wp-json\/wp\/v2\/pages"}],"about":[{"href":"https:\/\/sites.ac-nancy-metz.fr\/arts-plastiques\/wp-json\/wp\/v2\/types\/page"}],"author":[{"embeddable":true,"href":"https:\/\/sites.ac-nancy-metz.fr\/arts-plastiques\/wp-json\/wp\/v2\/users\/2"}],"replies":[{"embeddable":true,"href":"https:\/\/sites.ac-nancy-metz.fr\/arts-plastiques\/wp-json\/wp\/v2\/comments?post=247"}],"version-history":[{"count":20,"href":"https:\/\/sites.ac-nancy-metz.fr\/arts-plastiques\/wp-json\/wp\/v2\/pages\/247\/revisions"}],"predecessor-version":[{"id":9149,"href":"https:\/\/sites.ac-nancy-metz.fr\/arts-plastiques\/wp-json\/wp\/v2\/pages\/247\/revisions\/9149"}],"wp:attachment":[{"href":"https:\/\/sites.ac-nancy-metz.fr\/arts-plastiques\/wp-json\/wp\/v2\/media?parent=247"}],"curies":[{"name":"wp","href":"https:\/\/api.w.org\/{rel}","templated":true}]}}