{"id":2927,"date":"2021-01-19T11:47:27","date_gmt":"2021-01-19T10:47:27","guid":{"rendered":"https:\/\/sites.ac-nancy-metz.fr\/arts-plastiques\/?page_id=2927"},"modified":"2022-02-21T09:16:22","modified_gmt":"2022-02-21T08:16:22","slug":"visite-virtuelle-travaux-eleves","status":"publish","type":"page","link":"https:\/\/sites.ac-nancy-metz.fr\/arts-plastiques\/visite-virtuelle-travaux-eleves\/","title":{"rendered":"Galerie acad\u00e9mique Bergamotte"},"content":{"rendered":"\n<p>D\u00e9ambulation virtuelle dans les expositions acad\u00e9miques des projets des \u00e9l\u00e8ves en arts plastiques <\/p>\n\n\n\n<figure class=\"wp-block-image size-large\"><a href=\"https:\/\/www.artsteps.com\/view\/602bb11c4a77921cc145a8e9\"><img fetchpriority=\"high\" decoding=\"async\" width=\"641\" height=\"434\" src=\"https:\/\/sites.ac-nancy-metz.fr\/arts-plastiques\/wp-content\/uploads\/Capture-decran-2021-06-21-a-22.44.48.png\" alt=\"\" class=\"wp-image-4921\" srcset=\"https:\/\/sites.ac-nancy-metz.fr\/arts-plastiques\/wp-content\/uploads\/Capture-decran-2021-06-21-a-22.44.48.png 641w, https:\/\/sites.ac-nancy-metz.fr\/arts-plastiques\/wp-content\/uploads\/Capture-decran-2021-06-21-a-22.44.48-300x203.png 300w\" sizes=\"(max-width: 641px) 100vw, 641px\" \/><\/a><\/figure>\n\n\n\n<figure class=\"wp-block-image size-large\"><a href=\"https:\/\/www.artsteps.com\/view\/6006ad8c6d4c7341c6efb862\"><img decoding=\"async\" width=\"647\" height=\"428\" src=\"https:\/\/sites.ac-nancy-metz.fr\/arts-plastiques\/wp-content\/uploads\/Capture-decran-2021-06-21-a-22.39.44-1.png\" alt=\"\" class=\"wp-image-4919\" srcset=\"https:\/\/sites.ac-nancy-metz.fr\/arts-plastiques\/wp-content\/uploads\/Capture-decran-2021-06-21-a-22.39.44-1.png 647w, https:\/\/sites.ac-nancy-metz.fr\/arts-plastiques\/wp-content\/uploads\/Capture-decran-2021-06-21-a-22.39.44-1-300x198.png 300w\" sizes=\"(max-width: 647px) 100vw, 647px\" \/><\/a><\/figure>\n\n\n\n<figure class=\"wp-block-image size-large\"><a href=\"https:\/\/www.artsteps.com\/view\/602cf1fc245cf04a02cd9819\"><img decoding=\"async\" width=\"644\" height=\"417\" src=\"https:\/\/sites.ac-nancy-metz.fr\/arts-plastiques\/wp-content\/uploads\/Capture-decran-2021-06-21-a-22.18.46-1.png\" alt=\"\" class=\"wp-image-4912\" srcset=\"https:\/\/sites.ac-nancy-metz.fr\/arts-plastiques\/wp-content\/uploads\/Capture-decran-2021-06-21-a-22.18.46-1.png 644w, https:\/\/sites.ac-nancy-metz.fr\/arts-plastiques\/wp-content\/uploads\/Capture-decran-2021-06-21-a-22.18.46-1-300x194.png 300w\" sizes=\"(max-width: 644px) 100vw, 644px\" \/><\/a><\/figure>\n\n\n\n<figure class=\"wp-block-image size-large\"><a href=\"https:\/\/www.artsteps.com\/view\/602cf49c539a05585489c356\"><img loading=\"lazy\" decoding=\"async\" width=\"638\" height=\"418\" src=\"https:\/\/sites.ac-nancy-metz.fr\/arts-plastiques\/wp-content\/uploads\/Capture-decran-2021-06-21-a-22.32.41.png\" alt=\"\" class=\"wp-image-4914\" srcset=\"https:\/\/sites.ac-nancy-metz.fr\/arts-plastiques\/wp-content\/uploads\/Capture-decran-2021-06-21-a-22.32.41.png 638w, https:\/\/sites.ac-nancy-metz.fr\/arts-plastiques\/wp-content\/uploads\/Capture-decran-2021-06-21-a-22.32.41-300x197.png 300w\" sizes=\"(max-width: 638px) 100vw, 638px\" \/><\/a><\/figure>\n\n\n\n<figure class=\"wp-block-image size-large\"><a href=\"https:\/\/www.artsteps.com\/view\/602cf33aba7abd32bfe19e1f\"><img loading=\"lazy\" decoding=\"async\" width=\"641\" height=\"416\" src=\"https:\/\/sites.ac-nancy-metz.fr\/arts-plastiques\/wp-content\/uploads\/Capture-decran-2021-06-21-a-22.48.30.png\" alt=\"\" class=\"wp-image-4923\" srcset=\"https:\/\/sites.ac-nancy-metz.fr\/arts-plastiques\/wp-content\/uploads\/Capture-decran-2021-06-21-a-22.48.30.png 641w, https:\/\/sites.ac-nancy-metz.fr\/arts-plastiques\/wp-content\/uploads\/Capture-decran-2021-06-21-a-22.48.30-300x195.png 300w\" sizes=\"(max-width: 641px) 100vw, 641px\" \/><\/a><\/figure>\n\n\n\n<figure class=\"wp-block-image size-large\"><a href=\"https:\/\/www.artsteps.com\/view\/602cf5eaa671e6328544a71a\"><img loading=\"lazy\" decoding=\"async\" width=\"638\" height=\"422\" src=\"https:\/\/sites.ac-nancy-metz.fr\/arts-plastiques\/wp-content\/uploads\/Capture-decran-2021-06-21-a-22.54.46.png\" alt=\"\" class=\"wp-image-4929\" srcset=\"https:\/\/sites.ac-nancy-metz.fr\/arts-plastiques\/wp-content\/uploads\/Capture-decran-2021-06-21-a-22.54.46.png 638w, https:\/\/sites.ac-nancy-metz.fr\/arts-plastiques\/wp-content\/uploads\/Capture-decran-2021-06-21-a-22.54.46-300x198.png 300w\" sizes=\"(max-width: 638px) 100vw, 638px\" \/><\/a><\/figure>\n\n\n\n<figure class=\"wp-block-image size-large\"><a href=\"https:\/\/www.artsteps.com\/view\/602cf883539a05585489cae8\"><img loading=\"lazy\" decoding=\"async\" width=\"643\" height=\"428\" src=\"https:\/\/sites.ac-nancy-metz.fr\/arts-plastiques\/wp-content\/uploads\/Capture-decran-2021-06-21-a-22.52.35.png\" alt=\"\" class=\"wp-image-4927\" srcset=\"https:\/\/sites.ac-nancy-metz.fr\/arts-plastiques\/wp-content\/uploads\/Capture-decran-2021-06-21-a-22.52.35.png 643w, https:\/\/sites.ac-nancy-metz.fr\/arts-plastiques\/wp-content\/uploads\/Capture-decran-2021-06-21-a-22.52.35-300x200.png 300w\" sizes=\"(max-width: 643px) 100vw, 643px\" \/><\/a><\/figure>\n","protected":false},"excerpt":{"rendered":"<p>D\u00e9ambulation virtuelle dans les expositions acad\u00e9miques des projets des \u00e9l\u00e8ves en arts plastiques<\/p>\n","protected":false},"author":3,"featured_media":0,"parent":0,"menu_order":0,"comment_status":"closed","ping_status":"closed","template":"","meta":{"footnotes":""},"class_list":["post-2927","page","type-page","status-publish","hentry"],"_links":{"self":[{"href":"https:\/\/sites.ac-nancy-metz.fr\/arts-plastiques\/wp-json\/wp\/v2\/pages\/2927","targetHints":{"allow":["GET"]}}],"collection":[{"href":"https:\/\/sites.ac-nancy-metz.fr\/arts-plastiques\/wp-json\/wp\/v2\/pages"}],"about":[{"href":"https:\/\/sites.ac-nancy-metz.fr\/arts-plastiques\/wp-json\/wp\/v2\/types\/page"}],"author":[{"embeddable":true,"href":"https:\/\/sites.ac-nancy-metz.fr\/arts-plastiques\/wp-json\/wp\/v2\/users\/3"}],"replies":[{"embeddable":true,"href":"https:\/\/sites.ac-nancy-metz.fr\/arts-plastiques\/wp-json\/wp\/v2\/comments?post=2927"}],"version-history":[{"count":34,"href":"https:\/\/sites.ac-nancy-metz.fr\/arts-plastiques\/wp-json\/wp\/v2\/pages\/2927\/revisions"}],"predecessor-version":[{"id":7120,"href":"https:\/\/sites.ac-nancy-metz.fr\/arts-plastiques\/wp-json\/wp\/v2\/pages\/2927\/revisions\/7120"}],"wp:attachment":[{"href":"https:\/\/sites.ac-nancy-metz.fr\/arts-plastiques\/wp-json\/wp\/v2\/media?parent=2927"}],"curies":[{"name":"wp","href":"https:\/\/api.w.org\/{rel}","templated":true}]}}