{"id":3699,"date":"2021-03-14T17:04:55","date_gmt":"2021-03-14T16:04:55","guid":{"rendered":"https:\/\/sites.ac-nancy-metz.fr\/arts-plastiques\/?page_id=3699"},"modified":"2022-04-27T15:42:58","modified_gmt":"2022-04-27T13:42:58","slug":"projets-ministere","status":"publish","type":"page","link":"https:\/\/sites.ac-nancy-metz.fr\/arts-plastiques\/projets-ministere\/","title":{"rendered":"Calendrier"},"content":{"rendered":"\n<p><\/p>\n\n\n\n<figure class=\"wp-block-embed is-type-wp-embed is-provider-genially wp-block-embed-genially\"><div class=\"wp-block-embed__wrapper\">\n<iframe class=\"wp-embedded-content\" sandbox=\"allow-scripts\" security=\"restricted\" title=\"CALENDRIER AC-NANCY\" frameborder='0' width='1200' height='675' src='https:\/\/view.genial.ly\/620e63f16b75bb0019a7fe99#?secret=7FqQLdsGek' data-secret='7FqQLdsGek' scrolling='yes'><\/iframe>\n<\/div><\/figure>\n\n\n\n<p>Du 25 Avril au 20 Mai 2022 &#8211; Coll\u00e8ge Jacques Gr\u00fcber \u00e0 Colombey-les-Belles &#8211; Po\u00e9tique de l&rsquo;Espace<\/p>\n\n\n\n<div class=\"wp-block-image\"><figure class=\"aligncenter size-full\"><img fetchpriority=\"high\" decoding=\"async\" width=\"503\" height=\"710\" src=\"https:\/\/sites.ac-nancy-metz.fr\/arts-plastiques\/wp-content\/uploads\/Capture-decran-2022-04-27-a-15.26.36.png\" alt=\"\" class=\"wp-image-8308\" srcset=\"https:\/\/sites.ac-nancy-metz.fr\/arts-plastiques\/wp-content\/uploads\/Capture-decran-2022-04-27-a-15.26.36.png 503w, https:\/\/sites.ac-nancy-metz.fr\/arts-plastiques\/wp-content\/uploads\/Capture-decran-2022-04-27-a-15.26.36-213x300.png 213w\" sizes=\"(max-width: 503px) 100vw, 503px\" \/><\/figure><\/div>\n\n\n\n<p>Du samedi 26 F\u00e9vrier au dimanche 29 Mai 2022 &#8211; Centre d&rsquo;art contemporain \/ Synagogue de Delme &#8211; Les trois mouseketeers<\/p>\n\n\n\n<div class=\"wp-block-image\"><figure class=\"aligncenter size-full\"><img decoding=\"async\" width=\"642\" height=\"575\" src=\"https:\/\/sites.ac-nancy-metz.fr\/arts-plastiques\/wp-content\/uploads\/Capture-decran-2022-03-01-a-22.20.11.png\" alt=\"\" class=\"wp-image-7281\" srcset=\"https:\/\/sites.ac-nancy-metz.fr\/arts-plastiques\/wp-content\/uploads\/Capture-decran-2022-03-01-a-22.20.11.png 642w, https:\/\/sites.ac-nancy-metz.fr\/arts-plastiques\/wp-content\/uploads\/Capture-decran-2022-03-01-a-22.20.11-300x269.png 300w\" sizes=\"(max-width: 642px) 100vw, 642px\" \/><\/figure><\/div>\n\n\n\n<p>Vendredi 4 Mars 18h00 &#8211; Castel Coucou &#8211; R\u00e9sidence d&rsquo;\u00e9criture Yusha Ly<\/p>\n\n\n\n<div class=\"wp-block-image\"><figure class=\"aligncenter size-full\"><img decoding=\"async\" width=\"507\" height=\"475\" src=\"https:\/\/sites.ac-nancy-metz.fr\/arts-plastiques\/wp-content\/uploads\/Capture-decran-2022-03-01-a-21.49.45.png\" alt=\"\" class=\"wp-image-7261\" srcset=\"https:\/\/sites.ac-nancy-metz.fr\/arts-plastiques\/wp-content\/uploads\/Capture-decran-2022-03-01-a-21.49.45.png 507w, https:\/\/sites.ac-nancy-metz.fr\/arts-plastiques\/wp-content\/uploads\/Capture-decran-2022-03-01-a-21.49.45-300x281.png 300w\" sizes=\"(max-width: 507px) 100vw, 507px\" \/><\/figure><\/div>\n\n\n\n<p>Vendredi 26 F\u00e9vrier 18h00 &#8211; Castel Coucou &#8211; Performance vocale d&rsquo;Anna Holveck en collaboration avec des habitants de Forbach<\/p>\n\n\n\n<div class=\"wp-block-image\"><figure class=\"aligncenter size-full\"><img loading=\"lazy\" decoding=\"async\" width=\"895\" height=\"616\" src=\"https:\/\/sites.ac-nancy-metz.fr\/arts-plastiques\/wp-content\/uploads\/Capture-decran-2022-02-24-a-16.53.36.png\" alt=\"\" class=\"wp-image-7225\" srcset=\"https:\/\/sites.ac-nancy-metz.fr\/arts-plastiques\/wp-content\/uploads\/Capture-decran-2022-02-24-a-16.53.36.png 895w, https:\/\/sites.ac-nancy-metz.fr\/arts-plastiques\/wp-content\/uploads\/Capture-decran-2022-02-24-a-16.53.36-300x206.png 300w, https:\/\/sites.ac-nancy-metz.fr\/arts-plastiques\/wp-content\/uploads\/Capture-decran-2022-02-24-a-16.53.36-768x529.png 768w, https:\/\/sites.ac-nancy-metz.fr\/arts-plastiques\/wp-content\/uploads\/Capture-decran-2022-02-24-a-16.53.36-130x90.png 130w\" sizes=\"(max-width: 895px) 100vw, 895px\" \/><\/figure><\/div>\n\n\n\n<p>Mercredi 23 F\u00e9vrier 2022 &#8211; 20h00 &#8211; Castel Coucou &#8211; KARMA &#8211; SHATTERED REALITY<\/p>\n\n\n\n<div class=\"wp-block-image\"><figure class=\"aligncenter size-full\"><img loading=\"lazy\" decoding=\"async\" width=\"894\" height=\"627\" src=\"https:\/\/sites.ac-nancy-metz.fr\/arts-plastiques\/wp-content\/uploads\/Capture-decran-2022-02-24-a-16.50.39.png\" alt=\"\" class=\"wp-image-7224\" srcset=\"https:\/\/sites.ac-nancy-metz.fr\/arts-plastiques\/wp-content\/uploads\/Capture-decran-2022-02-24-a-16.50.39.png 894w, https:\/\/sites.ac-nancy-metz.fr\/arts-plastiques\/wp-content\/uploads\/Capture-decran-2022-02-24-a-16.50.39-300x210.png 300w, https:\/\/sites.ac-nancy-metz.fr\/arts-plastiques\/wp-content\/uploads\/Capture-decran-2022-02-24-a-16.50.39-768x539.png 768w, https:\/\/sites.ac-nancy-metz.fr\/arts-plastiques\/wp-content\/uploads\/Capture-decran-2022-02-24-a-16.50.39-130x90.png 130w\" sizes=\"(max-width: 894px) 100vw, 894px\" \/><\/figure><\/div>\n\n\n\n<p><strong>Journ\u00e9e Mondiale de l&rsquo;Art : 15 avril<\/strong><\/p>\n\n\n\n<div class=\"wp-block-image\"><figure class=\"aligncenter size-full\"><a href=\"https:\/\/fr.unesco.org\/commemorations\/worldartday\"><img loading=\"lazy\" decoding=\"async\" width=\"926\" height=\"557\" src=\"https:\/\/sites.ac-nancy-metz.fr\/arts-plastiques\/wp-content\/uploads\/Capture-decran-2021-11-28-a-16.16.36.png\" alt=\"\" class=\"wp-image-6333\" srcset=\"https:\/\/sites.ac-nancy-metz.fr\/arts-plastiques\/wp-content\/uploads\/Capture-decran-2021-11-28-a-16.16.36.png 926w, https:\/\/sites.ac-nancy-metz.fr\/arts-plastiques\/wp-content\/uploads\/Capture-decran-2021-11-28-a-16.16.36-300x180.png 300w, https:\/\/sites.ac-nancy-metz.fr\/arts-plastiques\/wp-content\/uploads\/Capture-decran-2021-11-28-a-16.16.36-768x462.png 768w\" sizes=\"(max-width: 926px) 100vw, 926px\" \/><\/a><\/figure><\/div>\n\n\n\n<p>Vendredi 17 septembre 2021 <\/p>\n\n\n\n<div class=\"wp-block-image\"><figure class=\"aligncenter size-full\"><a href=\"https:\/\/journeesdupatrimoine.culture.gouv.fr\/evenement\/levez-les-yeux\/levez-les-yeux\"><img loading=\"lazy\" decoding=\"async\" width=\"258\" height=\"209\" src=\"https:\/\/sites.ac-nancy-metz.fr\/arts-plastiques\/wp-content\/uploads\/Capture-decran-2021-08-21-a-14.45.31.png\" alt=\"\" class=\"wp-image-5206\"\/><\/a><\/figure><\/div>\n\n\n\n<p>Du 18 au 19 septembre 2021<\/p>\n\n\n\n<div class=\"wp-block-image\"><figure class=\"aligncenter size-large\"><a href=\"https:\/\/journeesdupatrimoine.culture.gouv.fr\"><img loading=\"lazy\" decoding=\"async\" width=\"1024\" height=\"478\" src=\"https:\/\/sites.ac-nancy-metz.fr\/arts-plastiques\/wp-content\/uploads\/Capture-decran-2021-08-21-a-14.44.05-1024x478.png\" alt=\"\" class=\"wp-image-5203\" srcset=\"https:\/\/sites.ac-nancy-metz.fr\/arts-plastiques\/wp-content\/uploads\/Capture-decran-2021-08-21-a-14.44.05-1024x478.png 1024w, https:\/\/sites.ac-nancy-metz.fr\/arts-plastiques\/wp-content\/uploads\/Capture-decran-2021-08-21-a-14.44.05-300x140.png 300w, https:\/\/sites.ac-nancy-metz.fr\/arts-plastiques\/wp-content\/uploads\/Capture-decran-2021-08-21-a-14.44.05-768x359.png 768w, https:\/\/sites.ac-nancy-metz.fr\/arts-plastiques\/wp-content\/uploads\/Capture-decran-2021-08-21-a-14.44.05.png 1344w\" sizes=\"(max-width: 1024px) 100vw, 1024px\" \/><\/a><\/figure><\/div>\n\n\n\n<p>Du 15 au 17 octobre 2021<\/p>\n\n\n\n<div class=\"wp-block-image\"><figure class=\"aligncenter size-large\"><a href=\"https:\/\/journeesarchitecture.culture.gouv.fr\"><img loading=\"lazy\" decoding=\"async\" width=\"1024\" height=\"578\" src=\"https:\/\/sites.ac-nancy-metz.fr\/arts-plastiques\/wp-content\/uploads\/Capture-decran-2021-08-21-a-14.42.06-1024x578.png\" alt=\"\" class=\"wp-image-5201\" srcset=\"https:\/\/sites.ac-nancy-metz.fr\/arts-plastiques\/wp-content\/uploads\/Capture-decran-2021-08-21-a-14.42.06-1024x578.png 1024w, https:\/\/sites.ac-nancy-metz.fr\/arts-plastiques\/wp-content\/uploads\/Capture-decran-2021-08-21-a-14.42.06-300x169.png 300w, https:\/\/sites.ac-nancy-metz.fr\/arts-plastiques\/wp-content\/uploads\/Capture-decran-2021-08-21-a-14.42.06-768x433.png 768w, https:\/\/sites.ac-nancy-metz.fr\/arts-plastiques\/wp-content\/uploads\/Capture-decran-2021-08-21-a-14.42.06.png 1321w\" sizes=\"(max-width: 1024px) 100vw, 1024px\" \/><\/a><\/figure><\/div>\n\n\n\n<p>Du 21 au 28 mars 2021<\/p>\n\n\n\n<div class=\"wp-block-image\"><figure class=\"aligncenter\"><a href=\"https:\/\/www.education.gouv.fr\/la-semaine-d-education-et-d-actions-contre-le-racisme-et-l-antisemitisme-5204\"><img loading=\"lazy\" decoding=\"async\" width=\"1024\" height=\"341\" src=\"https:\/\/sites.ac-nancy-metz.fr\/arts-plastiques\/wp-content\/uploads\/2021_semaineracisme_webvisuels-1024x341.jpg\" alt=\"\" class=\"wp-image-3712\" srcset=\"https:\/\/sites.ac-nancy-metz.fr\/arts-plastiques\/wp-content\/uploads\/2021_semaineracisme_webvisuels-1024x341.jpg 1024w, https:\/\/sites.ac-nancy-metz.fr\/arts-plastiques\/wp-content\/uploads\/2021_semaineracisme_webvisuels-300x100.jpg 300w, https:\/\/sites.ac-nancy-metz.fr\/arts-plastiques\/wp-content\/uploads\/2021_semaineracisme_webvisuels-768x256.jpg 768w, https:\/\/sites.ac-nancy-metz.fr\/arts-plastiques\/wp-content\/uploads\/2021_semaineracisme_webvisuels.jpg 1040w\" sizes=\"(max-width: 1024px) 100vw, 1024px\" \/><\/a><\/figure><\/div>\n\n\n\n<div class=\"wp-block-image\"><figure class=\"aligncenter\"><a href=\"https:\/\/www.education.gouv.fr\/batir-l-ecole-ensemble-une-concertation-publique-ouverte-tous-des-la-maternelle-309689\"><img loading=\"lazy\" decoding=\"async\" width=\"1024\" height=\"452\" src=\"https:\/\/sites.ac-nancy-metz.fr\/arts-plastiques\/wp-content\/uploads\/Capture-d\u2019ecran-2021-03-14-a-17.05.26-1.png\" alt=\"\" class=\"wp-image-3707\" srcset=\"https:\/\/sites.ac-nancy-metz.fr\/arts-plastiques\/wp-content\/uploads\/Capture-d\u2019ecran-2021-03-14-a-17.05.26-1.png 1024w, https:\/\/sites.ac-nancy-metz.fr\/arts-plastiques\/wp-content\/uploads\/Capture-d\u2019ecran-2021-03-14-a-17.05.26-1-300x132.png 300w, https:\/\/sites.ac-nancy-metz.fr\/arts-plastiques\/wp-content\/uploads\/Capture-d\u2019ecran-2021-03-14-a-17.05.26-1-768x339.png 768w\" sizes=\"(max-width: 1024px) 100vw, 1024px\" \/><\/a><\/figure><\/div>\n\n\n\n<p>De d\u00e9cembre 2020 \u00e0 juillet 2021<\/p>\n\n\n\n<div class=\"wp-block-image\"><figure class=\"aligncenter\"><a href=\"https:\/\/www.education.gouv.fr\/la-saison-africa2020-12296\"><img loading=\"lazy\" decoding=\"async\" width=\"1024\" height=\"565\" src=\"https:\/\/sites.ac-nancy-metz.fr\/arts-plastiques\/wp-content\/uploads\/Capture-d\u2019ecran-2021-03-14-a-17.07.15-1.png\" alt=\"\" class=\"wp-image-3708\" srcset=\"https:\/\/sites.ac-nancy-metz.fr\/arts-plastiques\/wp-content\/uploads\/Capture-d\u2019ecran-2021-03-14-a-17.07.15-1.png 1024w, https:\/\/sites.ac-nancy-metz.fr\/arts-plastiques\/wp-content\/uploads\/Capture-d\u2019ecran-2021-03-14-a-17.07.15-1-300x166.png 300w, https:\/\/sites.ac-nancy-metz.fr\/arts-plastiques\/wp-content\/uploads\/Capture-d\u2019ecran-2021-03-14-a-17.07.15-1-768x424.png 768w\" sizes=\"(max-width: 1024px) 100vw, 1024px\" \/><\/a><\/figure><\/div>\n\n\n\n<div class=\"wp-block-image\"><figure class=\"aligncenter is-resized\"><a href=\"https:\/\/eduscol.education.fr\/2046\/concours-bulles-de-memoire\"><img loading=\"lazy\" decoding=\"async\" src=\"https:\/\/sites.ac-nancy-metz.fr\/arts-plastiques\/wp-content\/uploads\/capture-decran-2021-03-18-a-13-34-37.png\" alt=\"\" class=\"wp-image-3715\" width=\"575\" height=\"337\" srcset=\"https:\/\/sites.ac-nancy-metz.fr\/arts-plastiques\/wp-content\/uploads\/capture-decran-2021-03-18-a-13-34-37.png 763w, https:\/\/sites.ac-nancy-metz.fr\/arts-plastiques\/wp-content\/uploads\/capture-decran-2021-03-18-a-13-34-37-300x177.png 300w\" sizes=\"(max-width: 575px) 100vw, 575px\" \/><\/a><\/figure><\/div>\n","protected":false},"excerpt":{"rendered":"<p>Du 25 Avril au 20 Mai 2022 &#8211; Coll\u00e8ge Jacques Gr\u00fcber \u00e0 Colombey-les-Belles &#8211; Po\u00e9tique de l&rsquo;Espace Du samedi 26 F\u00e9vrier au dimanche 29 Mai 2022&#8230;<\/p>\n","protected":false},"author":2,"featured_media":0,"parent":0,"menu_order":0,"comment_status":"closed","ping_status":"closed","template":"","meta":{"footnotes":""},"class_list":["post-3699","page","type-page","status-publish","hentry"],"_links":{"self":[{"href":"https:\/\/sites.ac-nancy-metz.fr\/arts-plastiques\/wp-json\/wp\/v2\/pages\/3699","targetHints":{"allow":["GET"]}}],"collection":[{"href":"https:\/\/sites.ac-nancy-metz.fr\/arts-plastiques\/wp-json\/wp\/v2\/pages"}],"about":[{"href":"https:\/\/sites.ac-nancy-metz.fr\/arts-plastiques\/wp-json\/wp\/v2\/types\/page"}],"author":[{"embeddable":true,"href":"https:\/\/sites.ac-nancy-metz.fr\/arts-plastiques\/wp-json\/wp\/v2\/users\/2"}],"replies":[{"embeddable":true,"href":"https:\/\/sites.ac-nancy-metz.fr\/arts-plastiques\/wp-json\/wp\/v2\/comments?post=3699"}],"version-history":[{"count":19,"href":"https:\/\/sites.ac-nancy-metz.fr\/arts-plastiques\/wp-json\/wp\/v2\/pages\/3699\/revisions"}],"predecessor-version":[{"id":8312,"href":"https:\/\/sites.ac-nancy-metz.fr\/arts-plastiques\/wp-json\/wp\/v2\/pages\/3699\/revisions\/8312"}],"wp:attachment":[{"href":"https:\/\/sites.ac-nancy-metz.fr\/arts-plastiques\/wp-json\/wp\/v2\/media?parent=3699"}],"curies":[{"name":"wp","href":"https:\/\/api.w.org\/{rel}","templated":true}]}}