{"id":6480,"date":"2021-12-16T16:25:59","date_gmt":"2021-12-16T15:25:59","guid":{"rendered":"https:\/\/sites.ac-nancy-metz.fr\/arts-plastiques\/?page_id=6480"},"modified":"2022-03-17T23:06:13","modified_gmt":"2022-03-17T22:06:13","slug":"lartiste-loeuvre-le-spectateur","status":"publish","type":"page","link":"https:\/\/sites.ac-nancy-metz.fr\/arts-plastiques\/lartiste-loeuvre-le-spectateur\/","title":{"rendered":"L&rsquo;artiste, l&rsquo;oeuvre, le spectateur"},"content":{"rendered":"\n<p>L&rsquo;Artiste, l&rsquo;oeuvre et le Spectateur : arts plastiques lyc\u00e9e enseignement optionnel. Lyc\u00e9e Jacques Callot &#8211; Vandoeuvre-Les-Nancy<\/p>\n\n\n\n<iframe width=\"560\" height=\"315\" sandbox=\"allow-same-origin allow-scripts allow-popups\" src=\"https:\/\/videos.ac-nancy-metz.fr\/videos\/embed\/96eb60bd-6feb-4d98-9892-04b95c1bc3b5\" frameborder=\"0\" allowfullscreen><\/iframe>\n\n\n\n<p>L&rsquo;Artiste, l&rsquo;oeuvre et le Spectateur : arts plastiques lyc\u00e9e enseignement optionnel. Lyc\u00e9e La Haie Griselle &#8211; G\u00e9rardmer<\/p>\n\n\n\n<iframe width=\"560\" height=\"315\" sandbox=\"allow-same-origin allow-scripts allow-popups\" src=\"https:\/\/videos.ac-nancy-metz.fr\/videos\/embed\/5db957bb-1970-4b63-b911-de5d9e4942a9\" frameborder=\"0\" allowfullscreen=\"\"><\/iframe>\n\n\n\n<p>\u00ab\u00a0L&rsquo;Artiste, l&rsquo;Oeuvre, le Spectateur\u00a0\u00bb : arts plastiques enseignement optionnel. Lyc\u00e9e Sainte-Anne &#8211; Verdun<\/p>\n\n\n\n<iframe width=\"560\" height=\"315\" sandbox=\"allow-same-origin allow-scripts allow-popups\" src=\"https:\/\/videos.ac-nancy-metz.fr\/videos\/embed\/6811746d-37dc-4bc3-acc5-336a0c564552\" frameborder=\"0\" allowfullscreen=\"\"><\/iframe>\n\n\n\n<p>L&rsquo;Artiste, l&rsquo;oeuvre et le Spectateur : arts plastiques lyc\u00e9e enseignement optionnel. Lyc\u00e9e Mangin &#8211; Sarrebourg<\/p>\n\n\n\n<iframe width=\"560\" height=\"315\" sandbox=\"allow-same-origin allow-scripts allow-popups\" src=\"https:\/\/tube-nancy.beta.education.fr\/videos\/embed\/e0b67413-5d25-4533-a81e-3efba02df550\" frameborder=\"0\" allowfullscreen=\"\"><\/iframe>\n\n\n\n<p>L&rsquo;Artiste, l&rsquo;oeuvre et le Spectateur : arts plastiques lyc\u00e9e enseignement optionnel. Lyc\u00e9e Jean Moulin &#8211; Forbach<\/p>\n\n\n\n<figure class=\"wp-block-video\"><video height=\"480\" style=\"aspect-ratio: 852 \/ 480;\" width=\"852\" controls src=\"https:\/\/sites.ac-nancy-metz.fr\/arts-plastiques\/wp-content\/uploads\/JM-FORBACH-se-situer-et-se-penser-comme-artiste.mov\"><\/video><\/figure>\n","protected":false},"excerpt":{"rendered":"<p>L&rsquo;Artiste, l&rsquo;oeuvre et le Spectateur : arts plastiques lyc\u00e9e enseignement optionnel. Lyc\u00e9e Jacques Callot &#8211; Vandoeuvre-Les-Nancy L&rsquo;Artiste, l&rsquo;oeuvre et le Spectateur : arts plastiques lyc\u00e9e enseignement&#8230;<\/p>\n","protected":false},"author":2,"featured_media":0,"parent":0,"menu_order":0,"comment_status":"closed","ping_status":"closed","template":"","meta":{"footnotes":""},"class_list":["post-6480","page","type-page","status-publish","hentry"],"_links":{"self":[{"href":"https:\/\/sites.ac-nancy-metz.fr\/arts-plastiques\/wp-json\/wp\/v2\/pages\/6480","targetHints":{"allow":["GET"]}}],"collection":[{"href":"https:\/\/sites.ac-nancy-metz.fr\/arts-plastiques\/wp-json\/wp\/v2\/pages"}],"about":[{"href":"https:\/\/sites.ac-nancy-metz.fr\/arts-plastiques\/wp-json\/wp\/v2\/types\/page"}],"author":[{"embeddable":true,"href":"https:\/\/sites.ac-nancy-metz.fr\/arts-plastiques\/wp-json\/wp\/v2\/users\/2"}],"replies":[{"embeddable":true,"href":"https:\/\/sites.ac-nancy-metz.fr\/arts-plastiques\/wp-json\/wp\/v2\/comments?post=6480"}],"version-history":[{"count":7,"href":"https:\/\/sites.ac-nancy-metz.fr\/arts-plastiques\/wp-json\/wp\/v2\/pages\/6480\/revisions"}],"predecessor-version":[{"id":7790,"href":"https:\/\/sites.ac-nancy-metz.fr\/arts-plastiques\/wp-json\/wp\/v2\/pages\/6480\/revisions\/7790"}],"wp:attachment":[{"href":"https:\/\/sites.ac-nancy-metz.fr\/arts-plastiques\/wp-json\/wp\/v2\/media?parent=6480"}],"curies":[{"name":"wp","href":"https:\/\/api.w.org\/{rel}","templated":true}]}}