{"id":6956,"date":"2022-02-17T11:38:40","date_gmt":"2022-02-17T10:38:40","guid":{"rendered":"https:\/\/sites.ac-nancy-metz.fr\/arts-plastiques\/?page_id=6956"},"modified":"2022-02-17T15:00:15","modified_gmt":"2022-02-17T14:00:15","slug":"enjeux-et-positionnement-dans-la-scolarite-obligatoire","status":"publish","type":"page","link":"https:\/\/sites.ac-nancy-metz.fr\/arts-plastiques\/enjeux-et-positionnement-dans-la-scolarite-obligatoire\/","title":{"rendered":"Enjeux et positionnement dans la scolarit\u00e9 obligatoire"},"content":{"rendered":"\n<p>Ces ressources pr\u00e9sentent des enjeux de l&rsquo;enseignement des arts plastiques et des \u00e9l\u00e9ments sur leur positionnement dans la r\u00e9forme de la scolarit\u00e9 obligatoire. Elles d\u00e9finissent le cadre \u00e9ducatif, p\u00e9dagogique et didactique de la discipline et forment une introduction g\u00e9n\u00e9rale \u00e0 l&rsquo;ensemble des ressources d&rsquo;accompagnement des programmes.<\/p>\n\n\n\n<h2 class=\"has-pale-cyan-blue-background-color has-background wp-block-heading\" id=\"summary-item-0\">Quatre fiches pour pr\u00e9senter les enjeux des arts plastiques de l&rsquo;\u00e9cole au coll\u00e8ge et leur positionnement dans la scolarit\u00e9 obligatoire<\/h2>\n\n\n\n<div data-wp-interactive=\"core\/file\" class=\"wp-block-file\"><object data-wp-bind--hidden=\"!state.hasPdfPreview\" hidden class=\"wp-block-file__embed\" data=\"https:\/\/sites.ac-nancy-metz.fr\/arts-plastiques\/wp-content\/uploads\/1_RA_C4_AP_Quatre_fiches_567287.pdf\" type=\"application\/pdf\" style=\"width:100%;height:600px\" aria-label=\"Contenu embarqu\u00e9 Contenu embarqu\u00e9 1_RA_C4_AP_Quatre_fiches_567287..\"><\/object><a id=\"wp-block-file--media-b3ec459f-5668-4fab-bcec-92df426b4f3b\" href=\"https:\/\/sites.ac-nancy-metz.fr\/arts-plastiques\/wp-content\/uploads\/1_RA_C4_AP_Quatre_fiches_567287.pdf\">1_RA_C4_AP_Quatre_fiches_567287<\/a><a href=\"https:\/\/sites.ac-nancy-metz.fr\/arts-plastiques\/wp-content\/uploads\/1_RA_C4_AP_Quatre_fiches_567287.pdf\" class=\"wp-block-file__button\" download aria-describedby=\"wp-block-file--media-b3ec459f-5668-4fab-bcec-92df426b4f3b\">T\u00e9l\u00e9charger<\/a><\/div>\n\n\n\n<h2 class=\"has-pale-cyan-blue-background-color has-background wp-block-heading\" id=\"summary-item-0\">Les arts plastiques dans le cadre institutionnel de l&rsquo;\u00e9ducation, leurs apports \u00e0 la formation g\u00e9n\u00e9rale, leur position \u00e9ducative en mati\u00e8re d&rsquo;enseignement artistique<\/h2>\n\n\n\n<div data-wp-interactive=\"core\/file\" class=\"wp-block-file\"><object data-wp-bind--hidden=\"!state.hasPdfPreview\" hidden class=\"wp-block-file__embed\" data=\"https:\/\/sites.ac-nancy-metz.fr\/arts-plastiques\/wp-content\/uploads\/2_RA_C4_AP_Fiche1_567289.pdf\" type=\"application\/pdf\" style=\"width:100%;height:600px\" aria-label=\"Contenu embarqu\u00e9 Contenu embarqu\u00e9 2_RA_C4_AP_Fiche1_567289..\"><\/object><a id=\"wp-block-file--media-5ac59b0b-e662-4986-ba6d-cd495278beaf\" href=\"https:\/\/sites.ac-nancy-metz.fr\/arts-plastiques\/wp-content\/uploads\/2_RA_C4_AP_Fiche1_567289.pdf\">2_RA_C4_AP_Fiche1_567289<\/a><a href=\"https:\/\/sites.ac-nancy-metz.fr\/arts-plastiques\/wp-content\/uploads\/2_RA_C4_AP_Fiche1_567289.pdf\" class=\"wp-block-file__button\" download aria-describedby=\"wp-block-file--media-5ac59b0b-e662-4986-ba6d-cd495278beaf\">T\u00e9l\u00e9charger<\/a><\/div>\n\n\n\n<h2 class=\"has-pale-cyan-blue-background-color has-background wp-block-heading\" id=\"summary-item-0\">Mise en perspective des programmes et continuum d&rsquo;une formation en arts plastiques sur l&rsquo;ensemble des cycles<\/h2>\n\n\n\n<div data-wp-interactive=\"core\/file\" class=\"wp-block-file\"><object data-wp-bind--hidden=\"!state.hasPdfPreview\" hidden class=\"wp-block-file__embed\" data=\"https:\/\/sites.ac-nancy-metz.fr\/arts-plastiques\/wp-content\/uploads\/3_RA_C4_AP_Fiche_2_567291.pdf\" type=\"application\/pdf\" style=\"width:100%;height:600px\" aria-label=\"Contenu embarqu\u00e9 Contenu embarqu\u00e9 3_RA_C4_AP_Fiche_2_567291..\"><\/object><a id=\"wp-block-file--media-0ca18139-791c-43bf-8739-5b0c84a6ed5c\" href=\"https:\/\/sites.ac-nancy-metz.fr\/arts-plastiques\/wp-content\/uploads\/3_RA_C4_AP_Fiche_2_567291.pdf\">3_RA_C4_AP_Fiche_2_567291<\/a><a href=\"https:\/\/sites.ac-nancy-metz.fr\/arts-plastiques\/wp-content\/uploads\/3_RA_C4_AP_Fiche_2_567291.pdf\" class=\"wp-block-file__button\" download aria-describedby=\"wp-block-file--media-0ca18139-791c-43bf-8739-5b0c84a6ed5c\">T\u00e9l\u00e9charger<\/a><\/div>\n\n\n\n<h2 class=\"has-pale-cyan-blue-background-color has-background wp-block-heading\" id=\"summary-item-0\">Les principes didactiques et p\u00e9dagogiques fondamentaux des arts plastiques, \u00e9l\u00e9ments d&rsquo;approche de la progressivit\u00e9<\/h2>\n\n\n\n<div data-wp-interactive=\"core\/file\" class=\"wp-block-file\"><object data-wp-bind--hidden=\"!state.hasPdfPreview\" hidden class=\"wp-block-file__embed\" data=\"https:\/\/sites.ac-nancy-metz.fr\/arts-plastiques\/wp-content\/uploads\/4_RA_C4_AP_Fiche_3_567293.pdf\" type=\"application\/pdf\" style=\"width:100%;height:600px\" aria-label=\"Contenu embarqu\u00e9 Contenu embarqu\u00e9 4_RA_C4_AP_Fiche_3_567293..\"><\/object><a id=\"wp-block-file--media-adc6785f-c09a-4f36-a72a-92d3a69e5fad\" href=\"https:\/\/sites.ac-nancy-metz.fr\/arts-plastiques\/wp-content\/uploads\/4_RA_C4_AP_Fiche_3_567293.pdf\">4_RA_C4_AP_Fiche_3_567293<\/a><a href=\"https:\/\/sites.ac-nancy-metz.fr\/arts-plastiques\/wp-content\/uploads\/4_RA_C4_AP_Fiche_3_567293.pdf\" class=\"wp-block-file__button\" download aria-describedby=\"wp-block-file--media-adc6785f-c09a-4f36-a72a-92d3a69e5fad\">T\u00e9l\u00e9charger<\/a><\/div>\n\n\n\n<h2 class=\"has-pale-cyan-blue-background-color has-background wp-block-heading\" id=\"summary-item-0\">La responsabilit\u00e9 p\u00e9dagogique du professeur, la notion de projet, l&rsquo;\u00e9valuation au service des apprentissages, la vari\u00e9t\u00e9 des situations d&rsquo;apprentissage, l&rsquo;importance des locaux d&rsquo;enseignement<\/h2>\n\n\n\n<div data-wp-interactive=\"core\/file\" class=\"wp-block-file\"><object data-wp-bind--hidden=\"!state.hasPdfPreview\" hidden class=\"wp-block-file__embed\" data=\"https:\/\/sites.ac-nancy-metz.fr\/arts-plastiques\/wp-content\/uploads\/5_RA_C4_AP_Fiche_4_567295.pdf\" type=\"application\/pdf\" style=\"width:100%;height:600px\" aria-label=\"Contenu embarqu\u00e9 Contenu embarqu\u00e9 5_RA_C4_AP_Fiche_4_567295..\"><\/object><a id=\"wp-block-file--media-a6dc1a6a-1dc8-4a6b-ad3a-28d3951afadc\" href=\"https:\/\/sites.ac-nancy-metz.fr\/arts-plastiques\/wp-content\/uploads\/5_RA_C4_AP_Fiche_4_567295.pdf\">5_RA_C4_AP_Fiche_4_567295<\/a><a href=\"https:\/\/sites.ac-nancy-metz.fr\/arts-plastiques\/wp-content\/uploads\/5_RA_C4_AP_Fiche_4_567295.pdf\" class=\"wp-block-file__button\" download aria-describedby=\"wp-block-file--media-a6dc1a6a-1dc8-4a6b-ad3a-28d3951afadc\">T\u00e9l\u00e9charger<\/a><\/div>\n\n\n\n<p><\/p>\n","protected":false},"excerpt":{"rendered":"<p>Ces ressources pr\u00e9sentent des enjeux de l&rsquo;enseignement des arts plastiques et des \u00e9l\u00e9ments sur leur positionnement dans la r\u00e9forme de la scolarit\u00e9 obligatoire. Elles d\u00e9finissent le&#8230;<\/p>\n","protected":false},"author":2,"featured_media":0,"parent":0,"menu_order":0,"comment_status":"closed","ping_status":"closed","template":"","meta":{"footnotes":""},"class_list":["post-6956","page","type-page","status-publish","hentry"],"_links":{"self":[{"href":"https:\/\/sites.ac-nancy-metz.fr\/arts-plastiques\/wp-json\/wp\/v2\/pages\/6956","targetHints":{"allow":["GET"]}}],"collection":[{"href":"https:\/\/sites.ac-nancy-metz.fr\/arts-plastiques\/wp-json\/wp\/v2\/pages"}],"about":[{"href":"https:\/\/sites.ac-nancy-metz.fr\/arts-plastiques\/wp-json\/wp\/v2\/types\/page"}],"author":[{"embeddable":true,"href":"https:\/\/sites.ac-nancy-metz.fr\/arts-plastiques\/wp-json\/wp\/v2\/users\/2"}],"replies":[{"embeddable":true,"href":"https:\/\/sites.ac-nancy-metz.fr\/arts-plastiques\/wp-json\/wp\/v2\/comments?post=6956"}],"version-history":[{"count":6,"href":"https:\/\/sites.ac-nancy-metz.fr\/arts-plastiques\/wp-json\/wp\/v2\/pages\/6956\/revisions"}],"predecessor-version":[{"id":7065,"href":"https:\/\/sites.ac-nancy-metz.fr\/arts-plastiques\/wp-json\/wp\/v2\/pages\/6956\/revisions\/7065"}],"wp:attachment":[{"href":"https:\/\/sites.ac-nancy-metz.fr\/arts-plastiques\/wp-json\/wp\/v2\/media?parent=6956"}],"curies":[{"name":"wp","href":"https:\/\/api.w.org\/{rel}","templated":true}]}}