{"id":7979,"date":"2022-04-03T21:33:00","date_gmt":"2022-04-03T19:33:00","guid":{"rendered":"https:\/\/sites.ac-nancy-metz.fr\/arts-plastiques\/?page_id=7979"},"modified":"2022-04-22T14:17:27","modified_gmt":"2022-04-22T12:17:27","slug":"pour-ne-pas-oublier-arts-plastiques-histoires-et-memoire","status":"publish","type":"page","link":"https:\/\/sites.ac-nancy-metz.fr\/arts-plastiques\/pour-ne-pas-oublier-arts-plastiques-histoires-et-memoire\/","title":{"rendered":"Pour ne pas oublier : arts plastiques, histoires et m\u00e9moires"},"content":{"rendered":"\n<p class=\"has-text-align-center has-small-font-size\"><strong>Ressources : S\u00e9bastien CHAMPION Charg\u00e9 de Mission d\u2019Inspection \/ Marie ROUSSEAU IA-IPR Inspectrice d\u2019Acad\u00e9mie \u2013 Inspectrice P\u00e9dagogique R\u00e9gionale<\/strong><\/p>\n\n\n\n<p>Seule la m\u00e9moire du pass\u00e9, de l\u2019histoire compte pour ne pas reproduire ces sch\u00e9mas qui ont conduit vers l\u2019ab\u00eeme. Les artistes, par leur force expressive, inscrivent dans l\u2019intemporel, l\u2019\u00e9ternit\u00e9, ces fragments d\u2019histoires qui tendent \u00e0 s\u2019\u00e9mietter sans m\u00e9moire. Faire m\u00e9moire et \u00e9crire l\u2019histoire, c\u2019est le croisement entre les preuves et les t\u00e9moignages. Les artistes repr\u00e9sentent, c\u2019est-\u00e0-dire, pr\u00e9sentent \u00e0 nouveau, donnent \u00e0 voir l\u2019histoire. Les \u0153uvres d\u2019art \u00e9noncent, d\u00e9noncent et figurent l\u2019indicible. Elles placent les ruines en tant que sujet : une fin en soi et un dessein de reconstruction. Elles existent et nous survivent, pour faire m\u00e9moire, pour ne pas oublier&#8230;<\/p>\n\n\n\n<div data-wp-interactive=\"core\/file\" class=\"wp-block-file\"><object data-wp-bind--hidden=\"!state.hasPdfPreview\" hidden class=\"wp-block-file__embed\" data=\"https:\/\/sites.ac-nancy-metz.fr\/arts-plastiques\/wp-content\/uploads\/LaboArts-Pour-ne-pas-oublier-1.pdf\" type=\"application\/pdf\" style=\"width:100%;height:600px\" aria-label=\"Contenu embarqu\u00e9 Contenu embarqu\u00e9 LaboArts-Pour-ne-pas-oublier-1..\"><\/object><a id=\"wp-block-file--media-a98692ce-10e8-460d-9f3a-72e9952c81bd\" href=\"https:\/\/sites.ac-nancy-metz.fr\/arts-plastiques\/wp-content\/uploads\/LaboArts-Pour-ne-pas-oublier-1.pdf\">LaboArts-Pour-ne-pas-oublier-1<\/a><a href=\"https:\/\/sites.ac-nancy-metz.fr\/arts-plastiques\/wp-content\/uploads\/LaboArts-Pour-ne-pas-oublier-1.pdf\" class=\"wp-block-file__button\" download aria-describedby=\"wp-block-file--media-a98692ce-10e8-460d-9f3a-72e9952c81bd\">T\u00e9l\u00e9charger<\/a><\/div>\n\n\n\n<div data-wp-interactive=\"core\/file\" class=\"wp-block-file\"><object data-wp-bind--hidden=\"!state.hasPdfPreview\" hidden class=\"wp-block-file__embed\" data=\"https:\/\/sites.ac-nancy-metz.fr\/arts-plastiques\/wp-content\/uploads\/Labo-Arts-Pour-ne-pas-oublier-arts-plastiques-histoires-et-memoires.pdf\" type=\"application\/pdf\" style=\"width:100%;height:600px\" aria-label=\"Contenu embarqu\u00e9 Contenu embarqu\u00e9 Labo-Arts-Pour-ne-pas-oublier-arts-plastiques-histoires-et-memoires..\"><\/object><a id=\"wp-block-file--media-c065aa5f-62bc-4349-a0f9-76e334fc86b9\" href=\"https:\/\/sites.ac-nancy-metz.fr\/arts-plastiques\/wp-content\/uploads\/Labo-Arts-Pour-ne-pas-oublier-arts-plastiques-histoires-et-memoires.pdf\">Labo-Arts-Pour-ne-pas-oublier-arts-plastiques-histoires-et-memoires<\/a><a href=\"https:\/\/sites.ac-nancy-metz.fr\/arts-plastiques\/wp-content\/uploads\/Labo-Arts-Pour-ne-pas-oublier-arts-plastiques-histoires-et-memoires.pdf\" class=\"wp-block-file__button\" download aria-describedby=\"wp-block-file--media-c065aa5f-62bc-4349-a0f9-76e334fc86b9\">T\u00e9l\u00e9charger<\/a><\/div>\n\n\n\n<div data-wp-interactive=\"core\/file\" class=\"wp-block-file\"><object data-wp-bind--hidden=\"!state.hasPdfPreview\" hidden class=\"wp-block-file__embed\" data=\"https:\/\/sites.ac-nancy-metz.fr\/arts-plastiques\/wp-content\/uploads\/1ere-spe-pour-ne-pas-oublier.pdf\" type=\"application\/pdf\" style=\"width:100%;height:600px\" aria-label=\"Contenu embarqu\u00e9 Contenu embarqu\u00e9 1ere-spe-pour-ne-pas-oublier..\"><\/object><a id=\"wp-block-file--media-53f130ac-ed22-49a1-93cc-873b8403335f\" href=\"https:\/\/sites.ac-nancy-metz.fr\/arts-plastiques\/wp-content\/uploads\/1ere-spe-pour-ne-pas-oublier.pdf\">1ere-spe-pour-ne-pas-oublier<\/a><a href=\"https:\/\/sites.ac-nancy-metz.fr\/arts-plastiques\/wp-content\/uploads\/1ere-spe-pour-ne-pas-oublier.pdf\" class=\"wp-block-file__button\" download aria-describedby=\"wp-block-file--media-53f130ac-ed22-49a1-93cc-873b8403335f\">T\u00e9l\u00e9charger<\/a><\/div>\n","protected":false},"excerpt":{"rendered":"<p>Ressources : S\u00e9bastien CHAMPION Charg\u00e9 de Mission d\u2019Inspection \/ Marie ROUSSEAU IA-IPR Inspectrice d\u2019Acad\u00e9mie \u2013 Inspectrice P\u00e9dagogique R\u00e9gionale Seule la m\u00e9moire du pass\u00e9, de l\u2019histoire compte&#8230;<\/p>\n","protected":false},"author":2,"featured_media":0,"parent":0,"menu_order":0,"comment_status":"closed","ping_status":"closed","template":"","meta":{"footnotes":""},"class_list":["post-7979","page","type-page","status-publish","hentry"],"_links":{"self":[{"href":"https:\/\/sites.ac-nancy-metz.fr\/arts-plastiques\/wp-json\/wp\/v2\/pages\/7979","targetHints":{"allow":["GET"]}}],"collection":[{"href":"https:\/\/sites.ac-nancy-metz.fr\/arts-plastiques\/wp-json\/wp\/v2\/pages"}],"about":[{"href":"https:\/\/sites.ac-nancy-metz.fr\/arts-plastiques\/wp-json\/wp\/v2\/types\/page"}],"author":[{"embeddable":true,"href":"https:\/\/sites.ac-nancy-metz.fr\/arts-plastiques\/wp-json\/wp\/v2\/users\/2"}],"replies":[{"embeddable":true,"href":"https:\/\/sites.ac-nancy-metz.fr\/arts-plastiques\/wp-json\/wp\/v2\/comments?post=7979"}],"version-history":[{"count":10,"href":"https:\/\/sites.ac-nancy-metz.fr\/arts-plastiques\/wp-json\/wp\/v2\/pages\/7979\/revisions"}],"predecessor-version":[{"id":8236,"href":"https:\/\/sites.ac-nancy-metz.fr\/arts-plastiques\/wp-json\/wp\/v2\/pages\/7979\/revisions\/8236"}],"wp:attachment":[{"href":"https:\/\/sites.ac-nancy-metz.fr\/arts-plastiques\/wp-json\/wp\/v2\/media?parent=7979"}],"curies":[{"name":"wp","href":"https:\/\/api.w.org\/{rel}","templated":true}]}}