{"id":9799,"date":"2024-05-24T22:44:27","date_gmt":"2024-05-24T20:44:27","guid":{"rendered":"https:\/\/sites.ac-nancy-metz.fr\/arts-plastiques\/?page_id=9799"},"modified":"2024-11-14T17:02:51","modified_gmt":"2024-11-14T16:02:51","slug":"le-processus-detayage","status":"publish","type":"page","link":"https:\/\/sites.ac-nancy-metz.fr\/arts-plastiques\/le-processus-detayage\/","title":{"rendered":"Le processus d&rsquo;\u00e9tayage"},"content":{"rendered":"\n<p>Les ressources ci-dessous \u00e9manent de la formation <strong>Conf\u00e9rence didactique &#8211; Le processus d&rsquo;\u00e9tayage et la question de l&rsquo;oralit\u00e9, <\/strong>qui s&rsquo;est tenue le 20 mars 2024 au Centre Pompidou-Metz, en pr\u00e9sence d&rsquo;<strong>Isabelle Claverie, ma\u00eetresse de conf\u00e9rences \u00e0 l&rsquo;Universit\u00e9 d&rsquo;Aix-Marseille<\/strong>, et dont l&rsquo;objectif consistait \u00e0 mener une r\u00e9flexion sur les diff\u00e9rentes mani\u00e8res par lesquelles l\u2019enseignant guide les \u00e9l\u00e8ves, instaurant des processus d\u2019ajustement et des gestes professionnels \u00e0 l\u2019\u0153uvre, au sein du sc\u00e9nario p\u00e9dagogique d\u00e9ploy\u00e9 par le professeur, primordial dans la contribution \u00e0 la r\u00e9ussite de l&rsquo;ensemble des \u00e9l\u00e8ves, qui permet la diversification des r\u00e9ponses plastiques qu&rsquo;ils pourront apporter \u00e0 un questionnement plasticien donn\u00e9.<\/p>\n\n\n\n<figure class=\"wp-block-image size-full is-resized\"><img fetchpriority=\"high\" decoding=\"async\" width=\"544\" height=\"152\" src=\"https:\/\/sites.ac-nancy-metz.fr\/arts-plastiques\/wp-content\/uploads\/blanc.png\" alt=\"\" class=\"wp-image-10102\" style=\"width:276px;height:auto\" srcset=\"https:\/\/sites.ac-nancy-metz.fr\/arts-plastiques\/wp-content\/uploads\/blanc.png 544w, https:\/\/sites.ac-nancy-metz.fr\/arts-plastiques\/wp-content\/uploads\/blanc-300x84.png 300w\" sizes=\"(max-width: 544px) 100vw, 544px\" \/><\/figure>\n\n\n\n<p><\/p>\n\n\n\n<iframe src=\"https:\/\/podeduc.apps.education.fr\/video\/68183-video-conference-fc-compressemp4\/?is_iframe=true\" width=\"1280\" height=\"720\" style=\"padding: 0; margin: 0; border:0\" allowfullscreen=\"\"><\/iframe>\n\n\n\n<figure class=\"wp-block-image size-full is-resized\"><img fetchpriority=\"high\" decoding=\"async\" width=\"544\" height=\"152\" src=\"https:\/\/sites.ac-nancy-metz.fr\/arts-plastiques\/wp-content\/uploads\/blanc.png\" alt=\"\" class=\"wp-image-10102\" style=\"width:276px;height:auto\" srcset=\"https:\/\/sites.ac-nancy-metz.fr\/arts-plastiques\/wp-content\/uploads\/blanc.png 544w, https:\/\/sites.ac-nancy-metz.fr\/arts-plastiques\/wp-content\/uploads\/blanc-300x84.png 300w\" sizes=\"(max-width: 544px) 100vw, 544px\" \/><\/figure>\n\n\n\n<p><\/p>\n\n\n\n<p><\/p>\n\n\n\n<div data-wp-interactive=\"core\/file\" class=\"wp-block-file\"><object data-wp-bind--hidden=\"!state.hasPdfPreview\" hidden class=\"wp-block-file__embed\" data=\"https:\/\/sites.ac-nancy-metz.fr\/arts-plastiques\/wp-content\/uploads\/Conference-didactique-Le-processus-detayage-et-la-de-loralite-VF.pdf\" type=\"application\/pdf\" style=\"width:100%;height:600px\" aria-label=\"Contenu embarqu\u00e9 Conference-didactique-Le-processus-detayage-et-la-de-loralite-VF.\"><\/object><a id=\"wp-block-file--media-30e26de4-36e5-445c-b7cb-2a848617464e\" href=\"https:\/\/sites.ac-nancy-metz.fr\/arts-plastiques\/wp-content\/uploads\/Conference-didactique-Le-processus-detayage-et-la-de-loralite-VF.pdf\">Conference-didactique-Le-processus-detayage-et-la-de-loralite-VF<\/a><a href=\"https:\/\/sites.ac-nancy-metz.fr\/arts-plastiques\/wp-content\/uploads\/Conference-didactique-Le-processus-detayage-et-la-de-loralite-VF.pdf\" class=\"wp-block-file__button wp-element-button\" download aria-describedby=\"wp-block-file--media-30e26de4-36e5-445c-b7cb-2a848617464e\">T\u00e9l\u00e9charger<\/a><\/div>\n\n\n\n<div data-wp-interactive=\"core\/file\" class=\"wp-block-file\"><object data-wp-bind--hidden=\"!state.hasPdfPreview\" hidden class=\"wp-block-file__embed\" data=\"https:\/\/sites.ac-nancy-metz.fr\/arts-plastiques\/wp-content\/uploads\/Conference-Metz_VF_19.pdf\" type=\"application\/pdf\" style=\"width:100%;height:600px\" aria-label=\"Contenu embarqu\u00e9 Conference-Metz_VF_19.\"><\/object><a id=\"wp-block-file--media-b873f98d-1f0f-41a7-8029-ee2958d040e0\" href=\"https:\/\/sites.ac-nancy-metz.fr\/arts-plastiques\/wp-content\/uploads\/Conference-Metz_VF_19.pdf\">Conference-Metz_VF_19<\/a><a href=\"https:\/\/sites.ac-nancy-metz.fr\/arts-plastiques\/wp-content\/uploads\/Conference-Metz_VF_19.pdf\" class=\"wp-block-file__button wp-element-button\" download aria-describedby=\"wp-block-file--media-b873f98d-1f0f-41a7-8029-ee2958d040e0\">T\u00e9l\u00e9charger<\/a><\/div>\n","protected":false},"excerpt":{"rendered":"<p>Les ressources ci-dessous \u00e9manent de la formation Conf\u00e9rence didactique &#8211; Le processus d&rsquo;\u00e9tayage et la question de l&rsquo;oralit\u00e9, qui s&rsquo;est tenue le 20 mars 2024 au&#8230;<\/p>\n","protected":false},"author":5,"featured_media":0,"parent":0,"menu_order":0,"comment_status":"closed","ping_status":"closed","template":"","meta":{"footnotes":""},"class_list":["post-9799","page","type-page","status-publish","hentry"],"_links":{"self":[{"href":"https:\/\/sites.ac-nancy-metz.fr\/arts-plastiques\/wp-json\/wp\/v2\/pages\/9799","targetHints":{"allow":["GET"]}}],"collection":[{"href":"https:\/\/sites.ac-nancy-metz.fr\/arts-plastiques\/wp-json\/wp\/v2\/pages"}],"about":[{"href":"https:\/\/sites.ac-nancy-metz.fr\/arts-plastiques\/wp-json\/wp\/v2\/types\/page"}],"author":[{"embeddable":true,"href":"https:\/\/sites.ac-nancy-metz.fr\/arts-plastiques\/wp-json\/wp\/v2\/users\/5"}],"replies":[{"embeddable":true,"href":"https:\/\/sites.ac-nancy-metz.fr\/arts-plastiques\/wp-json\/wp\/v2\/comments?post=9799"}],"version-history":[{"count":15,"href":"https:\/\/sites.ac-nancy-metz.fr\/arts-plastiques\/wp-json\/wp\/v2\/pages\/9799\/revisions"}],"predecessor-version":[{"id":10106,"href":"https:\/\/sites.ac-nancy-metz.fr\/arts-plastiques\/wp-json\/wp\/v2\/pages\/9799\/revisions\/10106"}],"wp:attachment":[{"href":"https:\/\/sites.ac-nancy-metz.fr\/arts-plastiques\/wp-json\/wp\/v2\/media?parent=9799"}],"curies":[{"name":"wp","href":"https:\/\/api.w.org\/{rel}","templated":true}]}}