{"id":3623,"date":"2023-07-05T11:10:42","date_gmt":"2023-07-05T10:10:42","guid":{"rendered":"https:\/\/sites.ac-nancy-metz.fr\/biochimie\/?page_id=3623"},"modified":"2024-11-20T16:11:05","modified_gmt":"2024-11-20T15:11:05","slug":"numerique","status":"publish","type":"page","link":"https:\/\/sites.ac-nancy-metz.fr\/biochimie\/numerique\/","title":{"rendered":"Num\u00e9rique"},"content":{"rendered":"\n<p>Dans cette rubrique, vous retrouverez un ensemble de ressources disponibles pour utiliser le num\u00e9rique dans l&rsquo;enseignement :<\/p>\n\n\n\n<p><strong>Lettres Edunum<\/strong> : Ensemble d&rsquo;articles portant sur les outils num\u00e9riques \u00e9ducatifs.<\/p>\n\n\n\n<p><strong>Caf\u00e9s du num\u00e9riques<\/strong> : Vid\u00e9os de pr\u00e9sentation d&rsquo;outils utilisables pour l&rsquo;\u00e9ducation.<\/p>\n\n\n\n<p>Liens g\u00e9n\u00e9raux : <\/p>\n\n\n\n<p><strong><a href=\"https:\/\/edubase.eduscol.education.fr\/recherche?q=&amp;discipline%5B%5D=Biotechnologies+et+ST2S\" target=\"_blank\" rel=\"noopener\" title=\"\">\u00c9dubase biotechnologies &#8211; STMS<\/a><\/strong><\/p>\n\n\n\n<p><a href=\"https:\/\/eduscol.education.fr\/4123\/les-lettres-d-actualite-edunum-sur-le-numerique-educatif\" target=\"_blank\" rel=\"noopener\" title=\"Lettres \u00c9dunum nationales.\"><strong>Lettres \u00c9dunum nationales.<\/strong><\/a><\/p>\n\n\n\n<p><\/p>\n","protected":false},"excerpt":{"rendered":"<p>Dans cette rubrique, vous retrouverez un ensemble de ressources disponibles pour utiliser le num\u00e9rique dans l&rsquo;enseignement : Lettres Edunum : Ensemble d&rsquo;articles portant sur les outils&#8230;<\/p>\n","protected":false},"author":1,"featured_media":0,"parent":0,"menu_order":0,"comment_status":"closed","ping_status":"closed","template":"","meta":{"footnotes":""},"class_list":["post-3623","page","type-page","status-publish","hentry"],"aioseo_notices":[],"_links":{"self":[{"href":"https:\/\/sites.ac-nancy-metz.fr\/biochimie\/wp-json\/wp\/v2\/pages\/3623","targetHints":{"allow":["GET"]}}],"collection":[{"href":"https:\/\/sites.ac-nancy-metz.fr\/biochimie\/wp-json\/wp\/v2\/pages"}],"about":[{"href":"https:\/\/sites.ac-nancy-metz.fr\/biochimie\/wp-json\/wp\/v2\/types\/page"}],"author":[{"embeddable":true,"href":"https:\/\/sites.ac-nancy-metz.fr\/biochimie\/wp-json\/wp\/v2\/users\/1"}],"replies":[{"embeddable":true,"href":"https:\/\/sites.ac-nancy-metz.fr\/biochimie\/wp-json\/wp\/v2\/comments?post=3623"}],"version-history":[{"count":4,"href":"https:\/\/sites.ac-nancy-metz.fr\/biochimie\/wp-json\/wp\/v2\/pages\/3623\/revisions"}],"predecessor-version":[{"id":4520,"href":"https:\/\/sites.ac-nancy-metz.fr\/biochimie\/wp-json\/wp\/v2\/pages\/3623\/revisions\/4520"}],"wp:attachment":[{"href":"https:\/\/sites.ac-nancy-metz.fr\/biochimie\/wp-json\/wp\/v2\/media?parent=3623"}],"curies":[{"name":"wp","href":"https:\/\/api.w.org\/{rel}","templated":true}]}}