{"id":3688,"date":"2023-07-05T15:19:47","date_gmt":"2023-07-05T14:19:47","guid":{"rendered":"https:\/\/sites.ac-nancy-metz.fr\/biochimie\/?page_id=3688"},"modified":"2026-03-08T21:01:04","modified_gmt":"2026-03-08T20:01:04","slug":"ressources-pedagogiques","status":"publish","type":"page","link":"https:\/\/sites.ac-nancy-metz.fr\/biochimie\/ressources-pedagogiques\/","title":{"rendered":"Ressources p\u00e9dagogiques STL"},"content":{"rendered":"\n<p style=\"font-size:30px\"><strong>Ressources acad\u00e9miques<\/strong><\/p>\n\n\n\n<div class=\"wp-block-group\"><div class=\"wp-block-group__inner-container is-layout-constrained wp-block-group-is-layout-constrained\">\n<div class=\"wp-block-group\"><div class=\"wp-block-group__inner-container is-layout-constrained wp-block-group-is-layout-constrained\">\n<p class=\"has-medium-font-size\"><a href=\"http:\/\/sites.ac-nancy-metz.fr\/biochimie\/covid-19\/\" data-type=\"URL\" data-id=\"sites.ac-nancy-metz.fr\/biochimie\/covid-19\/\" target=\"_blank\" rel=\"noreferrer noopener\"><strong>Biotechnologies &#8211; Fiches professeur.<\/strong><\/a><\/p>\n\n\n\n<div class=\"wp-block-group\"><div class=\"wp-block-group__inner-container is-layout-constrained wp-block-group-is-layout-constrained\">\n<p>Fiches \u00e9labor\u00e9es lors de la formation du 29 novembre 2022 par des groupes de professeurs enseignants en Biotechnologie<\/p>\n\n\n\n<ul class=\"wp-block-list\">\n<li><strong>Objectif&nbsp;: d\u00e9velopper une culture partag\u00e9e des indicateurs d\u2019\u00e9valuation de r\u00e9f\u00e9rence pour les diff\u00e9rentes activit\u00e9s exp\u00e9rimentales mises en \u0153uvre au laboratoire.<\/strong><\/li>\n<\/ul>\n<\/div><\/div>\n<\/div><\/div>\n<\/div><\/div>\n\n\n\n<div class=\"wp-block-group\"><div class=\"wp-block-group__inner-container is-layout-constrained wp-block-group-is-layout-constrained\">\n<div style=\"height:32px\" aria-hidden=\"true\" class=\"wp-block-spacer\"><\/div>\n\n\n\n<div class=\"wp-block-group\"><div class=\"wp-block-group__inner-container is-layout-constrained wp-block-group-is-layout-constrained\">\n<p class=\"has-medium-font-size\"><strong><a href=\"https:\/\/sites.ac-nancy-metz.fr\/biochimie\/wp-content\/uploads\/DOC-UNIQUE-FICHES-TECHNIQUES-16-09-2024.pdf\" target=\"_blank\" rel=\"noopener\" title=\"\">Document unique de fiches &#8211; Professeur<\/a><\/strong><\/p>\n\n\n\n<p>Ensemble des <strong>crit\u00e8res d&rsquo;\u00e9valuation pour les gestes techniques <\/strong>regroup\u00e9s en un seul document (M. DROGUET).<\/p>\n\n\n\n<p>Aussi disponible en version <strong><a href=\"https:\/\/sites.ac-nancy-metz.fr\/biochimie\/wp-content\/uploads\/DOC-UNIQUE-FICHES-TECHNIQUES-16-09-2024.pdf\" target=\"_blank\" rel=\"noopener\" title=\"\">PDF<\/a><\/strong>.<\/p>\n<\/div><\/div>\n\n\n\n<div style=\"height:32px\" aria-hidden=\"true\" class=\"wp-block-spacer\"><\/div>\n\n\n\n<div class=\"wp-block-group\"><div class=\"wp-block-group__inner-container is-layout-constrained wp-block-group-is-layout-constrained\">\n<p class=\"has-medium-font-size\"><strong><a href=\"https:\/\/sites.ac-nancy-metz.fr\/biochimie\/apres-la-stl-methodologie-et-poursuite-detudes\/\" data-type=\"URL\" data-id=\"https:\/\/sites.ac-nancy-metz.fr\/biochimie\/apres-la-stl-methodologie-et-poursuite-detudes\/\">Comp\u00e9tences du sup\u00e9rieur et Postbac pour la STL<\/a><\/strong><\/p>\n\n\n\n<p>Documents pr\u00e9sent\u00e9s le 1<sup>er<\/sup>&nbsp;d\u00e9cembre lors d\u2019une journ\u00e9e de formation qui s\u2019est d\u00e9roul\u00e9e en pr\u00e9sentiel au lyc\u00e9e Varoquaux.<\/p>\n\n\n\n<ul class=\"wp-block-list\">\n<li><strong>Contribuer au d\u00e9veloppement des comp\u00e9tences indispensables pour la poursuite des \u00e9tudes dans le sup\u00e9rieur.<\/strong><\/li>\n\n\n\n<li><strong>Pr\u00e9senter des parcours de formations post bac STL, identifier les profils d\u2019\u00e9l\u00e8ves en ad\u00e9quation avec les sp\u00e9cificit\u00e9s de chaque parcours et identifier les atouts et difficult\u00e9s des \u00e9l\u00e8ves de STL dans ces parcours.<\/strong><\/li>\n<\/ul>\n<\/div><\/div>\n\n\n\n<div style=\"height:32px\" aria-hidden=\"true\" class=\"wp-block-spacer\"><\/div>\n\n\n\n<div class=\"wp-block-columns is-layout-flex wp-container-core-columns-is-layout-9d6595d7 wp-block-columns-is-layout-flex\">\n<div class=\"wp-block-column is-layout-flow wp-block-column-is-layout-flow\" style=\"flex-basis:33.33%\"><div class=\"wp-block-image\">\n<figure class=\"aligncenter size-large\"><img loading=\"lazy\" decoding=\"async\" width=\"1024\" height=\"217\" src=\"https:\/\/sites.ac-nancy-metz.fr\/biochimie\/wp-content\/uploads\/Capture-decran-2026-03-08-a-20.58.00-1024x217.png\" alt=\"\" class=\"wp-image-4820\" srcset=\"https:\/\/sites.ac-nancy-metz.fr\/biochimie\/wp-content\/uploads\/Capture-decran-2026-03-08-a-20.58.00-1024x217.png 1024w, https:\/\/sites.ac-nancy-metz.fr\/biochimie\/wp-content\/uploads\/Capture-decran-2026-03-08-a-20.58.00-300x64.png 300w, https:\/\/sites.ac-nancy-metz.fr\/biochimie\/wp-content\/uploads\/Capture-decran-2026-03-08-a-20.58.00-768x163.png 768w, https:\/\/sites.ac-nancy-metz.fr\/biochimie\/wp-content\/uploads\/Capture-decran-2026-03-08-a-20.58.00-1536x326.png 1536w, https:\/\/sites.ac-nancy-metz.fr\/biochimie\/wp-content\/uploads\/Capture-decran-2026-03-08-a-20.58.00.png 1678w\" sizes=\"auto, (max-width: 1024px) 100vw, 1024px\" \/><\/figure><\/div><\/div>\n\n\n\n<div class=\"wp-block-column is-layout-flow wp-block-column-is-layout-flow\" style=\"flex-basis:66.66%\">\n<p class=\"has-medium-font-size\"><a href=\"https:\/\/sites.ac-nancy-metz.fr\/biochimie\/immersion-stl-enquete-environnementale\/\" target=\"_blank\" rel=\"noopener\" title=\"Immersion STL - Enqu\u00eate environnementale\"><strong>Immersion STL &#8211; Enqu\u00eate environnementale<\/strong><\/a><\/p>\n\n\n\n<p><strong>Offrir une immersion concr\u00e8te dans la sp\u00e9cialit\u00e9 STL \u00e0 des \u00e9l\u00e8ves susceptibles de s\u2019y orienter<\/strong> <strong>\u00e0 travers une situation professionnelle r\u00e9aliste d\u2019analyse environnementale.<\/strong><\/p>\n<\/div>\n<\/div>\n<\/div><\/div>\n\n\n\n<p><\/p>\n","protected":false},"excerpt":{"rendered":"<p>Ressources acad\u00e9miques Biotechnologies &#8211; Fiches professeur. Fiches \u00e9labor\u00e9es lors de la formation du 29 novembre 2022 par des groupes de professeurs enseignants en Biotechnologie Document unique&#8230;<\/p>\n","protected":false},"author":13,"featured_media":0,"parent":0,"menu_order":0,"comment_status":"closed","ping_status":"closed","template":"","meta":{"footnotes":""},"class_list":["post-3688","page","type-page","status-publish","hentry"],"aioseo_notices":[],"_links":{"self":[{"href":"https:\/\/sites.ac-nancy-metz.fr\/biochimie\/wp-json\/wp\/v2\/pages\/3688","targetHints":{"allow":["GET"]}}],"collection":[{"href":"https:\/\/sites.ac-nancy-metz.fr\/biochimie\/wp-json\/wp\/v2\/pages"}],"about":[{"href":"https:\/\/sites.ac-nancy-metz.fr\/biochimie\/wp-json\/wp\/v2\/types\/page"}],"author":[{"embeddable":true,"href":"https:\/\/sites.ac-nancy-metz.fr\/biochimie\/wp-json\/wp\/v2\/users\/13"}],"replies":[{"embeddable":true,"href":"https:\/\/sites.ac-nancy-metz.fr\/biochimie\/wp-json\/wp\/v2\/comments?post=3688"}],"version-history":[{"count":20,"href":"https:\/\/sites.ac-nancy-metz.fr\/biochimie\/wp-json\/wp\/v2\/pages\/3688\/revisions"}],"predecessor-version":[{"id":4824,"href":"https:\/\/sites.ac-nancy-metz.fr\/biochimie\/wp-json\/wp\/v2\/pages\/3688\/revisions\/4824"}],"wp:attachment":[{"href":"https:\/\/sites.ac-nancy-metz.fr\/biochimie\/wp-json\/wp\/v2\/media?parent=3688"}],"curies":[{"name":"wp","href":"https:\/\/api.w.org\/{rel}","templated":true}]}}