{"id":3782,"date":"2023-07-05T15:53:18","date_gmt":"2023-07-05T14:53:18","guid":{"rendered":"https:\/\/sites.ac-nancy-metz.fr\/biochimie\/?page_id=3782"},"modified":"2026-02-06T11:18:56","modified_gmt":"2026-02-06T10:18:56","slug":"ressources-nationales-grand-oral","status":"publish","type":"page","link":"https:\/\/sites.ac-nancy-metz.fr\/biochimie\/ressources-nationales-grand-oral\/","title":{"rendered":"Grand Oral"},"content":{"rendered":"\n<p style=\"font-size:17px\"><em>Informations recueillies sur le site <strong>Eduscol<\/strong>. Pour plus d&rsquo;informations : <a href=\"https:\/\/eduscol.education.fr\/729\/presentation-du-grand-oral\">https:\/\/eduscol.education.fr\/729\/presentation-du-grand-oral<\/a><\/em><\/p>\n\n\n\n<p class=\"has-medium-font-size\"><strong>D\u00e9finition et objectifs<\/strong><\/p>\n\n\n\n<p style=\"font-size:17px\">L&rsquo;\u00e9preuve du&nbsp;<strong>Grand oral<\/strong>&nbsp;permet au candidat de montrer sa capacit\u00e9 \u00e0 prendre la parole en public de fa\u00e7on claire et convaincante. Elle lui offre aussi l\u2019opportunit\u00e9 d&rsquo;utiliser les connaissances li\u00e9es \u00e0 ses sp\u00e9cialit\u00e9s pour d\u00e9montrer ses capacit\u00e9s argumentatives.<\/p>\n\n\n\n<p class=\"has-medium-font-size\"><strong>L&rsquo;\u00e9preuve<\/strong><\/p>\n\n\n\n<p style=\"font-size:17px\">\u00c9preuve orale<br>Dur\u00e9e&nbsp;: 20 minutes<br>Pr\u00e9paration&nbsp;: 20 minutes<br>Coefficient jusqu\u2019\u00e0 la session 2026 incluse&nbsp;: 10 [voie g\u00e9n\u00e9rale] et 14 [voie technologique]<br>Coefficient \u00e0 compter de la session 2027&nbsp;: 8 [voie g\u00e9n\u00e9rale] et 12 [voie technologique]<\/p>\n\n\n\n<p class=\"has-medium-font-size\"><strong>D\u00e9roul\u00e9 de l&rsquo;\u00e9preuve<\/strong><\/p>\n\n\n\n<p style=\"font-size:17px\"><strong>Pendant 10 minutes, le candidat pr\u00e9sente la question choisie et y r\u00e9pond.<\/strong>&nbsp;Le jury \u00e9value son argumentation et ses qualit\u00e9s de pr\u00e9sentation. Pendant son expos\u00e9, sauf am\u00e9nagements pour les candidats \u00e0 besoins sp\u00e9cifiques, le candidat est debout. Pour son expos\u00e9, le candidat peut s\u2019appuyer sur son support. Il peut le montrer au jury, mais pas le lui remettre.<\/p>\n\n\n\n<p style=\"font-size:17px\"><strong>Ensuite, pendant 10 minutes, le jury \u00e9change avec le candidat et \u00e9value la solidit\u00e9 de ses connaissances et ses comp\u00e9tences argumentatives.&nbsp;<\/strong>Ce temps d\u2019\u00e9change permet \u00e0 l\u2019\u00e9l\u00e8ve de mettre en valeur ses connaissances, li\u00e9es au programme de la sp\u00e9cialit\u00e9 suivie en classes de premi\u00e8re et de terminale, sur laquelle repose la question pr\u00e9sent\u00e9e pendant la premi\u00e8re partie de l\u2019\u00e9preuve (ou sur les deux sp\u00e9cialit\u00e9s suivies en classes de premi\u00e8re et de terminale lorsque la question pr\u00e9sent\u00e9e pendant la premi\u00e8re partie de l\u2019\u00e9preuve \u00e9tait une question transversale). Durant l\u2019\u00e9change, le candidat peut s\u2019appuyer sur son support. Il peut le montrer au jury, \u00e0 son initiative ou en r\u00e9ponse \u00e0 une question du jury. Pour autant, le jury ne peut pas le conserver \u00e0 l\u2019issue de l\u2019\u00e9preuve ni l\u2019\u00e9valuer. Le candidat dispose d\u2019un tableau dans la salle d&rsquo;examen, qu&rsquo;il peut utiliser, s&rsquo;il le souhaite, durant ce deuxi\u00e8me temps. En revanche, le jury ne peut pas demander au candidat d\u2019\u00e9crire (ni sur une feuille, ni au tableau) pour r\u00e9pondre \u00e0 des questions qu\u2019il lui soumettrait ou faire des exercices.<\/p>\n\n\n<div class=\"wp-block-image\">\n<figure class=\"aligncenter size-large\"><img loading=\"lazy\" decoding=\"async\" width=\"977\" height=\"1024\" src=\"https:\/\/sites.ac-nancy-metz.fr\/biochimie\/wp-content\/uploads\/Info-epreuve-GO-977x1024.jpg\" alt=\"\" class=\"wp-image-4665\" srcset=\"https:\/\/sites.ac-nancy-metz.fr\/biochimie\/wp-content\/uploads\/Info-epreuve-GO-977x1024.jpg 977w, https:\/\/sites.ac-nancy-metz.fr\/biochimie\/wp-content\/uploads\/Info-epreuve-GO-286x300.jpg 286w, https:\/\/sites.ac-nancy-metz.fr\/biochimie\/wp-content\/uploads\/Info-epreuve-GO-768x805.jpg 768w, https:\/\/sites.ac-nancy-metz.fr\/biochimie\/wp-content\/uploads\/Info-epreuve-GO.jpg 1040w\" sizes=\"auto, (max-width: 977px) 100vw, 977px\" \/><\/figure><\/div>\n\n\n<p style=\"font-size:17px\"><span style=\"text-decoration: underline;\">Ressources<\/span> : <\/p>\n\n\n\n<p class=\"has-medium-font-size\"><strong><a href=\"https:\/\/sites.ac-nancy-metz.fr\/biochimie\/wp-content\/uploads\/GO-Guide-2023.pdf\" title=\"Guide Grand Oral et enseignement de sp\u00e9cialit\u00e9s.\">Guide Grand Oral et enseignement de sp\u00e9cialit\u00e9s.<\/a><\/strong><\/p>\n\n\n\n<div class=\"wp-block-group is-vertical is-layout-flex wp-container-core-group-is-layout-8cf370e7 wp-block-group-is-layout-flex\">\n<p class=\"has-medium-font-size\"><a href=\"https:\/\/www.lumni.fr\/programme\/les-petits-tutos-du-grand-oral?gclid=Cj0KCQjw7KqZBhCBARIsAI-fTKK5HHYjNfs8vhkbF5SuYJnxiJozWjimSzF-s2YW73QKkeFE8zGfhrgaAoPDEALw_wcB#xtor=SEC-45-GOO-[]-[Cj0KCQjw7KqZBhCBARIsAI-fTKK5HHYjNfs8vhkbF5SuYJnxiJozWjimSzF-s2YW73QKkeFE8zGfhrgaAoPDEALw_wcB]-S-[54204598723]\" title=\"Les petits tutos du Grand Oral.\"><strong>Les petits tutos du Grand Oral.<\/strong><\/a><\/p>\n\n\n\n<p>Ensemble de vid\u00e9os d&rsquo;accompagnement pour la pr\u00e9paration du Grand Oral.<\/p>\n<\/div>\n\n\n\n<div class=\"wp-block-group is-vertical is-layout-flex wp-container-core-group-is-layout-8cf370e7 wp-block-group-is-layout-flex\">\n<p class=\"has-medium-font-size\"><strong><a href=\"https:\/\/sites.ac-nancy-metz.fr\/biochimie\/wp-content\/uploads\/GO-FAQ-2025.pdf\" title=\"Foire aux questions. \">Foire aux questions. <\/a><\/strong><\/p>\n\n\n\n<p>Ces questions\/r\u00e9ponses portent sur les modalit\u00e9s de l\u2019\u00e9preuve, la pr\u00e9paration des \u00e9l\u00e8ves et l\u2019\u00e9valuation des candidats.<\/p>\n<\/div>\n\n\n\n<p><\/p>\n","protected":false},"excerpt":{"rendered":"<p>Informations recueillies sur le site Eduscol. Pour plus d&rsquo;informations : https:\/\/eduscol.education.fr\/729\/presentation-du-grand-oral D\u00e9finition et objectifs L&rsquo;\u00e9preuve du&nbsp;Grand oral&nbsp;permet au candidat de montrer sa capacit\u00e9 \u00e0 prendre la&#8230;<\/p>\n","protected":false},"author":13,"featured_media":0,"parent":0,"menu_order":0,"comment_status":"closed","ping_status":"closed","template":"","meta":{"footnotes":""},"class_list":["post-3782","page","type-page","status-publish","hentry"],"aioseo_notices":[],"_links":{"self":[{"href":"https:\/\/sites.ac-nancy-metz.fr\/biochimie\/wp-json\/wp\/v2\/pages\/3782","targetHints":{"allow":["GET"]}}],"collection":[{"href":"https:\/\/sites.ac-nancy-metz.fr\/biochimie\/wp-json\/wp\/v2\/pages"}],"about":[{"href":"https:\/\/sites.ac-nancy-metz.fr\/biochimie\/wp-json\/wp\/v2\/types\/page"}],"author":[{"embeddable":true,"href":"https:\/\/sites.ac-nancy-metz.fr\/biochimie\/wp-json\/wp\/v2\/users\/13"}],"replies":[{"embeddable":true,"href":"https:\/\/sites.ac-nancy-metz.fr\/biochimie\/wp-json\/wp\/v2\/comments?post=3782"}],"version-history":[{"count":6,"href":"https:\/\/sites.ac-nancy-metz.fr\/biochimie\/wp-json\/wp\/v2\/pages\/3782\/revisions"}],"predecessor-version":[{"id":4670,"href":"https:\/\/sites.ac-nancy-metz.fr\/biochimie\/wp-json\/wp\/v2\/pages\/3782\/revisions\/4670"}],"wp:attachment":[{"href":"https:\/\/sites.ac-nancy-metz.fr\/biochimie\/wp-json\/wp\/v2\/media?parent=3782"}],"curies":[{"name":"wp","href":"https:\/\/api.w.org\/{rel}","templated":true}]}}