{"id":3801,"date":"2023-07-05T15:57:37","date_gmt":"2023-07-05T14:57:37","guid":{"rendered":"https:\/\/sites.ac-nancy-metz.fr\/biochimie\/?page_id=3801"},"modified":"2026-03-06T13:22:04","modified_gmt":"2026-03-06T12:22:04","slug":"presentation-du-bts-bioac","status":"publish","type":"page","link":"https:\/\/sites.ac-nancy-metz.fr\/biochimie\/presentation-du-bts-bioac\/","title":{"rendered":"BTS Bioanalyses en laboratoire de contr\u00f4le"},"content":{"rendered":"\n<div style=\"height:31px\" aria-hidden=\"true\" class=\"wp-block-spacer\"><\/div>\n\n\n\n<div class=\"wp-block-columns is-layout-flex wp-container-core-columns-is-layout-9d6595d7 wp-block-columns-is-layout-flex\">\n<div class=\"wp-block-column is-layout-flow wp-block-column-is-layout-flow\">\n<div class=\"wp-block-group\"><div class=\"wp-block-group__inner-container is-layout-constrained wp-block-group-is-layout-constrained\">\n<p class=\"has-medium-font-size\"><strong>Objectif<\/strong><br>Former des techniciens experts de l\u2019analyse en laboratoire de contr\u00f4le qualit\u00e9 pour v\u00e9rifier la conformit\u00e9 de bioproduits, \u00e9chantillons environnementaux ou produits de consommation. Ils apprennent \u00e0 mettre en \u0153uvre, optimiser et actualiser des m\u00e9thodes de bioanalyses, interpr\u00e9ter les r\u00e9sultats et participer \u00e0 l\u2019am\u00e9lioration du fonctionnement du laboratoire.<\/p>\n\n\n\n<p class=\"has-medium-font-size\"><strong>Programme<\/strong><br>Le programme couvre biochimie analytique, microbiologie, biologie mol\u00e9culaire et cellulaire, m\u00e9trologie, qualit\u00e9, s\u00e9curit\u00e9 et r\u00e9glementation des secteurs contr\u00f4l\u00e9s. La formation comprend de nombreux travaux pratiques, des projets et au moins une quinzaine de semaines de stage en laboratoires de contr\u00f4le, de R&amp;D ou d\u2019analyses r\u00e9glementaires.<\/p>\n\n\n\n<p class=\"has-medium-font-size\"><strong>Acc\u00e8s \u00e0 la formation<\/strong><br>Ce BTS recrute prioritairement des bacheliers STL (biotechnologies), des bacheliers g\u00e9n\u00e9raux avec solide profil scientifique et certains bacs pro orient\u00e9s bio-industries ou laboratoire. L\u2019inscription se fait via Parcoursup, sur dossier (r\u00e9sultats, projet, stages) et \u00e9ventuellement entretien, en formation scolaire ou par apprentissage.<\/p>\n\n\n\n<p class=\"has-medium-font-size\"><strong>D\u00e9bouch\u00e9s professionnels<\/strong><br>Les dipl\u00f4m\u00e9s exercent dans les laboratoires de contr\u00f4le, de recherche, de d\u00e9veloppement et de production des industries pharmaceutiques, agroalimentaires, cosm\u00e9tiques ou de l\u2019environnement. Ils occupent des postes de technicien de contr\u00f4le qualit\u00e9, technicien de laboratoire d\u2019analyses ou assistant R&amp;D, en lien \u00e9troit avec la production et les services qualit\u00e9.<\/p>\n\n\n\n<p class=\"has-medium-font-size\"><strong>Poursuite d\u2019\u00e9tudes<\/strong><br>Des poursuites sont fr\u00e9quentes en licence professionnelle (bio-industries, biotechnologies, qualit\u00e9, environnement) pour se sp\u00e9cialiser ou viser des postes \u00e0 responsabilit\u00e9s. Certains int\u00e8grent aussi des \u00e9coles d\u2019ing\u00e9nieurs via pr\u00e9pa ATS ou admissions parall\u00e8les, selon niveau et projet.<\/p>\n\n\n\n<p class=\"has-medium-font-size\"> Source : <a href=\"https:\/\/www.onisep.fr\/ressources\/univers-formation\/formations\/post-bac\/bts-bioanalyses-en-laboratoire-de-controle\" target=\"_blank\" rel=\"noopener\" title=\"Onisep\"><strong>Onisep<\/strong><\/a>.<\/p>\n<\/div><\/div>\n<\/div>\n\n\n\n<div class=\"wp-block-column is-layout-flow wp-block-column-is-layout-flow\"><a href=\"https:\/\/sites.ac-nancy-metz.fr\/biochimie\/wp-content\/uploads\/BTS-BioAC-Plaquette.pdf\" class=\"pdfemb-viewer\" style=\"\" data-width=\"max\" data-height=\"max\" data-toolbar=\"bottom\" data-toolbar-fixed=\"off\">BTS-BioAC-Plaquette<\/a>\n\n\n<p class=\"has-medium-font-size\"><a href=\"https:\/\/sites.ac-nancy-metz.fr\/biochimie\/wp-content\/uploads\/BTS-BioAC-Plaquette.pdf\" target=\"_blank\" rel=\"noopener\" title=\"Plaquette de pr\u00e9sentation.\"><strong>Plaquette de pr\u00e9sentation.<\/strong><\/a><\/p>\n\n\n\n<p class=\"has-medium-font-size\"><strong><a href=\"https:\/\/sites.ac-nancy-metz.fr\/biochimie\/wp-content\/uploads\/BTS-BioAC-Diaporama.pdf\" target=\"_blank\" rel=\"noopener\" title=\"Diaporama de pr\u00e9sentation de la fili\u00e8re.\">Diaporama de pr\u00e9sentation de la fili\u00e8re.<\/a><\/strong><\/p>\n\n\n\n<p class=\"has-medium-font-size\"><strong><a href=\"https:\/\/sites.ac-nancy-metz.fr\/biochimie\/wp-content\/uploads\/BTS-BioAC-Diaporama-commente.pptx\" target=\"_blank\" rel=\"noopener\" title=\"Diaporama de pr\u00e9sentation comment\u00e9 de la fili\u00e8re.\">Diaporama de pr\u00e9sentation comment\u00e9 de la fili\u00e8re.<\/a><\/strong><\/p>\n\n\n\n<div style=\"height:83px\" aria-hidden=\"true\" class=\"wp-block-spacer\"><\/div>\n\n\n\n<div class=\"wp-block-group\"><div class=\"wp-block-group__inner-container is-layout-constrained wp-block-group-is-layout-constrained\">\n<p class=\"has-medium-font-size\">O\u00f9 dans l&rsquo;acad\u00e9mie ? <\/p>\n\n\n\n<p class=\"has-medium-font-size\"><strong>Moselle (57)<\/strong><\/p>\n\n\n\n<p class=\"has-medium-font-size\"><strong><a href=\"https:\/\/georgesdelatour57.fr\" target=\"_blank\" rel=\"noopener\" title=\"Lyc\u00e9e Georges de la Tour \">Lyc\u00e9e Georges de la Tour <\/a><\/strong><\/p>\n\n\n\n<p class=\"has-small-font-size\"><em>9 place du Roi George 57000 Metz<\/em><\/p>\n<\/div><\/div>\n<\/div>\n<\/div>\n\n\n\n<p><\/p>\n","protected":false},"excerpt":{"rendered":"<p>ObjectifFormer des techniciens experts de l\u2019analyse en laboratoire de contr\u00f4le qualit\u00e9 pour v\u00e9rifier la conformit\u00e9 de bioproduits, \u00e9chantillons environnementaux ou produits de consommation. Ils apprennent \u00e0&#8230;<\/p>\n","protected":false},"author":13,"featured_media":0,"parent":0,"menu_order":0,"comment_status":"closed","ping_status":"closed","template":"","meta":{"footnotes":""},"class_list":["post-3801","page","type-page","status-publish","hentry"],"aioseo_notices":[],"_links":{"self":[{"href":"https:\/\/sites.ac-nancy-metz.fr\/biochimie\/wp-json\/wp\/v2\/pages\/3801","targetHints":{"allow":["GET"]}}],"collection":[{"href":"https:\/\/sites.ac-nancy-metz.fr\/biochimie\/wp-json\/wp\/v2\/pages"}],"about":[{"href":"https:\/\/sites.ac-nancy-metz.fr\/biochimie\/wp-json\/wp\/v2\/types\/page"}],"author":[{"embeddable":true,"href":"https:\/\/sites.ac-nancy-metz.fr\/biochimie\/wp-json\/wp\/v2\/users\/13"}],"replies":[{"embeddable":true,"href":"https:\/\/sites.ac-nancy-metz.fr\/biochimie\/wp-json\/wp\/v2\/comments?post=3801"}],"version-history":[{"count":12,"href":"https:\/\/sites.ac-nancy-metz.fr\/biochimie\/wp-json\/wp\/v2\/pages\/3801\/revisions"}],"predecessor-version":[{"id":4752,"href":"https:\/\/sites.ac-nancy-metz.fr\/biochimie\/wp-json\/wp\/v2\/pages\/3801\/revisions\/4752"}],"wp:attachment":[{"href":"https:\/\/sites.ac-nancy-metz.fr\/biochimie\/wp-json\/wp\/v2\/media?parent=3801"}],"curies":[{"name":"wp","href":"https:\/\/api.w.org\/{rel}","templated":true}]}}