{"id":3824,"date":"2023-07-05T16:06:54","date_gmt":"2023-07-05T15:06:54","guid":{"rendered":"https:\/\/sites.ac-nancy-metz.fr\/biochimie\/?page_id=3824"},"modified":"2026-03-06T13:23:37","modified_gmt":"2026-03-06T12:23:37","slug":"metiers-de-leau","status":"publish","type":"page","link":"https:\/\/sites.ac-nancy-metz.fr\/biochimie\/metiers-de-leau\/","title":{"rendered":"BTS M\u00e9tiers de l&rsquo;eau"},"content":{"rendered":"\n<p class=\"has-medium-font-size\"><strong>Objectif<\/strong><br>Former des techniciens capables d\u2019organiser le captage, le traitement, la distribution et l\u2019assainissement des eaux destin\u00e9es \u00e0 la consommation, \u00e0 l\u2019industrie ou \u00e0 l\u2019environnement. Ils apprennent \u00e0 choisir les proc\u00e9d\u00e9s de traitement, r\u00e9aliser les analyses de suivi, exploiter les installations et contribuer \u00e0 la protection de la ressource en eau.<\/p>\n\n\n\n<p class=\"has-medium-font-size\"><strong>Programme<\/strong><br>Le programme aborde hydraulique, chimie de l\u2019eau, proc\u00e9d\u00e9s de traitement, r\u00e9seaux, automatismes, m\u00e9trologie, r\u00e9glementation et management de la qualit\u00e9 et de la s\u00e9curit\u00e9. Des travaux pratiques sur pilotes, visites de sites et stages en entreprises (op\u00e9rateurs de l\u2019eau, collectivit\u00e9s, bureaux d\u2019\u00e9tudes, industries utilisatrices d\u2019eau) compl\u00e8tent les cours.<\/p>\n\n\n\n<p class=\"has-medium-font-size\"><strong>Acc\u00e8s \u00e0 la formation<\/strong><br>Le BTS recrute majoritairement des bacheliers g\u00e9n\u00e9raux \u00e0 profil scientifique, des bacheliers technologiques (STL, STI2D) et certains bacs pro li\u00e9s \u00e0 l\u2019environnement ou aux proc\u00e9d\u00e9s. L\u2019acc\u00e8s se fait via Parcoursup, en formation initiale ou en alternance, sur dossier scolaire et projet de formation motiv\u00e9.<\/p>\n\n\n\n<p class=\"has-medium-font-size\"><strong>D\u00e9bouch\u00e9s professionnels<\/strong><br>Les dipl\u00f4m\u00e9s travaillent dans le traitement, la distribution, l\u2019assainissement et l\u2019\u00e9puration des eaux, au sein de collectivit\u00e9s territoriales, entreprises de l\u2019eau, exploitants d\u2019usines ou industries consommatrices d\u2019eau. Ils occupent des postes de technicien d\u2019exploitation, technicien de station d\u2019\u00e9puration ou d\u2019usine d\u2019eau potable, charg\u00e9 de contr\u00f4le ou technicien en bureau d\u2019\u00e9tudes.<\/p>\n\n\n\n<p class=\"has-medium-font-size\"><strong>Poursuite d\u2019\u00e9tudes<\/strong><br>Ce BTS permet l\u2019insertion directe, mais les meilleurs dossiers peuvent poursuivre en licence professionnelle (g\u00e9nie des proc\u00e9d\u00e9s pour l\u2019environnement, protection et gestion de l\u2019environnement, QHSE) ou en classe pr\u00e9pa ATS. Ces parcours ouvrent l\u2019acc\u00e8s \u00e0 des \u00e9coles d\u2019ing\u00e9nieurs sp\u00e9cialis\u00e9es en eau et environnement.<\/p>\n\n\n\n<p class=\"has-medium-font-size\">Source : <strong><a href=\"https:\/\/www.onisep.fr\/ressources\/univers-formation\/formations\/post-bac\/bts-metiers-de-l-eau\" target=\"_blank\" rel=\"noopener\" title=\"Onisep\">Onisep<\/a><\/strong>.<\/p>\n\n\n\n<p class=\"has-medium-font-size\">O\u00f9 dans l&rsquo;acad\u00e9mie ?<\/p>\n\n\n\n<h2 class=\"wp-block-heading has-medium-font-size\"><strong>Meurthe et Moselle (54) <\/strong><\/h2>\n\n\n\n<p class=\"has-medium-font-size\"><strong><a href=\"https:\/\/sites.ac-nancy-metz.fr\/lyc-arthur-varoquaux\/bts-abm\/\" data-type=\"URL\" data-id=\"https:\/\/sites.ac-nancy-metz.fr\/lyc-arthur-varoquaux\/bts-abm\/\" target=\"_blank\" rel=\"noreferrer noopener\">Lyc\u00e9e Arthur Varoquaux<\/a><\/strong><\/p>\n\n\n\n<p>10 rue Jean Moulin, 54510 Tomblaine<\/p>\n","protected":false},"excerpt":{"rendered":"<p>ObjectifFormer des techniciens capables d\u2019organiser le captage, le traitement, la distribution et l\u2019assainissement des eaux destin\u00e9es \u00e0 la consommation, \u00e0 l\u2019industrie ou \u00e0 l\u2019environnement. Ils apprennent&#8230;<\/p>\n","protected":false},"author":13,"featured_media":0,"parent":0,"menu_order":0,"comment_status":"closed","ping_status":"closed","template":"","meta":{"footnotes":""},"class_list":["post-3824","page","type-page","status-publish","hentry"],"aioseo_notices":[],"_links":{"self":[{"href":"https:\/\/sites.ac-nancy-metz.fr\/biochimie\/wp-json\/wp\/v2\/pages\/3824","targetHints":{"allow":["GET"]}}],"collection":[{"href":"https:\/\/sites.ac-nancy-metz.fr\/biochimie\/wp-json\/wp\/v2\/pages"}],"about":[{"href":"https:\/\/sites.ac-nancy-metz.fr\/biochimie\/wp-json\/wp\/v2\/types\/page"}],"author":[{"embeddable":true,"href":"https:\/\/sites.ac-nancy-metz.fr\/biochimie\/wp-json\/wp\/v2\/users\/13"}],"replies":[{"embeddable":true,"href":"https:\/\/sites.ac-nancy-metz.fr\/biochimie\/wp-json\/wp\/v2\/comments?post=3824"}],"version-history":[{"count":5,"href":"https:\/\/sites.ac-nancy-metz.fr\/biochimie\/wp-json\/wp\/v2\/pages\/3824\/revisions"}],"predecessor-version":[{"id":4753,"href":"https:\/\/sites.ac-nancy-metz.fr\/biochimie\/wp-json\/wp\/v2\/pages\/3824\/revisions\/4753"}],"wp:attachment":[{"href":"https:\/\/sites.ac-nancy-metz.fr\/biochimie\/wp-json\/wp\/v2\/media?parent=3824"}],"curies":[{"name":"wp","href":"https:\/\/api.w.org\/{rel}","templated":true}]}}