{"id":3834,"date":"2023-07-05T16:08:14","date_gmt":"2023-07-05T15:08:14","guid":{"rendered":"https:\/\/sites.ac-nancy-metz.fr\/biochimie\/?page_id=3834"},"modified":"2024-06-11T11:33:39","modified_gmt":"2024-06-11T10:33:39","slug":"cafes-du-numerique","status":"publish","type":"page","link":"https:\/\/sites.ac-nancy-metz.fr\/biochimie\/cafes-du-numerique\/","title":{"rendered":"Caf\u00e9s du num\u00e9rique"},"content":{"rendered":"\n<p class=\"has-medium-font-size\">Les caf\u00e9s du num\u00e9riques sont des rassemblements en visioconf\u00e9rence qui ont pour objectif de partager des usages ou des informations \u00e0 destinations des apprenants.<\/p>\n\n\n\n<p class=\"has-medium-font-size\"><strong>Caf\u00e9 n\u00b01 (24\/05\/2023) : Partage &#8211; Cloud acad\u00e9mique &#8211; Capsules vid\u00e9os<\/strong><\/p>\n\n\n\n<p><strong><a href=\"https:\/\/sites.ac-nancy-metz.fr\/biochimie\/wp-content\/uploads\/Cafe-du-numerique-Partage-et-Cloud.pptx\" data-type=\"URL\" data-id=\"https:\/\/sites.ac-nancy-metz.fr\/biochimie\/wp-content\/uploads\/Cafe-du-numerique-Partage-et-Cloud.pptx\" target=\"_blank\" rel=\"noreferrer noopener\">Pr\u00e9sentation de partage et du cloud<\/a><\/strong><\/p>\n\n\n\n<p><strong><a rel=\"noreferrer noopener\" href=\"https:\/\/nuage01.apps.education.fr\/index.php\/apps\/files\/?dir=\/Num\u00e9rique\/Caf\u00e9s%20du%20num\u00e9rique\/Caf\u00e9%20du%20num\u00e9rique%20-%2024%3A05%3A2023&amp;openfile=31583717\" data-type=\"URL\" data-id=\"https:\/\/nuage01.apps.education.fr\/index.php\/apps\/files\/?dir=\/Num\u00e9rique\/Caf\u00e9s%20du%20num\u00e9rique\/Caf\u00e9%20du%20num\u00e9rique%20-%2024%3A05%3A2023&amp;openfile=31583717\" target=\"_blank\">Enregistrement vid\u00e9o<\/a><\/strong><\/p>\n\n\n\n<div style=\"height:50px\" aria-hidden=\"true\" class=\"wp-block-spacer\"><\/div>\n\n\n\n<p class=\"has-medium-font-size\"><strong>Caf\u00e9 n\u00b02 (13\/12\/2023) : Apps.education &#8211; Lampe Lili &#8211; RGPD<\/strong><\/p>\n\n\n\n<p><strong><a href=\"https:\/\/sites.ac-nancy-metz.fr\/biochimie\/wp-content\/uploads\/Cafe-du-numerique-Apps.education.pptx\" data-type=\"URL\" data-id=\"https:\/\/sites.ac-nancy-metz.fr\/biochimie\/wp-content\/uploads\/Cafe-du-numerique-Apps.education.pptx\" target=\"_blank\" rel=\"noreferrer noopener\">Pr\u00e9sentation de Apps.education<\/a><\/strong><\/p>\n\n\n\n<p><a href=\"https:\/\/nuage01.apps.education.fr\/index.php\/apps\/files\/?dir=\/Num\u00e9rique\/Caf\u00e9s%20du%20num\u00e9rique\/Caf\u00e9%20du%20num\u00e9rique%20-%2013%3A12%3A2023&amp;openfile=58955818\" data-type=\"URL\" data-id=\"https:\/\/nuage01.apps.education.fr\/index.php\/apps\/files\/?dir=\/Num\u00e9rique\/Caf\u00e9s%20du%20num\u00e9rique\/Caf\u00e9%20du%20num\u00e9rique%20-%2013%3A12%3A2023&amp;openfile=58955818\" target=\"_blank\" rel=\"noreferrer noopener\"><strong>Pr\u00e9sentation de la lampe Lili<\/strong><\/a><\/p>\n\n\n\n<p><a rel=\"noreferrer noopener\" href=\"https:\/\/nuage01.apps.education.fr\/index.php\/apps\/files\/?dir=\/Num\u00e9rique\/Caf\u00e9s%20du%20num\u00e9rique\/Caf\u00e9%20du%20num\u00e9rique%20-%2013%3A12%3A2023&amp;openfile=58955825\" data-type=\"URL\" data-id=\"https:\/\/nuage01.apps.education.fr\/index.php\/apps\/files\/?dir=\/Num\u00e9rique\/Caf\u00e9s%20du%20num\u00e9rique\/Caf\u00e9%20du%20num\u00e9rique%20-%2013%3A12%3A2023&amp;openfile=58955825\" target=\"_blank\"><strong>Pr\u00e9sentation du RGPD<\/strong><\/a><\/p>\n\n\n\n<p><strong><a href=\"https:\/\/nuage01.apps.education.fr\/index.php\/apps\/files\/?dir=\/Num\u00e9rique\/Caf\u00e9s%20du%20num\u00e9rique\/Caf\u00e9%20du%20num\u00e9rique%20-%2013%3A12%3A2023&amp;openfile=59662272\" data-type=\"URL\" data-id=\"https:\/\/nuage01.apps.education.fr\/index.php\/apps\/files\/?dir=\/Num\u00e9rique\/Caf\u00e9s%20du%20num\u00e9rique\/Caf\u00e9%20du%20num\u00e9rique%20-%2013%3A12%3A2023&amp;openfile=59662272\" target=\"_blank\" rel=\"noreferrer noopener\">Enregistrement vid\u00e9o<\/a><\/strong><\/p>\n","protected":false},"excerpt":{"rendered":"<p>Les caf\u00e9s du num\u00e9riques sont des rassemblements en visioconf\u00e9rence qui ont pour objectif de partager des usages ou des informations \u00e0 destinations des apprenants. Caf\u00e9 n\u00b01&#8230;<\/p>\n","protected":false},"author":13,"featured_media":0,"parent":0,"menu_order":0,"comment_status":"closed","ping_status":"closed","template":"","meta":{"footnotes":""},"class_list":["post-3834","page","type-page","status-publish","hentry"],"aioseo_notices":[],"_links":{"self":[{"href":"https:\/\/sites.ac-nancy-metz.fr\/biochimie\/wp-json\/wp\/v2\/pages\/3834","targetHints":{"allow":["GET"]}}],"collection":[{"href":"https:\/\/sites.ac-nancy-metz.fr\/biochimie\/wp-json\/wp\/v2\/pages"}],"about":[{"href":"https:\/\/sites.ac-nancy-metz.fr\/biochimie\/wp-json\/wp\/v2\/types\/page"}],"author":[{"embeddable":true,"href":"https:\/\/sites.ac-nancy-metz.fr\/biochimie\/wp-json\/wp\/v2\/users\/13"}],"replies":[{"embeddable":true,"href":"https:\/\/sites.ac-nancy-metz.fr\/biochimie\/wp-json\/wp\/v2\/comments?post=3834"}],"version-history":[{"count":10,"href":"https:\/\/sites.ac-nancy-metz.fr\/biochimie\/wp-json\/wp\/v2\/pages\/3834\/revisions"}],"predecessor-version":[{"id":4442,"href":"https:\/\/sites.ac-nancy-metz.fr\/biochimie\/wp-json\/wp\/v2\/pages\/3834\/revisions\/4442"}],"wp:attachment":[{"href":"https:\/\/sites.ac-nancy-metz.fr\/biochimie\/wp-json\/wp\/v2\/media?parent=3834"}],"curies":[{"name":"wp","href":"https:\/\/api.w.org\/{rel}","templated":true}]}}