{"id":3552,"date":"2023-06-16T15:18:12","date_gmt":"2023-06-16T13:18:12","guid":{"rendered":"https:\/\/sites.ac-nancy-metz.fr\/bonusagedunumerique\/?page_id=3552"},"modified":"2024-08-23T09:10:26","modified_gmt":"2024-08-23T07:10:26","slug":"initiative-5-is-your-life-a-game","status":"publish","type":"page","link":"https:\/\/sites.ac-nancy-metz.fr\/bonusagedunumerique\/initiative-5-is-your-life-a-game\/","title":{"rendered":"INITIATIVE 5 : Is your life a game ?"},"content":{"rendered":"\n<p><strong>Gamer\u00a0:<\/strong>\u00a0Votre vie est-elle un jeu ?<br>Un jeu de cartes qui permet de r\u00e9fl\u00e9chir sur nos comportements face aux jeux vid\u00e9os ou en ligne.\u00a0\u00a0Je peux pas, j&rsquo;ai plus qu&rsquo;une vie !<\/p>\n\n\n\n<figure class=\"wp-block-image size-large\"><img alt=\"\" fetchpriority=\"high\" decoding=\"async\" width=\"1024\" height=\"668\" src=\"https:\/\/sites.ac-nancy-metz.fr\/bonusagedunumerique\/wp-content\/uploads\/2023\/06\/regle-cartes-jeux-elab-1024x668.jpg\" alt=\"\" class=\"wp-image-3556\" srcset=\"https:\/\/sites.ac-nancy-metz.fr\/bonusagedunumerique\/wp-content\/uploads\/2023\/06\/regle-cartes-jeux-elab-1024x668.jpg 1024w, https:\/\/sites.ac-nancy-metz.fr\/bonusagedunumerique\/wp-content\/uploads\/2023\/06\/regle-cartes-jeux-elab-300x196.jpg 300w, https:\/\/sites.ac-nancy-metz.fr\/bonusagedunumerique\/wp-content\/uploads\/2023\/06\/regle-cartes-jeux-elab-768x501.jpg 768w, https:\/\/sites.ac-nancy-metz.fr\/bonusagedunumerique\/wp-content\/uploads\/2023\/06\/regle-cartes-jeux-elab-1080x705.jpg 1080w, https:\/\/sites.ac-nancy-metz.fr\/bonusagedunumerique\/wp-content\/uploads\/2023\/06\/regle-cartes-jeux-elab-980x640.jpg 980w, https:\/\/sites.ac-nancy-metz.fr\/bonusagedunumerique\/wp-content\/uploads\/2023\/06\/regle-cartes-jeux-elab-480x313.jpg 480w, https:\/\/sites.ac-nancy-metz.fr\/bonusagedunumerique\/wp-content\/uploads\/2023\/06\/regle-cartes-jeux-elab.jpg 1178w\" sizes=\"(max-width: 1024px) 100vw, 1024px\" \/><\/figure>\n\n\n\n<p>Public : Tout public&nbsp;<\/p>\n\n\n\n<p><strong>Et vous, o\u00f9 en \u00eates-vous avec votre pratique des jeux ?<\/strong><\/p>\n\n\n\n<div class=\"wp-block-buttons is-layout-flex wp-block-buttons-is-layout-flex\">\n<div class=\"wp-block-button\"><a class=\"wp-block-button__link wp-element-button\" href=\"https:\/\/sites.ac-nancy-metz.fr\/molomolo\/wp-content\/uploads\/2023\/06\/cartes-jeux-elab.jpg\">Acc\u00e8s \u00e0 la ressource<\/a><\/div>\n<\/div>\n\n\n\n<p><\/p>\n","protected":false},"excerpt":{"rendered":"<p>Gamer\u00a0:\u00a0Votre vie est-elle un jeu ?Un jeu de cartes qui permet de r\u00e9fl\u00e9chir sur nos comportements face aux jeux vid\u00e9os ou en ligne.\u00a0\u00a0Je peux pas, j&rsquo;ai plus qu&rsquo;une vie ! Public : Tout public&nbsp; Et vous, o\u00f9 en \u00eates-vous avec votre pratique des jeux ?<\/p>\n","protected":false},"author":7,"featured_media":3333,"parent":0,"menu_order":0,"comment_status":"closed","ping_status":"closed","template":"","meta":{"_seopress_robots_primary_cat":"","_seopress_titles_title":"","_seopress_titles_desc":"","_seopress_robots_index":"","footnotes":""},"categories":[19],"tags":[],"class_list":["post-3552","page","type-page","status-publish","has-post-thumbnail","hentry","category-initiative"],"_links":{"self":[{"href":"https:\/\/sites.ac-nancy-metz.fr\/bonusagedunumerique\/wp-json\/wp\/v2\/pages\/3552","targetHints":{"allow":["GET"]}}],"collection":[{"href":"https:\/\/sites.ac-nancy-metz.fr\/bonusagedunumerique\/wp-json\/wp\/v2\/pages"}],"about":[{"href":"https:\/\/sites.ac-nancy-metz.fr\/bonusagedunumerique\/wp-json\/wp\/v2\/types\/page"}],"author":[{"embeddable":true,"href":"https:\/\/sites.ac-nancy-metz.fr\/bonusagedunumerique\/wp-json\/wp\/v2\/users\/7"}],"replies":[{"embeddable":true,"href":"https:\/\/sites.ac-nancy-metz.fr\/bonusagedunumerique\/wp-json\/wp\/v2\/comments?post=3552"}],"version-history":[{"count":8,"href":"https:\/\/sites.ac-nancy-metz.fr\/bonusagedunumerique\/wp-json\/wp\/v2\/pages\/3552\/revisions"}],"predecessor-version":[{"id":4363,"href":"https:\/\/sites.ac-nancy-metz.fr\/bonusagedunumerique\/wp-json\/wp\/v2\/pages\/3552\/revisions\/4363"}],"wp:featuredmedia":[{"embeddable":true,"href":"https:\/\/sites.ac-nancy-metz.fr\/bonusagedunumerique\/wp-json\/wp\/v2\/media\/3333"}],"wp:attachment":[{"href":"https:\/\/sites.ac-nancy-metz.fr\/bonusagedunumerique\/wp-json\/wp\/v2\/media?parent=3552"}],"wp:term":[{"taxonomy":"category","embeddable":true,"href":"https:\/\/sites.ac-nancy-metz.fr\/bonusagedunumerique\/wp-json\/wp\/v2\/categories?post=3552"},{"taxonomy":"post_tag","embeddable":true,"href":"https:\/\/sites.ac-nancy-metz.fr\/bonusagedunumerique\/wp-json\/wp\/v2\/tags?post=3552"}],"curies":[{"name":"wp","href":"https:\/\/api.w.org\/{rel}","templated":true}]}}