{"id":3719,"date":"2023-06-20T14:36:22","date_gmt":"2023-06-20T12:36:22","guid":{"rendered":"https:\/\/sites.ac-nancy-metz.fr\/bonusagedunumerique\/?page_id=3719"},"modified":"2024-08-23T09:17:06","modified_gmt":"2024-08-23T07:17:06","slug":"initiative-8","status":"publish","type":"page","link":"https:\/\/sites.ac-nancy-metz.fr\/bonusagedunumerique\/initiative-8\/","title":{"rendered":"INITIATIVE 8 : Habilo M\u00e9dias"},"content":{"rendered":"\n<p><strong>Habilo m\u00e9dias<\/strong>\u00a0: comment apprendre \u00e0 bien s\u2019informer ?<br><em><strong>Habilo M\u00e9dias<\/strong><\/em>, centre canadien d\u2019\u00e9ducation aux m\u00e9dias et de litt\u00e9ratie num\u00e9rique, propose des concepts cl\u00e9s et une base pratique sous la forme d\u2019une s\u00e9rie de vid\u00e9os.<\/p>\n\n\n\n<figure class=\"wp-block-embed is-type-video is-provider-youtube wp-block-embed-youtube wp-embed-aspect-16-9 wp-has-aspect-ratio\"><div class=\"wp-block-embed__wrapper\">\n<iframe title=\"Les m\u00e9dias, qu&#039;est-ce que c&#039;est?\" width=\"800\" height=\"450\" src=\"https:\/\/www.youtube.com\/embed\/r4BWuhuQk8M?feature=oembed\" frameborder=\"0\" allow=\"accelerometer; autoplay; clipboard-write; encrypted-media; gyroscope; picture-in-picture; web-share\" referrerpolicy=\"strict-origin-when-cross-origin\" allowfullscreen><\/iframe>\n<\/div><\/figure>\n\n\n\n<p>Premiers pas : apprenez-en plus sur les diff\u00e9rentes formes de m\u00e9dias, des m\u00e9dias imprim\u00e9s \u00e0 la t\u00e9l\u00e9vision, en passant par la radio, les sites Web, les m\u00e9dias virtuels et le r\u00e9seautage social.<\/p>\n\n\n\n<p>Public : Parents et \u00e9l\u00e8ves de coll\u00e8ge<\/p>\n\n\n\n<p><strong>Et vous, o\u00f9 en \u00eates-vous avec les m\u00e9dias ?<\/strong><\/p>\n\n\n\n<div class=\"wp-block-columns is-layout-flex wp-container-core-columns-is-layout-28f84493 wp-block-columns-is-layout-flex\">\n<div class=\"wp-block-column is-layout-flow wp-block-column-is-layout-flow\">\n<div class=\"wp-block-buttons is-layout-flex wp-block-buttons-is-layout-flex\">\n<div class=\"wp-block-button\"><a class=\"wp-block-button__link wp-element-button\" href=\"https:\/\/habilomedias.ca\/%C3%A9ducation-m%C3%A9dias-101\">Acc\u00e8s \u00e0 la ressouce<\/a><\/div>\n<\/div>\n<\/div>\n\n\n\n<div class=\"wp-block-column is-layout-flow wp-block-column-is-layout-flow\">\n<div class=\"wp-block-buttons is-layout-flex wp-block-buttons-is-layout-flex\">\n<div class=\"wp-block-button\"><a class=\"wp-block-button__link wp-element-button\" href=\"https:\/\/sites.ac-nancy-metz.fr\/molomolo\/wp-content\/uploads\/2023\/06\/08_Habil_media-1.pdf\">Fiche ressource<\/a><\/div>\n<\/div>\n<\/div>\n<\/div>\n","protected":false},"excerpt":{"rendered":"<p>Habilo m\u00e9dias\u00a0: comment apprendre \u00e0 bien s\u2019informer ?Habilo M\u00e9dias, centre canadien d\u2019\u00e9ducation aux m\u00e9dias et de litt\u00e9ratie num\u00e9rique, propose des concepts cl\u00e9s et une base pratique sous la forme d\u2019une s\u00e9rie de vid\u00e9os. Premiers pas : apprenez-en plus sur les diff\u00e9rentes formes de m\u00e9dias, des m\u00e9dias imprim\u00e9s \u00e0 la t\u00e9l\u00e9vision, en passant par la radio, [&hellip;]<\/p>\n","protected":false},"author":7,"featured_media":3316,"parent":0,"menu_order":0,"comment_status":"closed","ping_status":"closed","template":"","meta":{"_seopress_robots_primary_cat":"","_seopress_titles_title":"","_seopress_titles_desc":"","_seopress_robots_index":"","footnotes":""},"categories":[19],"tags":[],"class_list":["post-3719","page","type-page","status-publish","has-post-thumbnail","hentry","category-initiative"],"_links":{"self":[{"href":"https:\/\/sites.ac-nancy-metz.fr\/bonusagedunumerique\/wp-json\/wp\/v2\/pages\/3719","targetHints":{"allow":["GET"]}}],"collection":[{"href":"https:\/\/sites.ac-nancy-metz.fr\/bonusagedunumerique\/wp-json\/wp\/v2\/pages"}],"about":[{"href":"https:\/\/sites.ac-nancy-metz.fr\/bonusagedunumerique\/wp-json\/wp\/v2\/types\/page"}],"author":[{"embeddable":true,"href":"https:\/\/sites.ac-nancy-metz.fr\/bonusagedunumerique\/wp-json\/wp\/v2\/users\/7"}],"replies":[{"embeddable":true,"href":"https:\/\/sites.ac-nancy-metz.fr\/bonusagedunumerique\/wp-json\/wp\/v2\/comments?post=3719"}],"version-history":[{"count":8,"href":"https:\/\/sites.ac-nancy-metz.fr\/bonusagedunumerique\/wp-json\/wp\/v2\/pages\/3719\/revisions"}],"predecessor-version":[{"id":4373,"href":"https:\/\/sites.ac-nancy-metz.fr\/bonusagedunumerique\/wp-json\/wp\/v2\/pages\/3719\/revisions\/4373"}],"wp:featuredmedia":[{"embeddable":true,"href":"https:\/\/sites.ac-nancy-metz.fr\/bonusagedunumerique\/wp-json\/wp\/v2\/media\/3316"}],"wp:attachment":[{"href":"https:\/\/sites.ac-nancy-metz.fr\/bonusagedunumerique\/wp-json\/wp\/v2\/media?parent=3719"}],"wp:term":[{"taxonomy":"category","embeddable":true,"href":"https:\/\/sites.ac-nancy-metz.fr\/bonusagedunumerique\/wp-json\/wp\/v2\/categories?post=3719"},{"taxonomy":"post_tag","embeddable":true,"href":"https:\/\/sites.ac-nancy-metz.fr\/bonusagedunumerique\/wp-json\/wp\/v2\/tags?post=3719"}],"curies":[{"name":"wp","href":"https:\/\/api.w.org\/{rel}","templated":true}]}}