{"id":3724,"date":"2023-06-20T14:54:04","date_gmt":"2023-06-20T12:54:04","guid":{"rendered":"https:\/\/sites.ac-nancy-metz.fr\/bonusagedunumerique\/?page_id=3724"},"modified":"2024-08-23T09:19:06","modified_gmt":"2024-08-23T07:19:06","slug":"initiative-9","status":"publish","type":"page","link":"https:\/\/sites.ac-nancy-metz.fr\/bonusagedunumerique\/initiative-9\/","title":{"rendered":"INITIATIVE 9 : Info ou intox ?"},"content":{"rendered":"\n<p><strong>Info ou intox\u00a0:\u00a0<\/strong>comment d\u00e9crypter une fake news ?<br>La fiche d\u00e9crypte les \u00e9l\u00e9ments constituant une fake news sur les r\u00e9seaux sociaux.<\/p>\n\n\n\n<p>Activit\u00e9 collaborative pour r\u00e9pondre aux questions et \u00e9changer sous forme de d\u00e9bat avec r\u00e9alisation d&rsquo;une synth\u00e8se.<\/p>\n\n\n\n<p>Public :&nbsp;\u00c9l\u00e8ves de 5e, 4e et 3e et parents.<\/p>\n\n\n\n<p>Dur\u00e9e estim\u00e9e : 1 heure, prolongement sur une demi-journ\u00e9e avec cr\u00e9ation de contenu (affiche, nuage de mots, quiz etc.)<\/p>\n\n\n\n<p><strong>Et vous, o\u00f9 en \u00eates-vous avec les fake news ?<\/strong><\/p>\n\n\n\n<div class=\"wp-block-columns is-layout-flex wp-container-core-columns-is-layout-28f84493 wp-block-columns-is-layout-flex\">\n<div class=\"wp-block-column is-layout-flow wp-block-column-is-layout-flow\">\n<div class=\"wp-block-buttons is-layout-flex wp-block-buttons-is-layout-flex\">\n<div class=\"wp-block-button\"><a class=\"wp-block-button__link wp-element-button\" href=\"https:\/\/sites.ac-nancy-metz.fr\/molomolo\/wp-content\/uploads\/2023\/06\/cartes-infointox.jpg\">Acc\u00e8s \u00e0 la ressource<\/a><\/div>\n<\/div>\n<\/div>\n\n\n\n<div class=\"wp-block-column is-layout-flow wp-block-column-is-layout-flow\">\n<div class=\"wp-block-buttons is-layout-flex wp-block-buttons-is-layout-flex\">\n<div class=\"wp-block-button\"><a class=\"wp-block-button__link wp-element-button\" href=\"https:\/\/sites.ac-nancy-metz.fr\/molomolo\/wp-content\/uploads\/2023\/06\/09_Info_intox.pdf\">Fiche ressource<\/a><\/div>\n<\/div>\n<\/div>\n<\/div>\n","protected":false},"excerpt":{"rendered":"<p>Info ou intox\u00a0:\u00a0comment d\u00e9crypter une fake news ?La fiche d\u00e9crypte les \u00e9l\u00e9ments constituant une fake news sur les r\u00e9seaux sociaux. Activit\u00e9 collaborative pour r\u00e9pondre aux questions et \u00e9changer sous forme de d\u00e9bat avec r\u00e9alisation d&rsquo;une synth\u00e8se. Public :&nbsp;\u00c9l\u00e8ves de 5e, 4e et 3e et parents. Dur\u00e9e estim\u00e9e : 1 heure, prolongement sur une demi-journ\u00e9e avec [&hellip;]<\/p>\n","protected":false},"author":7,"featured_media":3317,"parent":0,"menu_order":0,"comment_status":"closed","ping_status":"closed","template":"","meta":{"_seopress_robots_primary_cat":"","_seopress_titles_title":"","_seopress_titles_desc":"","_seopress_robots_index":"","footnotes":""},"categories":[19],"tags":[],"class_list":["post-3724","page","type-page","status-publish","has-post-thumbnail","hentry","category-initiative"],"_links":{"self":[{"href":"https:\/\/sites.ac-nancy-metz.fr\/bonusagedunumerique\/wp-json\/wp\/v2\/pages\/3724","targetHints":{"allow":["GET"]}}],"collection":[{"href":"https:\/\/sites.ac-nancy-metz.fr\/bonusagedunumerique\/wp-json\/wp\/v2\/pages"}],"about":[{"href":"https:\/\/sites.ac-nancy-metz.fr\/bonusagedunumerique\/wp-json\/wp\/v2\/types\/page"}],"author":[{"embeddable":true,"href":"https:\/\/sites.ac-nancy-metz.fr\/bonusagedunumerique\/wp-json\/wp\/v2\/users\/7"}],"replies":[{"embeddable":true,"href":"https:\/\/sites.ac-nancy-metz.fr\/bonusagedunumerique\/wp-json\/wp\/v2\/comments?post=3724"}],"version-history":[{"count":8,"href":"https:\/\/sites.ac-nancy-metz.fr\/bonusagedunumerique\/wp-json\/wp\/v2\/pages\/3724\/revisions"}],"predecessor-version":[{"id":4375,"href":"https:\/\/sites.ac-nancy-metz.fr\/bonusagedunumerique\/wp-json\/wp\/v2\/pages\/3724\/revisions\/4375"}],"wp:featuredmedia":[{"embeddable":true,"href":"https:\/\/sites.ac-nancy-metz.fr\/bonusagedunumerique\/wp-json\/wp\/v2\/media\/3317"}],"wp:attachment":[{"href":"https:\/\/sites.ac-nancy-metz.fr\/bonusagedunumerique\/wp-json\/wp\/v2\/media?parent=3724"}],"wp:term":[{"taxonomy":"category","embeddable":true,"href":"https:\/\/sites.ac-nancy-metz.fr\/bonusagedunumerique\/wp-json\/wp\/v2\/categories?post=3724"},{"taxonomy":"post_tag","embeddable":true,"href":"https:\/\/sites.ac-nancy-metz.fr\/bonusagedunumerique\/wp-json\/wp\/v2\/tags?post=3724"}],"curies":[{"name":"wp","href":"https:\/\/api.w.org\/{rel}","templated":true}]}}