{"id":3755,"date":"2023-06-20T15:27:23","date_gmt":"2023-06-20T13:27:23","guid":{"rendered":"https:\/\/sites.ac-nancy-metz.fr\/bonusagedunumerique\/?page_id=3755"},"modified":"2024-08-23T09:12:00","modified_gmt":"2024-08-23T07:12:00","slug":"initiative-16","status":"publish","type":"page","link":"https:\/\/sites.ac-nancy-metz.fr\/bonusagedunumerique\/initiative-16\/","title":{"rendered":"INITIATIVE 16 : lendemain de match"},"content":{"rendered":"\n<p><strong>Lendemain de match :&nbsp;<\/strong>Comment utiliser les r\u00e9seaux sociaux de fa\u00e7on responsable ?<br>En partant d\u2019une situation concr\u00e8te : \u00ab Jour de match entre les filles et les gar\u00e7ons \u00bb, ce sc\u00e9nario fait r\u00e9fl\u00e9chir le jeune sur l\u2019utilisation des r\u00e9seaux sociaux (ici Snapchat) et sur les cons\u00e9quences des photos et des commentaires qui peuvent \u00eatre diffus\u00e9s sur un r\u00e9seau social.<\/p>\n\n\n\n<p>Public : les coll\u00e9giens et lyc\u00e9ens<\/p>\n\n\n\n<p><strong>A vous de tester !<\/strong><\/p>\n\n\n\n<div class=\"wp-block-columns is-layout-flex wp-container-core-columns-is-layout-28f84493 wp-block-columns-is-layout-flex\">\n<div class=\"wp-block-column is-layout-flow wp-block-column-is-layout-flow\">\n<div class=\"wp-block-buttons is-layout-flex wp-block-buttons-is-layout-flex\">\n<div class=\"wp-block-button\"><a class=\"wp-block-button__link wp-element-button\" href=\"https:\/\/sites.ac-nancy-metz.fr\/molomolo\/wp-content\/uploads\/2023\/06\/scenario_lendemain_de_match.pdf\">Acc\u00e8s \u00e0 la ressource<\/a><\/div>\n<\/div>\n<\/div>\n\n\n\n<div class=\"wp-block-column is-layout-flow wp-block-column-is-layout-flow\">\n<div class=\"wp-block-buttons is-layout-flex wp-block-buttons-is-layout-flex\">\n<div class=\"wp-block-button\"><a class=\"wp-block-button__link wp-element-button\" href=\"https:\/\/sites.ac-nancy-metz.fr\/molomolo\/wp-content\/uploads\/2023\/06\/16_lendemain_de_match.pdf\">Fiche ressource<\/a><\/div>\n<\/div>\n<\/div>\n<\/div>\n","protected":false},"excerpt":{"rendered":"<p>Lendemain de match :&nbsp;Comment utiliser les r\u00e9seaux sociaux de fa\u00e7on responsable ?En partant d\u2019une situation concr\u00e8te : \u00ab Jour de match entre les filles et les gar\u00e7ons \u00bb, ce sc\u00e9nario fait r\u00e9fl\u00e9chir le jeune sur l\u2019utilisation des r\u00e9seaux sociaux (ici Snapchat) et sur les cons\u00e9quences des photos et des commentaires qui peuvent \u00eatre diffus\u00e9s sur [&hellip;]<\/p>\n","protected":false},"author":7,"featured_media":3324,"parent":0,"menu_order":0,"comment_status":"closed","ping_status":"closed","template":"","meta":{"_seopress_robots_primary_cat":"","_seopress_titles_title":"","_seopress_titles_desc":"","_seopress_robots_index":"","footnotes":""},"categories":[19],"tags":[],"class_list":["post-3755","page","type-page","status-publish","has-post-thumbnail","hentry","category-initiative"],"_links":{"self":[{"href":"https:\/\/sites.ac-nancy-metz.fr\/bonusagedunumerique\/wp-json\/wp\/v2\/pages\/3755","targetHints":{"allow":["GET"]}}],"collection":[{"href":"https:\/\/sites.ac-nancy-metz.fr\/bonusagedunumerique\/wp-json\/wp\/v2\/pages"}],"about":[{"href":"https:\/\/sites.ac-nancy-metz.fr\/bonusagedunumerique\/wp-json\/wp\/v2\/types\/page"}],"author":[{"embeddable":true,"href":"https:\/\/sites.ac-nancy-metz.fr\/bonusagedunumerique\/wp-json\/wp\/v2\/users\/7"}],"replies":[{"embeddable":true,"href":"https:\/\/sites.ac-nancy-metz.fr\/bonusagedunumerique\/wp-json\/wp\/v2\/comments?post=3755"}],"version-history":[{"count":6,"href":"https:\/\/sites.ac-nancy-metz.fr\/bonusagedunumerique\/wp-json\/wp\/v2\/pages\/3755\/revisions"}],"predecessor-version":[{"id":4369,"href":"https:\/\/sites.ac-nancy-metz.fr\/bonusagedunumerique\/wp-json\/wp\/v2\/pages\/3755\/revisions\/4369"}],"wp:featuredmedia":[{"embeddable":true,"href":"https:\/\/sites.ac-nancy-metz.fr\/bonusagedunumerique\/wp-json\/wp\/v2\/media\/3324"}],"wp:attachment":[{"href":"https:\/\/sites.ac-nancy-metz.fr\/bonusagedunumerique\/wp-json\/wp\/v2\/media?parent=3755"}],"wp:term":[{"taxonomy":"category","embeddable":true,"href":"https:\/\/sites.ac-nancy-metz.fr\/bonusagedunumerique\/wp-json\/wp\/v2\/categories?post=3755"},{"taxonomy":"post_tag","embeddable":true,"href":"https:\/\/sites.ac-nancy-metz.fr\/bonusagedunumerique\/wp-json\/wp\/v2\/tags?post=3755"}],"curies":[{"name":"wp","href":"https:\/\/api.w.org\/{rel}","templated":true}]}}