{"id":2923,"date":"2015-04-09T12:06:00","date_gmt":"2015-04-09T11:06:00","guid":{"rendered":"https:\/\/sites.ac-nancy-metz.fr\/cachecachemicro\/?page_id=2923"},"modified":"2025-12-03T10:36:20","modified_gmt":"2025-12-03T09:36:20","slug":"acceuil","status":"publish","type":"page","link":"https:\/\/sites.ac-nancy-metz.fr\/cachecachemicro\/","title":{"rendered":"Cache-Cache Micro, la radio \u00e0 l&rsquo;\u00e9cole"},"content":{"rendered":"<div class=\"wp-block-image\">\n<figure class=\"aligncenter size-large is-resized\"><img decoding=\"async\" loading=\"lazy\" src=\"https:\/\/sites.ac-nancy-metz.fr\/cachecachemicro\/wp-content\/uploads\/2024\/10\/logo-ccm-ombre-1024x1024.png\" alt=\"\" class=\"wp-image-10305\" style=\"width:246px;height:246px\" width=\"246\" height=\"246\" srcset=\"https:\/\/sites.ac-nancy-metz.fr\/cachecachemicro\/wp-content\/uploads\/2024\/10\/logo-ccm-ombre-1024x1024.png 1024w, https:\/\/sites.ac-nancy-metz.fr\/cachecachemicro\/wp-content\/uploads\/2024\/10\/logo-ccm-ombre-300x300.png 300w, https:\/\/sites.ac-nancy-metz.fr\/cachecachemicro\/wp-content\/uploads\/2024\/10\/logo-ccm-ombre-150x150.png 150w, https:\/\/sites.ac-nancy-metz.fr\/cachecachemicro\/wp-content\/uploads\/2024\/10\/logo-ccm-ombre-768x768.png 768w, https:\/\/sites.ac-nancy-metz.fr\/cachecachemicro\/wp-content\/uploads\/2024\/10\/logo-ccm-ombre-1536x1536.png 1536w, https:\/\/sites.ac-nancy-metz.fr\/cachecachemicro\/wp-content\/uploads\/2024\/10\/logo-ccm-ombre-2048x2048.png 2048w\" sizes=\"(max-width: 246px) 100vw, 246px\" \/><\/figure><\/div>\n\n\n<p>&nbsp;Cache-Cache M\u00e9dia est un collectif d&rsquo;enseignants convaincus que la radio est un m\u00e9dia formidable dans l&rsquo;acquisition des savoirs, des savoir-faire ainsi que dans la construction de l&rsquo;estime de soi et de l&rsquo;esprit critique, pour les enfants de l&rsquo;\u00e9cole primaire. Ils r\u00e9alisent r\u00e9guli\u00e8rement des \u00e9missions de radio dans leur classe (Cache-Cache Micro et Coucou Magazine ). Cache-Cache M\u00e9dia est une association loi 1901, aussi, une adh\u00e9sion de 5 euros par classe participante est demand\u00e9e. <\/p>\n\n\n\n<p>&nbsp;Ces \u00e9missions sont diffus\u00e9es quotidiennement sur <a href=\"http:\/\/www.radiodeclic.fr\">Radio D\u00e9clic<\/a>.<\/p>\n\n\n\n<p>Vous pouvez retrouver les derni\u00e8res \u00e9missions ici ( <a href=\"https:\/\/lite.framacalc.org\/archives-ccm-2024-2025-a9xl.html\">Planning pr\u00e9visionnel saison 2025-2026<\/a> ) : <\/p>\n\n\n\n<div style=\"height:13px\" aria-hidden=\"true\" class=\"wp-block-spacer\"><\/div>\n\n\n\n<iframe loading=\"lazy\" style=\"border-radius: 10px;\" scrolling=\"no\" id=\"hearthis_at_user_511147\" width=\"100%\" height=\"350\" src=\"https:\/\/hearthis.at\/set\/511147\/embed\/jVzd5\/\" frameborder=\"0\" allowtransparency allow=\"autoplay\"><\/iframe>\n\n\n\n<div style=\"height:17px\" aria-hidden=\"true\" class=\"wp-block-spacer\"><\/div>\n\n\n\n<p>Les saisons pr\u00e9c\u00e9dentes sont ici :<\/p>\n\n\n\n<p><a href=\"https:\/\/sites.ac-nancy-metz.fr\/cachecachemicro\/2025\/12\/03\/cache-cache-micro-2024-2025\/\">\u00e9missions cache-cache-micro 2024-2025<\/a><\/p>\n\n\n\n<p><a href=\"https:\/\/sites.ac-nancy-metz.fr\/cachecachemicro\/wp-content\/uploads\/2023\/10\/emissions-cache-cache-micro-2022-2023.pdf\">\u00e9missions cache-cache-micro 2023-2024<\/a><\/p>\n\n\n\n<p><a href=\"https:\/\/sites.ac-nancy-metz.fr\/cachecachemicro\/wp-content\/uploads\/2023\/10\/emissions-cache-cache-micro-2022-2023.pdf\">\u00e9missions cache-cache-micro 2022-2023<\/a><\/p>\n\n\n\n<p><a href=\"https:\/\/sites.ac-nancy-metz.fr\/cachecachemicro\/wp-content\/uploads\/2023\/10\/emissions-cache-cache-micro-2021-2022-1.pdf\">\u00e9missions cache-cache-micro 2021-2022<\/a><\/p>\n\n\n\n<p><a href=\"https:\/\/sites.ac-nancy-metz.fr\/cachecachemicro\/wp-content\/uploads\/2023\/10\/emissions-cache-cache-micro-2020-2021.pdf\">\u00e9missions cache-cache-micro 2020-2021<\/a><\/p>\n\n\n\n<p><a href=\"https:\/\/sites.ac-nancy-metz.fr\/cachecachemicro\/wp-content\/uploads\/2023\/10\/emissions-cache-cache-micro-2019-2020.pdf\">\u00e9missions cache-cache-micro 2019-2020<\/a><\/p>\n\n\n\n<p><a href=\"https:\/\/sites.ac-nancy-metz.fr\/cachecachemicro\/wp-content\/uploads\/2023\/10\/emissions-cache-cache-micro-2018-2019.pdf\">\u00e9missions cache-cache-micro 2018-2019<\/a><\/p>\n\n\n\n<p><a href=\"https:\/\/sites.ac-nancy-metz.fr\/cachecachemicro\/wp-content\/uploads\/2023\/10\/emissions-cache-cache-micro-2017-2018.pdf\">\u00e9missions cache-cache-micro 2017-2018<\/a><\/p>\n\n\n\n<p><a href=\"https:\/\/sites.ac-nancy-metz.fr\/cachecachemicro\/wp-content\/uploads\/2023\/10\/emissions-cache-cache-micro-2016-2017.pdf\">\u00e9missions cache-cache-micro 2016-2017<\/a><\/p>\n\n\n\n<p><a href=\"https:\/\/sites.ac-nancy-metz.fr\/cachecachemicro\/wp-content\/uploads\/2023\/10\/emissions-cache-cache-micro-2015-2016.pdf\">\u00e9missions cache-cache-micro 2015-2016<\/a><\/p>\n","protected":false},"excerpt":{"rendered":"<p>&nbsp;Cache-Cache M\u00e9dia est un collectif d&rsquo;enseignants convaincus que la radio est un m\u00e9dia formidable dans l&rsquo;acquisition des savoirs, des savoir-faire ainsi que dans la construction de l&rsquo;estime de soi et de l&rsquo;esprit critique, pour les enfants de l&rsquo;\u00e9cole primaire. Ils r\u00e9alisent r\u00e9guli\u00e8rement des \u00e9missions de radio dans leur classe (Cache-Cache Micro et Coucou Magazine ). [&hellip;]<\/p>\n","protected":false},"author":1,"featured_media":0,"parent":0,"menu_order":0,"comment_status":"closed","ping_status":"open","template":"","meta":{"footnotes":""},"_links":{"self":[{"href":"https:\/\/sites.ac-nancy-metz.fr\/cachecachemicro\/wp-json\/wp\/v2\/pages\/2923"}],"collection":[{"href":"https:\/\/sites.ac-nancy-metz.fr\/cachecachemicro\/wp-json\/wp\/v2\/pages"}],"about":[{"href":"https:\/\/sites.ac-nancy-metz.fr\/cachecachemicro\/wp-json\/wp\/v2\/types\/page"}],"author":[{"embeddable":true,"href":"https:\/\/sites.ac-nancy-metz.fr\/cachecachemicro\/wp-json\/wp\/v2\/users\/1"}],"replies":[{"embeddable":true,"href":"https:\/\/sites.ac-nancy-metz.fr\/cachecachemicro\/wp-json\/wp\/v2\/comments?post=2923"}],"version-history":[{"count":44,"href":"https:\/\/sites.ac-nancy-metz.fr\/cachecachemicro\/wp-json\/wp\/v2\/pages\/2923\/revisions"}],"predecessor-version":[{"id":10349,"href":"https:\/\/sites.ac-nancy-metz.fr\/cachecachemicro\/wp-json\/wp\/v2\/pages\/2923\/revisions\/10349"}],"wp:attachment":[{"href":"https:\/\/sites.ac-nancy-metz.fr\/cachecachemicro\/wp-json\/wp\/v2\/media?parent=2923"}],"curies":[{"name":"wp","href":"https:\/\/api.w.org\/{rel}","templated":true}]}}