{"id":7052,"date":"2017-10-13T14:17:30","date_gmt":"2017-10-13T12:17:30","guid":{"rendered":"https:\/\/sites.ac-nancy-metz.fr\/cachecachemicro\/?page_id=7052"},"modified":"2018-06-25T02:38:40","modified_gmt":"2018-06-25T00:38:40","slug":"fraternissonsc1","status":"publish","type":"page","link":"https:\/\/sites.ac-nancy-metz.fr\/cachecachemicro\/fraternissonsc1\/","title":{"rendered":"Fraternis&rsquo;Sons Cycle 1"},"content":{"rendered":"<p><span style=\"font-family: verdana, geneva, sans-serif; font-size: 24pt;\">Fraternis&rsquo;Sons<\/span><\/p>\n<p><span style=\"font-family: verdana, geneva, sans-serif; font-size: 18pt;\">Travail sur le th\u00e8me de la fraternit\u00e9.<\/span><\/p>\n<p style=\"text-align: center;\"><span style=\"font-size: 18pt; color: #ff0000;\">Rencontres inter-classes <\/span><\/p>\n<p style=\"text-align: center;\"><span style=\"font-size: 18pt; color: #ff0000;\">le lundi 4 juin et le lundi 11 juin<\/span><\/p>\n<p><span style=\"font-size: 14pt;\"><strong><span style=\"color: #800080;\">&#8211; lundi 4 juin<\/span><\/strong> au matin , <\/span><\/p>\n<p><span style=\"font-size: 14pt;\"><strong>\u00a0\u00a0\u00a0\u00a0\u00a0\u00a0\u00a0\u00a0\u00a0\u00a0\u00a0\u00a0\u00a0\u00a0\u00a0\u00a0\u00a0\u00a0\u00a0\u00a0\u00a0\u00a0\u00a0\u00a0\u00a0\u00a0\u00a0\u00a0\u00a0\u00a0\u00a0\u00a0\u00a0\u00a0\u00a0\u00a0 rencontres des 4 classes de MS-GS <\/strong><\/span><\/p>\n<p>Ecoles maternelles de Jean Feidt \u00e0 Toul, R\u00e9gina \u00e0 Toul , de Chaudeney et de Vannes le Ch\u00e2tel<br \/>\n<span style=\"font-size: 14pt;\"><strong><span style=\"color: #ff6600;\">&#8211; lundi 11 juin<\/span><\/strong> au matin, <\/span><\/p>\n<p><span style=\"font-size: 14pt;\">\u00a0\u00a0\u00a0\u00a0\u00a0\u00a0\u00a0\u00a0\u00a0\u00a0\u00a0\u00a0\u00a0\u00a0\u00a0\u00a0\u00a0\u00a0\u00a0\u00a0\u00a0\u00a0\u00a0\u00a0\u00a0\u00a0\u00a0\u00a0\u00a0\u00a0\u00a0\u00a0\u00a0\u00a0\u00a0\u00a0\u00a0\u00a0<strong> rencontres des 3 classes maternelles du REP<\/strong> <\/span><\/p>\n<p><span style=\"font-size: 14pt;\">\u00a0\u00a0\u00a0\u00a0\u00a0\u00a0\u00a0\u00a0\u00a0\u00a0\u00a0\u00a0\u00a0\u00a0\u00a0\u00a0\u00a0\u00a0\u00a0\u00a0\u00a0\u00a0\u00a0\u00a0\u00a0\u00a0\u00a0\u00a0\u00a0\u00a0\u00a0\u00a0\u00a0\u00a0\u00a0\u00a0\u00a0\u00a0\u00a0\u00a0\u00a0\u00a0\u00a0\u00a0\u00a0\u00a0\u00a0\u00a0\u00a0\u00a0\u00a0\u00a0\u00a0\u00a0\u00a0\u00a0\u00a0\u00a0\u00a0\u00a0\u00a0\u00a0\u00a0\u00a0\u00a0\u00a0\u00a0\u00a0\u00a0\u00a0\u00a0\u00a0\u00a0\u00a0\u00a0\u00a0\u00a0\u00a0\u00a0\u00a0\u00a0\u00a0\u00a0 (Ecoles Jean Feidt et R\u00e9gina de Toul).<\/span><\/p>\n<p style=\"text-align: center;\"><span style=\"font-family: verdana, geneva, sans-serif; font-size: 18pt;\"><strong><span style=\"color: #333399;\">Travail sur le th\u00e8me de la fraternit\u00e9 cycle 1<\/span><\/strong><br \/>\n<\/span><\/p>\n<p style=\"text-align: center;\"><span style=\"font-size: 18pt; color: #ff0000;\"><strong><span style=\"font-family: verdana, geneva, sans-serif;\">5 livres choisis <\/span><\/strong><\/span><\/p>\n<p style=\"text-align: center;\"><span style=\"font-size: 18pt; color: #800000;\"><strong><span style=\"font-family: verdana, geneva, sans-serif;\">pour les enfants du cycle 1<\/span><\/strong><\/span><\/p>\n<p><span style=\"color: #ff6600;\"><strong>&#8211; <\/strong><\/span><span style=\"font-size: 18pt;\"><span style=\"color: #ff6600;\"><strong>\u00ab\u00a0Frigo vide\u00a0\u00bb<\/strong><\/span> de Ga\u00ebtan Doremus<\/span><\/p>\n<p><span style=\"font-size: 18pt;\"><span style=\"color: #ff6600;\"><strong>&#8211; \u00ab\u00a0Oiseau et Croco\u00a0\u00bb<\/strong><\/span> d&rsquo;Alexis Deacon<\/span><\/p>\n<p style=\"text-align: left;\"><span style=\"font-size: 18pt; color: #ff6600;\"><strong>&#8211; \u00ab\u00a0Ensemble \u00e0 l&rsquo;\u00e9cole avec Fetitsa\u00a0\u00bb<\/strong>\u00a0 <\/span><\/p>\n<p style=\"text-align: left;\"><span style=\"font-size: 18pt;\"><span style=\"color: #ff6600;\"><strong>&#8211; \u00ab\u00a0Brise cabane\u00a0\u00bb<\/strong><\/span> de Robert Giraud. <\/span><\/p>\n<p style=\"text-align: left;\"><span style=\"font-size: 18pt;\"><span style=\"color: #ff6600;\"><strong>&#8211; \u00ab\u00a0Mercredi\u00a0\u00bb<\/strong><\/span> d&rsquo;Anne Bertier<\/span><\/p>\n<p style=\"text-align: center;\"><span style=\"font-size: 14pt;\"><strong>***********************************************************************<\/strong><\/span><\/p>\n<p><span style=\"font-size: 14pt;\"><strong><span style=\"font-size: 18pt;\"><img decoding=\"async\" loading=\"lazy\" class=\"wp-image-7311 alignleft\" src=\"https:\/\/sites.ac-nancy-metz.fr\/cachecachemicro\/wp-content\/uploads\/2017\/10\/LIvre-Frigo-vide-181x300.jpg\" alt=\"\" width=\"161\" height=\"267\" srcset=\"https:\/\/sites.ac-nancy-metz.fr\/cachecachemicro\/wp-content\/uploads\/2017\/10\/LIvre-Frigo-vide-181x300.jpg 181w, https:\/\/sites.ac-nancy-metz.fr\/cachecachemicro\/wp-content\/uploads\/2017\/10\/LIvre-Frigo-vide-309x512.jpg 309w, https:\/\/sites.ac-nancy-metz.fr\/cachecachemicro\/wp-content\/uploads\/2017\/10\/LIvre-Frigo-vide.jpg 362w\" sizes=\"(max-width: 161px) 100vw, 161px\" \/>\u00ab\u00a0Frigo v<\/span><\/strong><\/span><span style=\"font-size: 14pt;\"><strong><span style=\"font-size: 18pt;\">ide\u00a0\u00bb<\/span> <\/strong><\/span><\/p>\n<p style=\"text-align: center;\"><span style=\"font-size: 14pt;\"><strong>de Ga\u00ebtan Dor\u00e9mus. <\/strong><\/span><\/p>\n<p style=\"text-align: center;\"><span style=\"font-size: 14pt;\"><span style=\"font-size: 12pt;\">Seuil<\/span><\/span><\/p>\n<p><em>Trop occup\u00e9 par sa journ\u00e9e, personne n&rsquo;a pens\u00e9 \u00e0 acheter \u00e0 manger.<\/em><em>Plus un seul paquet de nouilles dans les placards, plus un seul poireau dans le frigo !<\/em><em>Bref, c&rsquo;est la catastrophe !<\/em><em>Mais peut \u00eatre que le voisin du dessus aurait un petit quelque chose \u00e0 grignoter&#8230;<\/em><\/p>\n<p>&nbsp;<\/p>\n<p><span style=\"font-size: 14pt;\"><strong><span style=\"color: #ff6600;\">Vous pouvez t\u00e9l\u00e9charger:<\/span><\/strong><\/span><\/p>\n<ul>\n<li><strong><span style=\"color: #800080;\"><a style=\"color: #800080;\" href=\"https:\/\/sites.ac-nancy-metz.fr\/cachecachemicro\/wp-content\/uploads\/2017\/10\/Frigo-vide-texte.pdf\">Le texte<\/a><\/span><\/strong><\/li>\n<li><strong><span style=\"color: #800080;\"><a style=\"color: #800080;\" href=\"https:\/\/sites.ac-nancy-metz.fr\/cachecachemicro\/wp-content\/uploads\/2017\/10\/Frigo-vide-illustrations-et-texte.pdf\">Le texte avec les illustrations<\/a><\/span><\/strong><\/li>\n<\/ul>\n<div>\n<div><span style=\"color: #800080;\"><strong>Le 21\/06\/18<\/strong><\/span><\/div>\n<div>Les enfants de CP de l&rsquo;\u00e9cole P et M Curie de Toul ont r\u00e9alis\u00e9 une \u00e9mission Fraternis&rsquo;sons.<\/div>\n<div>Ils ont souhait\u00e9 nous parler des personnes qui vivent dans la rue, les SDF, Sans Domicile Fixe &#8230;<\/div>\n<\/div>\n<div><\/div>\n<div>\n<!--[if lt IE 9]><script>document.createElement('audio');<\/script><![endif]-->\n<audio class=\"wp-audio-shortcode\" id=\"audio-7052-1\" preload=\"none\" style=\"width: 100%;\" controls=\"controls\"><source type=\"audio\/mpeg\" src=\"https:\/\/sites.ac-nancy-metz.fr\/cachecachemicro\/wp-content\/uploads\/2018\/06\/Fraternissons-CP-Curie-Toul.mp3?_=1\" \/><a href=\"https:\/\/sites.ac-nancy-metz.fr\/cachecachemicro\/wp-content\/uploads\/2018\/06\/Fraternissons-CP-Curie-Toul.mp3\">https:\/\/sites.ac-nancy-metz.fr\/cachecachemicro\/wp-content\/uploads\/2018\/06\/Fraternissons-CP-Curie-Toul.mp3<\/a><\/audio>\n<\/div>\n<div>\n<div><\/div>\n<p><span style=\"color: #800080;\"><strong>Le 14\/06\/18<\/strong><\/span><\/div>\n<div>Les enfants de CP\/CE1 de l&rsquo;\u00e9cole P et M Curie de Toul ont imagin\u00e9 une histoire \u00e0 partir des illustrations du livre&#8230;.<\/div>\n<div>Les personnages parlent, la vie s&rsquo;installe &#8230;.avec la f\u00eate des voisins, c&rsquo;est la fraternit\u00e9 !<\/div>\n<div><\/div>\n<div><\/div>\n<div>\n<audio class=\"wp-audio-shortcode\" id=\"audio-7052-2\" preload=\"none\" style=\"width: 100%;\" controls=\"controls\"><source type=\"audio\/mpeg\" src=\"https:\/\/sites.ac-nancy-metz.fr\/cachecachemicro\/wp-content\/uploads\/2018\/06\/CCM-CPCE1-Curie-Toul-Frigo-vide-.mp3?_=2\" \/><a href=\"https:\/\/sites.ac-nancy-metz.fr\/cachecachemicro\/wp-content\/uploads\/2018\/06\/CCM-CPCE1-Curie-Toul-Frigo-vide-.mp3\">https:\/\/sites.ac-nancy-metz.fr\/cachecachemicro\/wp-content\/uploads\/2018\/06\/CCM-CPCE1-Curie-Toul-Frigo-vide-.mp3<\/a><\/audio>\n<\/div>\n<p style=\"text-align: center;\"><span style=\"font-size: 14pt;\"><strong>***********************************************************************<\/strong><\/span><\/p>\n<p><img decoding=\"async\" loading=\"lazy\" class=\"wp-image-7316 alignleft\" src=\"https:\/\/sites.ac-nancy-metz.fr\/cachecachemicro\/wp-content\/uploads\/2017\/10\/Oiseau-et-Croco-300x250.jpg\" alt=\"\" width=\"206\" height=\"172\" srcset=\"https:\/\/sites.ac-nancy-metz.fr\/cachecachemicro\/wp-content\/uploads\/2017\/10\/Oiseau-et-Croco-300x250.jpg 300w, https:\/\/sites.ac-nancy-metz.fr\/cachecachemicro\/wp-content\/uploads\/2017\/10\/Oiseau-et-Croco.jpg 448w\" sizes=\"(max-width: 206px) 100vw, 206px\" \/><\/p>\n<div style=\"text-align: center;\"><\/div>\n<div style=\"text-align: center;\"><span style=\"font-size: 14pt;\"><strong><span style=\"font-size: 18pt;\">Oiseau et Croco<\/span> <\/strong><\/span><\/div>\n<div style=\"text-align: center;\"><span style=\"font-size: 14pt;\"><strong>d&rsquo;Alexis Deacon<\/strong><br \/>\n<\/span><\/div>\n<div style=\"text-align: center;\"><\/div>\n<div style=\"text-align: center;\"><span style=\"font-size: 12pt;\">Traduction d&rsquo;Elisabeth Duval<br \/>\n<\/span><\/div>\n<div style=\"text-align: center;\"><span style=\"font-size: 12pt;\">Kal\u00e9idoscope &#8211; Ecole des loisirs<\/span><\/div>\n<p>&nbsp;<\/p>\n<p>&nbsp;<\/p>\n<p><span style=\"font-size: 14pt;\"><strong><span style=\"color: #ff6600;\">Vous pouvez t\u00e9l\u00e9charger:<\/span><\/strong><\/span><\/p>\n<ul>\n<li><a href=\"https:\/\/sites.ac-nancy-metz.fr\/cachecachemicro\/wp-content\/uploads\/2017\/10\/oiseau-et-croco-texte.pdf\"><strong><span style=\"color: #800080;\">Le texte<\/span><\/strong><\/a><\/li>\n<\/ul>\n<p><span style=\"font-family: verdana, geneva, sans-serif; font-size: 18pt;\">\u00a0<\/span><\/p>\n<p><span style=\"color: #339966;\"><strong>D\u00e9cembre 2017<\/strong><\/span><\/p>\n<p>A \u00e9couter, une \u00e9mission des enfants de grande section de l&rsquo;\u00e9cole maternelle R\u00e9gina \u00e0 Toul<\/p>\n<audio class=\"wp-audio-shortcode\" id=\"audio-7052-3\" preload=\"none\" style=\"width: 100%;\" controls=\"controls\"><source type=\"audio\/mpeg\" src=\"https:\/\/sites.ac-nancy-metz.fr\/cachecachemicro\/wp-content\/uploads\/2017\/10\/Emission-FraternisSons-Oiseau-et-Croco-GS-Ecole-maternelle-Re\u0301gina-Toul.mp3?_=3\" \/><a href=\"https:\/\/sites.ac-nancy-metz.fr\/cachecachemicro\/wp-content\/uploads\/2017\/10\/Emission-FraternisSons-Oiseau-et-Croco-GS-Ecole-maternelle-Re\u0301gina-Toul.mp3\">https:\/\/sites.ac-nancy-metz.fr\/cachecachemicro\/wp-content\/uploads\/2017\/10\/Emission-FraternisSons-Oiseau-et-Croco-GS-Ecole-maternelle-Re\u0301gina-Toul.mp3<\/a><\/audio>\n<div><\/div>\n<div><span style=\"color: #008000;\">\u00a0<\/span><\/div>\n<div><span style=\"color: #008000;\"><strong>Le 15\/12\/17<\/strong><\/span><\/div>\n<div>Les enfants de CP\/CE1 de l&rsquo;\u00e9cole P et M Curie \u00e0 Toul ont invent\u00e9 quelques rimes en r\u00e9ponse \u00e0 l&rsquo;envoi des enfants de l&rsquo;\u00e9cole maternelle R\u00e9gina.<\/div>\n<div><\/div>\n<audio class=\"wp-audio-shortcode\" id=\"audio-7052-4\" preload=\"none\" style=\"width: 100%;\" controls=\"controls\"><source type=\"audio\/mpeg\" src=\"https:\/\/sites.ac-nancy-metz.fr\/cachecachemicro\/wp-content\/uploads\/2017\/10\/Rimes-oiseau-et-croco-Re\u0301ponse-des-enfants-de-CPCE1-Ecole-M.-Curie-Toul-aux-enfants-GS-mat-Re\u0301gina-Toul.mp3?_=4\" \/><a href=\"https:\/\/sites.ac-nancy-metz.fr\/cachecachemicro\/wp-content\/uploads\/2017\/10\/Rimes-oiseau-et-croco-Re\u0301ponse-des-enfants-de-CPCE1-Ecole-M.-Curie-Toul-aux-enfants-GS-mat-Re\u0301gina-Toul.mp3\">https:\/\/sites.ac-nancy-metz.fr\/cachecachemicro\/wp-content\/uploads\/2017\/10\/Rimes-oiseau-et-croco-Re\u0301ponse-des-enfants-de-CPCE1-Ecole-M.-Curie-Toul-aux-enfants-GS-mat-Re\u0301gina-Toul.mp3<\/a><\/audio>\n<div><\/div>\n<div><span style=\"color: #008000;\"><strong>Le 09\/02\/18<\/strong><\/span><\/div>\n<div>Les enfants de CE1 de l&rsquo;\u00e9cole Louise Michel \u00e0 Neuves-Maisons ont invent\u00e9 quelques rimes \u00e0 partir du livre Oiseau et Croco<\/div>\n<div><\/div>\n<div>\n<audio class=\"wp-audio-shortcode\" id=\"audio-7052-5\" preload=\"none\" style=\"width: 100%;\" controls=\"controls\"><source type=\"audio\/mpeg\" src=\"https:\/\/sites.ac-nancy-metz.fr\/cachecachemicro\/wp-content\/uploads\/2018\/02\/fraternissons_-poe\u0301sies_pour_Oiseau_Croco_CE1_LouiseMichel_Neuves-Maisons.mp3?_=5\" \/><a href=\"https:\/\/sites.ac-nancy-metz.fr\/cachecachemicro\/wp-content\/uploads\/2018\/02\/fraternissons_-poe\u0301sies_pour_Oiseau_Croco_CE1_LouiseMichel_Neuves-Maisons.mp3\">https:\/\/sites.ac-nancy-metz.fr\/cachecachemicro\/wp-content\/uploads\/2018\/02\/fraternissons_-poe\u0301sies_pour_Oiseau_Croco_CE1_LouiseMichel_Neuves-Maisons.mp3<\/a><\/audio>\n<\/div>\n<div><\/div>\n<p><strong>***************************************<\/strong><\/p>\n<p>&nbsp;<\/p>\n<p style=\"text-align: center;\"><span style=\"font-size: 14pt;\"><strong><span style=\"font-size: 18pt;\"><img decoding=\"async\" loading=\"lazy\" class=\"size-full wp-image-7313 alignleft\" src=\"https:\/\/sites.ac-nancy-metz.fr\/cachecachemicro\/wp-content\/uploads\/2017\/10\/Ensemble-a\u0300-le\u0301cole.jpg\" alt=\"\" width=\"200\" height=\"200\" srcset=\"https:\/\/sites.ac-nancy-metz.fr\/cachecachemicro\/wp-content\/uploads\/2017\/10\/Ensemble-a\u0300-le\u0301cole.jpg 200w, https:\/\/sites.ac-nancy-metz.fr\/cachecachemicro\/wp-content\/uploads\/2017\/10\/Ensemble-a\u0300-le\u0301cole-150x150.jpg 150w\" sizes=\"(max-width: 200px) 100vw, 200px\" \/>Ensemble \u00e0 l&rsquo;\u00e9cole avec Fetitsa<\/span>\u00a0 <\/strong><\/span><\/p>\n<p style=\"text-align: center;\"><span style=\"font-size: 14pt;\"><span style=\"font-size: 12pt;\">CIDEM<\/span><\/span><\/p>\n<p><em>F\u00e9titsa est une petite fille comme les autres r\u00eavant et pensant aux grandes questions qui traversent notre soci\u00e9t\u00e9.<\/em><\/p>\n<div>\n<div>\n<div class=\"Slab-parcel Slab-parcel--left\">\n<div><\/div>\n<div><\/div>\n<div><\/div>\n<div class=\"Slab-parcel Slab-parcel--left\" style=\"text-align: left;\"><span style=\"color: #008000;\"><strong>Le 17\/05\/18<\/strong>\u00a0<\/span><\/div>\n<div class=\"Slab-parcel Slab-parcel--left\" style=\"text-align: center;\">\u00a0A \u00e9couter, une \u00e9mission des enfants de l&rsquo;\u00e9cole maternelle Jean Feidt \u00e0 Toul&#8230; faire ensemble &#8230;.<\/div>\n<div class=\"Slab-parcel Slab-parcel--left\" style=\"text-align: center;\">Tous \u00e9gaux et diff\u00e9rents<\/div>\n<div>\n<audio class=\"wp-audio-shortcode\" id=\"audio-7052-6\" preload=\"none\" style=\"width: 100%;\" controls=\"controls\"><source type=\"audio\/mpeg\" src=\"https:\/\/sites.ac-nancy-metz.fr\/cachecachemicro\/wp-content\/uploads\/2018\/05\/Fraternissons-mat-Jean-Feidt-a\u0300-partir-de-\u201cEnsemble-a\u0300-l\u2019e\u0301cole-avec-Fetitsa\u201d-.mp3?_=6\" \/><a href=\"https:\/\/sites.ac-nancy-metz.fr\/cachecachemicro\/wp-content\/uploads\/2018\/05\/Fraternissons-mat-Jean-Feidt-a\u0300-partir-de-\u201cEnsemble-a\u0300-l\u2019e\u0301cole-avec-Fetitsa\u201d-.mp3\">https:\/\/sites.ac-nancy-metz.fr\/cachecachemicro\/wp-content\/uploads\/2018\/05\/Fraternissons-mat-Jean-Feidt-a\u0300-partir-de-\u201cEnsemble-a\u0300-l\u2019e\u0301cole-avec-Fetitsa\u201d-.mp3<\/a><\/audio>\n<\/div>\n<div class=\"Slab-parcel Slab-parcel--left\" style=\"text-align: center;\"><\/div>\n<div class=\"Slab-parcel Slab-parcel--left\" style=\"text-align: center;\"><span style=\"font-size: 14pt;\"><strong>***********************************************************************<\/strong><\/span><\/div>\n<p><img decoding=\"async\" loading=\"lazy\" class=\"size-full wp-image-7314 alignleft\" src=\"https:\/\/sites.ac-nancy-metz.fr\/cachecachemicro\/wp-content\/uploads\/2017\/10\/Brise-cabane.jpg\" alt=\"\" width=\"240\" height=\"240\" srcset=\"https:\/\/sites.ac-nancy-metz.fr\/cachecachemicro\/wp-content\/uploads\/2017\/10\/Brise-cabane.jpg 240w, https:\/\/sites.ac-nancy-metz.fr\/cachecachemicro\/wp-content\/uploads\/2017\/10\/Brise-cabane-150x150.jpg 150w\" sizes=\"(max-width: 240px) 100vw, 240px\" \/><\/p>\n<\/div>\n<\/div>\n<div style=\"text-align: center;\">\n<div class=\"Slab-parcel Slab-parcel--left\" style=\"text-align: center;\"><span style=\"font-size: 18pt;\"><strong>Brise cabane<\/strong> <\/span><\/div>\n<div class=\"Slab-parcel Slab-parcel--left\" style=\"text-align: center;\"><span style=\"font-size: 14pt;\">de Robert Giraud. <\/span><\/div>\n<div class=\"Slab-parcel Slab-parcel--left\" style=\"text-align: center;\"><span style=\"font-size: 12pt;\">Livre illustr\u00e9 par G\u00e9rard Franquin. <\/span><\/div>\n<div class=\"Slab-parcel Slab-parcel--left\" style=\"text-align: center;\"><span style=\"font-size: 12pt;\">Les classiques du P\u00e8re Castor<\/span><\/div>\n<p><em>Une souris d\u00e9couvre une cabane vide et d\u00e9cide de s&rsquo;y installer. Tour \u00e0 tour, arrivent une grenouille, un lapin, une renarde, un loup. Quand un ours se pr\u00e9sente, il n&rsquo;y a vraiment plus de place pour lui. Qu&rsquo;\u00e0 cela ne tienne, il d\u00e9cide de s&rsquo;installer sur le toit&#8230; et la joyeuse bande n&rsquo;a plus qu&rsquo;\u00e0 reconstruire une cabane plus vaste.<\/em><\/p>\n<\/div>\n<div><span style=\"color: #800080;\"><strong>Le 05\/04\/18<\/strong><\/span><\/div>\n<div>Le livre \u00ab\u00a0Brise cabane\u00a0\u00bb a donn\u00e9 une id\u00e9e aux enfants de l&rsquo;\u00e9cole maternelle R\u00e9gina \u00e0 Toul.<\/div>\n<div>Ils ont invent\u00e9 une histoire \u00ab\u00a0Brise kapla\u00a0\u00bb.<\/div>\n<div><\/div>\n<div>Vous pouvez l&rsquo;\u00e9couter:<\/div>\n<div><\/div>\n<div>\n<audio class=\"wp-audio-shortcode\" id=\"audio-7052-7\" preload=\"none\" style=\"width: 100%;\" controls=\"controls\"><source type=\"audio\/mpeg\" src=\"https:\/\/sites.ac-nancy-metz.fr\/cachecachemicro\/wp-content\/uploads\/2018\/04\/Fraternissons-Brise-Kapla.mp3?_=7\" \/><a href=\"https:\/\/sites.ac-nancy-metz.fr\/cachecachemicro\/wp-content\/uploads\/2018\/04\/Fraternissons-Brise-Kapla.mp3\">https:\/\/sites.ac-nancy-metz.fr\/cachecachemicro\/wp-content\/uploads\/2018\/04\/Fraternissons-Brise-Kapla.mp3<\/a><\/audio>\n<\/div>\n<p style=\"text-align: center;\"><span style=\"font-size: 14pt;\"><strong>***********************************************************************<\/strong><\/span><\/p>\n<\/div>\n<div>\n<p><img decoding=\"async\" loading=\"lazy\" class=\" wp-image-7318 alignleft\" src=\"https:\/\/sites.ac-nancy-metz.fr\/cachecachemicro\/wp-content\/uploads\/2017\/10\/Mercredi-300x300.jpg\" alt=\"\" width=\"213\" height=\"213\" srcset=\"https:\/\/sites.ac-nancy-metz.fr\/cachecachemicro\/wp-content\/uploads\/2017\/10\/Mercredi-300x300.jpg 300w, https:\/\/sites.ac-nancy-metz.fr\/cachecachemicro\/wp-content\/uploads\/2017\/10\/Mercredi-150x150.jpg 150w, https:\/\/sites.ac-nancy-metz.fr\/cachecachemicro\/wp-content\/uploads\/2017\/10\/Mercredi.jpg 340w\" sizes=\"(max-width: 213px) 100vw, 213px\" \/><\/p>\n<div style=\"text-align: center;\"><span style=\"font-size: 18pt;\"><strong>Mercredi<\/strong><\/span><\/div>\n<div style=\"text-align: center;\"><span style=\"font-size: 14pt;\"><strong> d&rsquo;Anne Bertier<\/strong><\/span><\/div>\n<div style=\"text-align: center;\">Editions MeMo<\/div>\n<p><em>Deux amis, Petit Rond et Grand Carr\u00e9 aiment par-dessus tout jouer au jeu des figures. Un jour, une dispute \u00e9clate. Chacun va dans son coin et boude. Mais, bien vite, les deux amis reprennent leur jeu avec une nouvelle r\u00e8gle : celle de m\u00e9langer leurs formes, de construire ensemble. <\/em><\/p>\n<p><em>Ils d\u00e9couvrent alors un jeu bien plus amusant, aux possibilit\u00e9s infinies. Il n&rsquo;\u0092y a plus de petit ou grand ; ils ont besoin l\u0092un de l\u0092autre, pour r\u00e9ussir.<\/em><\/p>\n<\/div>\n<p><strong><span style=\"font-size: 24pt;\">A \u00e9couter &#8230; autour du livre \u00ab\u00a0Mercredi\u00a0\u00bb<\/span><br \/>\n<\/strong><\/p>\n<p><strong><span style=\"color: #008000; font-size: 14pt;\">le 24 mai 2018<\/span><br \/>\n<\/strong><\/p>\n<p>Ecoutez l&rsquo;histoire de Mercredi&rsquo;son avec les enfants de l&rsquo;\u00e9cole maternelle de Chaudeney sur Moselle.<\/p>\n<p>Harmonica et Tamborin jouent ensemble et invitent les autres instruments de musique&#8230;.<\/p>\n<audio class=\"wp-audio-shortcode\" id=\"audio-7052-8\" preload=\"none\" style=\"width: 100%;\" controls=\"controls\"><source type=\"audio\/mpeg\" src=\"https:\/\/sites.ac-nancy-metz.fr\/cachecachemicro\/wp-content\/uploads\/2018\/05\/FraternisSons-Lhistoire-de-Mercredison-maternelle-de-Chaudeney.mp3?_=8\" \/><a href=\"https:\/\/sites.ac-nancy-metz.fr\/cachecachemicro\/wp-content\/uploads\/2018\/05\/FraternisSons-Lhistoire-de-Mercredison-maternelle-de-Chaudeney.mp3\">https:\/\/sites.ac-nancy-metz.fr\/cachecachemicro\/wp-content\/uploads\/2018\/05\/FraternisSons-Lhistoire-de-Mercredison-maternelle-de-Chaudeney.mp3<\/a><\/audio>\n<p><strong><span style=\"font-size: 14pt; color: #008000;\">le 22 f\u00e9vrier 2018<\/span><br \/>\n<\/strong><\/p>\n<p>Les enfants de petite section de l&rsquo;\u00e9cole maternelle R\u00e9gina \u00e0 Toul vous proposent une \u00e9mission Fraternis&rsquo;Sons&#8230; La Fraternit\u00e9, \u00e0 partir du livre Mercredi.<\/p>\n<audio class=\"wp-audio-shortcode\" id=\"audio-7052-9\" preload=\"none\" style=\"width: 100%;\" controls=\"controls\"><source type=\"audio\/mpeg\" src=\"https:\/\/sites.ac-nancy-metz.fr\/cachecachemicro\/wp-content\/uploads\/2018\/02\/CCM-Fraternissons-maternelle-Re\u0301gina-Toul-Petite-section.mp3?_=9\" \/><a href=\"https:\/\/sites.ac-nancy-metz.fr\/cachecachemicro\/wp-content\/uploads\/2018\/02\/CCM-Fraternissons-maternelle-Re\u0301gina-Toul-Petite-section.mp3\">https:\/\/sites.ac-nancy-metz.fr\/cachecachemicro\/wp-content\/uploads\/2018\/02\/CCM-Fraternissons-maternelle-Re\u0301gina-Toul-Petite-section.mp3<\/a><\/audio>\n<div style=\"text-align: center;\">\u00a0<span style=\"font-size: 14pt;\"><strong>***********************************************************************<\/strong><\/span><\/div>\n<div><\/div>\n<div><\/div>\n<div><\/div>\n<div><\/div>\n<div><\/div>\n<div><\/div>\n<div><\/div>\n<div><\/div>\n<div><\/div>\n<div><\/div>\n<div><\/div>\n<div><\/div>\n<div><\/div>\n<div><\/div>\n<div><\/div>\n<div><\/div>\n<div><\/div>\n<div><\/div>\n<div><\/div>\n<div><\/div>\n<div><\/div>\n<div><\/div>\n<div><\/div>\n<p><span style=\"font-family: verdana, geneva, sans-serif;\">En compl\u00e9tant ce formulaire, vous pouvez vous inscrire ou vous d\u00e9sinscrire de la liste de discussion<\/span><\/p>\n<p><span style=\"font-family: verdana, geneva, sans-serif;\"><strong>fraternissons_ C1@cachecachemedias.net<br \/>\n<\/strong><\/span><\/p>\n<p><span style=\"text-decoration: underline; font-family: verdana,geneva,sans-serif;\">&#8211; L&rsquo;inscription vous permet:<\/span><\/p>\n<ul>\n<li><span style=\"font-family: verdana, geneva, sans-serif;\">de recevoir sur votre bo\u00eete mail les messages adress\u00e9s \u00e0 la liste de discussion<\/span><\/li>\n<li><span style=\"font-family: verdana, geneva, sans-serif;\">d&rsquo;envoyer des messages \u00e0 la liste de diffusion<\/span><\/li>\n<\/ul>\n<p><span style=\"text-decoration: underline; font-family: verdana,geneva,sans-serif;\">&#8211; La d\u00e9sinscription supprime votre adresse mail de la liste.<\/span><\/p>\n<p>&nbsp;<\/p>\n<hr \/>\n<form action=\"http:\/\/kundenserver.de\/cgi-bin\/mailinglist.cgi\" method=\"POST\" target=\"_BLANK\"><span style=\"font-family: verdana, geneva, sans-serif;\"><span style=\"font-size: 14pt;\"><input checked=\"checked\" name=\"subscribe_r\" type=\"RADIO\" value=\"subscribe\" \/><\/span><span style=\"font-size: 12pt;\">Je souhaite m&rsquo; <strong>INSCRIRE<\/strong> \u00e0 la liste de discussion<\/span><\/span><br \/>\n<span style=\"font-family: verdana, geneva, sans-serif; font-size: 12pt;\"> <input name=\"subscribe_r\" type=\"RADIO\" value=\"unsubscribe\" \/>Je souhaite me <strong>D\u00c9SINSCRIRE<\/strong> de la liste de discussion<\/span><span style=\"font-size: 12pt; font-family: verdana, geneva, sans-serif;\">Veuillez indiquer votre adresse email:<\/span><br \/>\n<span style=\"font-size: 12pt; font-family: verdana, geneva, sans-serif;\"> <input maxlength=\"51\" name=\"mailaccount_r\" size=\"51\" type=\"TEXT\" \/><\/span><span style=\"font-size: 12pt; font-family: verdana, geneva, sans-serif;\">Veuillez indiquer \u00e0 nouveau votre adresse email:<\/span><br \/>\n<span style=\"font-size: 14pt; font-family: verdana, geneva, sans-serif;\"> <input maxlength=\"51\" name=\"mailaccount2_r\" size=\"51\" type=\"TEXT\" \/><\/span><input type=\"SUBMIT\" value=\"Envoyer\" \/><\/p>\n<hr \/>\n<p><input name=\"FBMLNAME\" type=\"HIDDEN\" value=\"fraternissons_c1@cachecachemedias.net\" \/><input name=\"FBLANG\" type=\"HIDDEN\" value=\"fr\" \/><input name=\"FBURLERROR_L\" type=\"HIDDEN\" value=\"http:\/\/kundenserver.de\/mailinglist\/error.fr.html\" \/><input name=\"FBURLSUBSCRIBE_L\" type=\"HIDDEN\" value=\"http:\/\/kundenserver.de\/mailinglist\/subscribe.fr.html\" \/><input name=\"FBURLUNSUBSCRIBE_L\" type=\"HIDDEN\" value=\"http:\/\/kundenserver.de\/mailinglist\/unsubscribe.fr.html\" \/><input name=\"FBURLINVALID_L\" type=\"HIDDEN\" value=\"http:\/\/kundenserver.de\/mailinglist\/invalid.fr.html\" \/><\/p>\n<\/form>\n","protected":false},"excerpt":{"rendered":"<p>Fraternis&rsquo;Sons Travail sur le th\u00e8me de la fraternit\u00e9. Rencontres inter-classes le lundi 4 juin et le lundi 11 juin &#8211; lundi 4 juin au matin , \u00a0\u00a0\u00a0\u00a0\u00a0\u00a0\u00a0\u00a0\u00a0\u00a0\u00a0\u00a0\u00a0\u00a0\u00a0\u00a0\u00a0\u00a0\u00a0\u00a0\u00a0\u00a0\u00a0\u00a0\u00a0\u00a0\u00a0\u00a0\u00a0\u00a0\u00a0\u00a0\u00a0\u00a0\u00a0\u00a0 rencontres des 4 classes de MS-GS Ecoles maternelles de Jean Feidt \u00e0 Toul, R\u00e9gina \u00e0 Toul , de Chaudeney et de Vannes le Ch\u00e2tel &#8211; lundi 11 juin [&hellip;]<\/p>\n","protected":false},"author":1,"featured_media":0,"parent":0,"menu_order":0,"comment_status":"closed","ping_status":"closed","template":"","meta":{"footnotes":""},"_links":{"self":[{"href":"https:\/\/sites.ac-nancy-metz.fr\/cachecachemicro\/wp-json\/wp\/v2\/pages\/7052"}],"collection":[{"href":"https:\/\/sites.ac-nancy-metz.fr\/cachecachemicro\/wp-json\/wp\/v2\/pages"}],"about":[{"href":"https:\/\/sites.ac-nancy-metz.fr\/cachecachemicro\/wp-json\/wp\/v2\/types\/page"}],"author":[{"embeddable":true,"href":"https:\/\/sites.ac-nancy-metz.fr\/cachecachemicro\/wp-json\/wp\/v2\/users\/1"}],"replies":[{"embeddable":true,"href":"https:\/\/sites.ac-nancy-metz.fr\/cachecachemicro\/wp-json\/wp\/v2\/comments?post=7052"}],"version-history":[{"count":51,"href":"https:\/\/sites.ac-nancy-metz.fr\/cachecachemicro\/wp-json\/wp\/v2\/pages\/7052\/revisions"}],"predecessor-version":[{"id":7960,"href":"https:\/\/sites.ac-nancy-metz.fr\/cachecachemicro\/wp-json\/wp\/v2\/pages\/7052\/revisions\/7960"}],"wp:attachment":[{"href":"https:\/\/sites.ac-nancy-metz.fr\/cachecachemicro\/wp-json\/wp\/v2\/media?parent=7052"}],"curies":[{"name":"wp","href":"https:\/\/api.w.org\/{rel}","templated":true}]}}