{"id":5278,"date":"2026-04-09T13:49:24","date_gmt":"2026-04-09T11:49:24","guid":{"rendered":"https:\/\/sites.ac-nancy-metz.fr\/dsden55\/?page_id=5278"},"modified":"2026-04-09T13:49:25","modified_gmt":"2026-04-09T11:49:25","slug":"ecoles-55-infos","status":"publish","type":"page","link":"https:\/\/sites.ac-nancy-metz.fr\/dsden55\/?page_id=5278","title":{"rendered":"Ecoles 55 Infos"},"content":{"rendered":"\n<figure class=\"wp-block-image size-large\"><noscript><img decoding=\"async\" data-skip-lazy src=\"https:\/\/sites.ac-nancy-metz.fr\/dsden55\/wp-content\/uploads\/2024\/12\/Ecoles-55-infos-bandeau.jpg\" alt=\"\"\/><\/noscript><img decoding=\"async\" src=\"data:image\/svg+xml;base64,PHN2ZyB3aWR0aD0iOTA5IiBoZWlnaHQ9IjE0OCIgdmlld0JveD0iMCAwIDkwOSAxNDgiIGZpbGw9Im5vbmUiIHhtbG5zPSJodHRwOi8vd3d3LnczLm9yZy8yMDAwL3N2ZyI+PC9zdmc+\" alt data-src=\"https:\/\/sites.ac-nancy-metz.fr\/dsden55\/wp-content\/uploads\/2024\/12\/Ecoles-55-infos-bandeau.jpg\" data-sizes=\"auto\" loading=\"eager\" class=\"vp-lazyload\"><\/figure>\n\n\n\n<p>Lettres <strong>Ecoles 55 Infos<\/strong> diffus\u00e9es cette ann\u00e9e :<\/p>\n\n\n\n<ul class=\"wp-block-list\">\n<li><a href=\"https:\/\/sites.ac-nancy-metz.fr\/dsden55\/wp-content\/uploads\/2025\/09\/Lettre-infos-55-n\u00b01-2025-2026.pdf\" target=\"_blank\" rel=\"noreferrer noopener\">Ecoles 55 Infos 2025-2026 n\u00b01<\/a> (septembre 2025)<\/li>\n\n\n\n<li><a href=\"https:\/\/sites.ac-nancy-metz.fr\/dsden55\/wp-content\/uploads\/2025\/10\/Lettre-infos-55-n\u00b02-2025-2026.pdf\" target=\"_blank\" rel=\"noreferrer noopener\">Ecoles 55 Infos 2025-2026 n\u00b02<\/a> (octobre 2025)<\/li>\n\n\n\n<li><a href=\"https:\/\/sites.ac-nancy-metz.fr\/dsden55\/wp-content\/uploads\/2026\/01\/Lettre-infos-55-n\u00b03-2025-2026.pdf\" target=\"_blank\" rel=\"noreferrer noopener\">Ecoles 55 Infos 2025-2026 n\u00b03<\/a> (d\u00e9cembre 2025)<\/li>\n\n\n\n<li><a href=\"https:\/\/sites.ac-nancy-metz.fr\/dsden55\/wp-content\/uploads\/2026\/02\/Lettre-infos-55-n\u00b04-2025-2026.pdf\" target=\"_blank\" rel=\"noreferrer noopener\">Ecoles 55 Infos 2025-2026 n\u00b04<\/a> (f\u00e9vrier 2026)<\/li>\n\n\n\n<li><a href=\"https:\/\/sites.ac-nancy-metz.fr\/dsden55\/wp-content\/uploads\/2026\/04\/Lettre-infos-55-n\u00b05-2025-2026.pdf\" target=\"_blank\" rel=\"noreferrer noopener\">Ecoles 55 Infos 2025-2026 n\u00b05<\/a> (avril 2026)<\/li>\n<\/ul>\n\n\n\n<div style=\"height:30px\" aria-hidden=\"true\" class=\"wp-block-spacer\"><\/div>\n\n\n\n<div data-wp-interactive=\"core\/file\" class=\"wp-block-file\"><object data-wp-bind--hidden=\"!state.hasPdfPreview\" hidden class=\"wp-block-file__embed\" data=\"https:\/\/sites.ac-nancy-metz.fr\/dsden55\/wp-content\/uploads\/2026\/04\/Lettre-infos-55-n\u00b05-2025-2026.pdf\" type=\"application\/pdf\" style=\"width:100%;height:600px\" aria-label=\"Contenu embarqu\u00e9 Lettre infos 55 n\u00b05 2025-2026.\"><\/object><a id=\"wp-block-file--media-b67b3ed6-2c6c-4e39-a252-cfb034803692\" href=\"https:\/\/sites.ac-nancy-metz.fr\/dsden55\/wp-content\/uploads\/2026\/04\/Lettre-infos-55-n\u00b05-2025-2026.pdf\">Lettre infos 55 n\u00b05 2025-2026<\/a><a href=\"https:\/\/sites.ac-nancy-metz.fr\/dsden55\/wp-content\/uploads\/2026\/04\/Lettre-infos-55-n\u00b05-2025-2026.pdf\" class=\"wp-block-file__button wp-element-button\" download aria-describedby=\"wp-block-file--media-b67b3ed6-2c6c-4e39-a252-cfb034803692\">T\u00e9l\u00e9charger<\/a><\/div>\n\n\n\n<div style=\"height:30px\" aria-hidden=\"true\" class=\"wp-block-spacer\"><\/div>\n\n\n\n<div data-wp-interactive=\"core\/file\" class=\"wp-block-file\"><object data-wp-bind--hidden=\"!state.hasPdfPreview\" hidden class=\"wp-block-file__embed\" data=\"https:\/\/sites.ac-nancy-metz.fr\/dsden55\/wp-content\/uploads\/2026\/02\/Lettre-infos-55-n\u00b04-2025-2026.pdf\" type=\"application\/pdf\" style=\"width:100%;height:600px\" aria-label=\"Contenu embarqu\u00e9 Lettre infos 55 n\u00b04 2025-2026.\"><\/object><a id=\"wp-block-file--media-5ff30a86-ae19-411d-b7f7-7311f012a03a\" href=\"https:\/\/sites.ac-nancy-metz.fr\/dsden55\/wp-content\/uploads\/2026\/02\/Lettre-infos-55-n\u00b04-2025-2026.pdf\">Lettre infos 55 n\u00b04 2025-2026<\/a><a href=\"https:\/\/sites.ac-nancy-metz.fr\/dsden55\/wp-content\/uploads\/2026\/02\/Lettre-infos-55-n\u00b04-2025-2026.pdf\" class=\"wp-block-file__button wp-element-button\" download aria-describedby=\"wp-block-file--media-5ff30a86-ae19-411d-b7f7-7311f012a03a\">T\u00e9l\u00e9charger<\/a><\/div>\n\n\n\n<div style=\"height:30px\" aria-hidden=\"true\" class=\"wp-block-spacer\"><\/div>\n\n\n\n<div data-wp-interactive=\"core\/file\" class=\"wp-block-file\"><object data-wp-bind--hidden=\"!state.hasPdfPreview\" hidden class=\"wp-block-file__embed\" data=\"https:\/\/sites.ac-nancy-metz.fr\/dsden55\/wp-content\/uploads\/2026\/01\/Lettre-infos-55-n\u00b03-2025-2026.pdf\" type=\"application\/pdf\" style=\"width:100%;height:600px\" aria-label=\"Contenu embarqu\u00e9 Lettre infos 55 n\u00b03 2025-2026.\"><\/object><a id=\"wp-block-file--media-f01a90c2-05f9-46cd-a951-549abc083093\" href=\"https:\/\/sites.ac-nancy-metz.fr\/dsden55\/wp-content\/uploads\/2026\/01\/Lettre-infos-55-n\u00b03-2025-2026.pdf\">Lettre infos 55 n\u00b03 2025-2026<\/a><a href=\"https:\/\/sites.ac-nancy-metz.fr\/dsden55\/wp-content\/uploads\/2026\/01\/Lettre-infos-55-n\u00b03-2025-2026.pdf\" class=\"wp-block-file__button wp-element-button\" download aria-describedby=\"wp-block-file--media-f01a90c2-05f9-46cd-a951-549abc083093\">T\u00e9l\u00e9charger<\/a><\/div>\n\n\n\n<div style=\"height:23px\" aria-hidden=\"true\" class=\"wp-block-spacer\"><\/div>\n\n\n\n<div data-wp-interactive=\"core\/file\" class=\"wp-block-file\"><object data-wp-bind--hidden=\"!state.hasPdfPreview\" hidden class=\"wp-block-file__embed\" data=\"https:\/\/sites.ac-nancy-metz.fr\/dsden55\/wp-content\/uploads\/2025\/10\/Lettre-infos-55-n\u00b02-2025-2026.pdf\" type=\"application\/pdf\" style=\"width:100%;height:600px\" aria-label=\"Contenu embarqu\u00e9 Lettre infos 55 n\u00b02 2025-2026.\"><\/object><a id=\"wp-block-file--media-31a95946-cf51-462e-8a1a-917aeaf0f869\" href=\"https:\/\/sites.ac-nancy-metz.fr\/dsden55\/wp-content\/uploads\/2025\/10\/Lettre-infos-55-n\u00b02-2025-2026.pdf\">Lettre infos 55 n\u00b02 2025-2026<\/a><a href=\"https:\/\/sites.ac-nancy-metz.fr\/dsden55\/wp-content\/uploads\/2025\/10\/Lettre-infos-55-n\u00b02-2025-2026.pdf\" class=\"wp-block-file__button wp-element-button\" download aria-describedby=\"wp-block-file--media-31a95946-cf51-462e-8a1a-917aeaf0f869\">T\u00e9l\u00e9charger<\/a><\/div>\n\n\n\n<div style=\"height:30px\" aria-hidden=\"true\" class=\"wp-block-spacer\"><\/div>\n\n\n\n<div data-wp-interactive=\"core\/file\" class=\"wp-block-file\"><object data-wp-bind--hidden=\"!state.hasPdfPreview\" hidden class=\"wp-block-file__embed\" data=\"https:\/\/sites.ac-nancy-metz.fr\/dsden55\/wp-content\/uploads\/2025\/09\/Lettre-infos-55-n\u00b01-2025-2026.pdf\" type=\"application\/pdf\" style=\"width:100%;height:600px\" aria-label=\"Contenu embarqu\u00e9 Lettre infos 55 n\u00b01 2025-2026.\"><\/object><a id=\"wp-block-file--media-c0e5687f-3958-4618-ae05-5ae9c252f07d\" href=\"https:\/\/sites.ac-nancy-metz.fr\/dsden55\/wp-content\/uploads\/2025\/09\/Lettre-infos-55-n\u00b01-2025-2026.pdf\">Lettre infos 55 n\u00b01 2025-2026<\/a><a href=\"https:\/\/sites.ac-nancy-metz.fr\/dsden55\/wp-content\/uploads\/2025\/09\/Lettre-infos-55-n\u00b01-2025-2026.pdf\" class=\"wp-block-file__button wp-element-button\" download aria-describedby=\"wp-block-file--media-c0e5687f-3958-4618-ae05-5ae9c252f07d\">T\u00e9l\u00e9charger<\/a><\/div>\n\n\n\n<div style=\"height:60px\" aria-hidden=\"true\" class=\"wp-block-spacer\"><\/div>\n\n\n\n<p>Lettres <strong>Ecoles 55 Infos<\/strong> diffus\u00e9es en 2024-2025 :<\/p>\n\n\n\n<ul class=\"wp-block-list\">\n<li><a href=\"https:\/\/sites.ac-nancy-metz.fr\/dsden55\/wp-content\/uploads\/2024\/12\/Ecoles-55-Infos-2024-2025-n\u00b01-1.pdf\">Ecoles 55 Infos n\u00b01<\/a> (d\u00e9cembre 2024)<\/li>\n\n\n\n<li><a href=\"https:\/\/sites.ac-nancy-metz.fr\/dsden55\/wp-content\/uploads\/2025\/02\/Ecoles-55-Infos-2024-2025-n\u00b02.pdf\" target=\"_blank\" rel=\"noreferrer noopener\">Ecoles 55 Infos n\u00b02<\/a> (f\u00e9vrier 2025)<\/li>\n\n\n\n<li><a href=\"https:\/\/sites.ac-nancy-metz.fr\/dsden55\/wp-content\/uploads\/2025\/04\/Ecoles-55-Infos-2024-2025-n\u00b03.pdf\">Ecoles 55 Infos n\u00b03<\/a> (avril 2025)<\/li>\n\n\n\n<li><a href=\"https:\/\/sites.ac-nancy-metz.fr\/dsden55\/wp-content\/uploads\/2025\/05\/Ecoles-55-Infos-2024-2025-n\u00b04.pdf\" target=\"_blank\" rel=\"noreferrer noopener\">Ecoles 55 Infos n\u00b04<\/a> (mai 2025)<\/li>\n\n\n\n<li><a href=\"https:\/\/sites.ac-nancy-metz.fr\/dsden55\/wp-content\/uploads\/2025\/06\/Ecoles-55-Infos-2024-2025-n\u00b05.pdf\" target=\"_blank\" rel=\"noreferrer noopener\">Ecoles 55 Infos n\u00b05<\/a> (juin 2025)<\/li>\n<\/ul>\n\n\n\n<div style=\"height:23px\" aria-hidden=\"true\" class=\"wp-block-spacer\"><\/div>\n\n\n\n<p>Lettres Ecoles 55 Infos (<a href=\"https:\/\/sites.ac-nancy-metz.fr\/dsden55\/?p=199\">archives<\/a> ann\u00e9es pr\u00e9c\u00e9dentes)<\/p>\n\n\n\n<div style=\"height:23px\" aria-hidden=\"true\" class=\"wp-block-spacer\"><\/div>\n","protected":false},"excerpt":{"rendered":"<div class=\"mh-excerpt\"><p>Lettres Ecoles 55 Infos diffus\u00e9es cette ann\u00e9e : Lettres Ecoles 55 Infos diffus\u00e9es en 2024-2025 : Lettres Ecoles 55 Infos (archives ann\u00e9es pr\u00e9c\u00e9dentes)<\/p>\n<\/div>","protected":false},"author":10,"featured_media":5290,"parent":0,"menu_order":0,"comment_status":"closed","ping_status":"closed","template":"","meta":{"_acf_changed":false,"_vp_format_video_url":"","_vp_image_focal_point":[],"footnotes":""},"class_list":["post-5278","page","type-page","status-publish","has-post-thumbnail","hentry"],"acf":[],"jetpack_sharing_enabled":true,"_links":{"self":[{"href":"https:\/\/sites.ac-nancy-metz.fr\/dsden55\/index.php?rest_route=\/wp\/v2\/pages\/5278","targetHints":{"allow":["GET"]}}],"collection":[{"href":"https:\/\/sites.ac-nancy-metz.fr\/dsden55\/index.php?rest_route=\/wp\/v2\/pages"}],"about":[{"href":"https:\/\/sites.ac-nancy-metz.fr\/dsden55\/index.php?rest_route=\/wp\/v2\/types\/page"}],"author":[{"embeddable":true,"href":"https:\/\/sites.ac-nancy-metz.fr\/dsden55\/index.php?rest_route=\/wp\/v2\/users\/10"}],"replies":[{"embeddable":true,"href":"https:\/\/sites.ac-nancy-metz.fr\/dsden55\/index.php?rest_route=%2Fwp%2Fv2%2Fcomments&post=5278"}],"version-history":[{"count":32,"href":"https:\/\/sites.ac-nancy-metz.fr\/dsden55\/index.php?rest_route=\/wp\/v2\/pages\/5278\/revisions"}],"predecessor-version":[{"id":7547,"href":"https:\/\/sites.ac-nancy-metz.fr\/dsden55\/index.php?rest_route=\/wp\/v2\/pages\/5278\/revisions\/7547"}],"wp:featuredmedia":[{"embeddable":true,"href":"https:\/\/sites.ac-nancy-metz.fr\/dsden55\/index.php?rest_route=\/wp\/v2\/media\/5290"}],"wp:attachment":[{"href":"https:\/\/sites.ac-nancy-metz.fr\/dsden55\/index.php?rest_route=%2Fwp%2Fv2%2Fmedia&parent=5278"}],"curies":[{"name":"wp","href":"https:\/\/api.w.org\/{rel}","templated":true}]}}