{"id":5689,"date":"2025-03-06T15:12:23","date_gmt":"2025-03-06T14:12:23","guid":{"rendered":"https:\/\/sites.ac-nancy-metz.fr\/dsden55\/?page_id=5689"},"modified":"2025-03-26T01:05:33","modified_gmt":"2025-03-26T00:05:33","slug":"fiches-synthetiques-des-nouveaux-programmes-septembre-2025","status":"publish","type":"page","link":"https:\/\/sites.ac-nancy-metz.fr\/dsden55\/?page_id=5689","title":{"rendered":"Fiches synth\u00e9tiques sur les nouveaux programmes entrant en vigueur en Septembre 2025"},"content":{"rendered":"\n<div class=\"wp-block-media-text is-stacked-on-mobile has-light-green-cyan-background-color has-background\" style=\"grid-template-columns:26% auto\"><figure class=\"wp-block-media-text__media\"><noscript><img loading=\"lazy\" decoding=\"async\" width=\"1060\" height=\"708\" data-skip-lazy src=\"https:\/\/sites.ac-nancy-metz.fr\/dsden55\/wp-content\/uploads\/2025\/03\/Image-programmes-maths.avif\" alt=\"\" class=\"wp-image-5690 size-full\"\/><\/noscript><img loading=\"eager\" decoding=\"async\" width=\"1060\" height=\"708\" src=\"data:image\/svg+xml;base64,PHN2ZyB3aWR0aD0iMTA2MCIgaGVpZ2h0PSI3MDgiIHZpZXdCb3g9IjAgMCAxMDYwIDcwOCIgZmlsbD0ibm9uZSIgeG1sbnM9Imh0dHA6Ly93d3cudzMub3JnLzIwMDAvc3ZnIj48L3N2Zz4=\" alt class=\"wp-image-5690 size-full vp-lazyload\" data-src=\"https:\/\/sites.ac-nancy-metz.fr\/dsden55\/wp-content\/uploads\/2025\/03\/Image-programmes-maths.avif\" data-sizes=\"auto\"><\/figure><div class=\"wp-block-media-text__content\">\n<p class=\"has-medium-font-size\"><strong>Math\u00e9matiques cycle 1<\/strong><\/p>\n\n\n\n<p class=\"has-vivid-cyan-blue-color has-text-color has-link-color wp-elements-0a13744ad6f19870810c03c12f27226b\"><strong><a href=\"https:\/\/sites.ac-nancy-metz.fr\/dsden55\/wp-content\/uploads\/2025\/03\/Synthese-Resol-probl-cycle-1.pdf\" target=\"_blank\" rel=\"noreferrer noopener\">Fiche synth\u00e9tique \u00ab\u00a0r\u00e9solution de probl\u00e8mes\u00a0\u00bb<\/a><\/strong><\/p>\n\n\n\n<p class=\"has-vivid-cyan-blue-color has-text-color has-link-color wp-elements-5db7334b10973dfd6b9210800cd726b8\"><strong><a href=\"https:\/\/sites.ac-nancy-metz.fr\/dsden55\/wp-content\/uploads\/2025\/03\/Synthese-Exprimer-une-quantite-cycle-1.pdf\" target=\"_blank\" rel=\"noreferrer noopener\">Fiche synth\u00e9tique D\u00e9couvrir les nombres \u00ab\u00a0Exprimer une quantit\u00e9\u00a0\u00bb<\/a><\/strong><\/p>\n\n\n\n<p class=\"has-vivid-cyan-blue-color has-text-color has-link-color wp-elements-63dfe73e626e83dc1dd941922bc14ffe\"><strong><a href=\"https:\/\/sites.ac-nancy-metz.fr\/dsden55\/wp-content\/uploads\/2025\/03\/Synthese-Exprimer-un-rang-cycle-1.pdf\" target=\"_blank\" rel=\"noreferrer noopener\">Fiche synth\u00e9tique D\u00e9couvrir les nombres \u00ab\u00a0Exprimer un rang\u00a0\u00bb<\/a><\/strong><\/p>\n\n\n\n<p class=\"has-vivid-cyan-blue-color has-text-color has-link-color wp-elements-72c531ae093a3009a276c5abc1df0845\"><strong><a href=\"https:\/\/sites.ac-nancy-metz.fr\/dsden55\/wp-content\/uploads\/2025\/03\/Synthese-Explorer-les-solides-et-les-formes-planes-cycle-1.pdf\" target=\"_blank\" rel=\"noreferrer noopener\">Fiche synth\u00e9tique \u00ab\u00a0Explorer les solides et les formes planes\u00a0\u00bb<\/a><\/strong><\/p>\n\n\n\n<p class=\"has-vivid-cyan-blue-color has-text-color has-link-color wp-elements-674824d995e4ab867ae881134bd92838\"><a href=\"https:\/\/sites.ac-nancy-metz.fr\/dsden55\/wp-content\/uploads\/2025\/03\/Synthese-Explorer-les-grandeurs-la-longueur-et-la-masse-cycle-1.pdf\" target=\"_blank\" rel=\"noreferrer noopener\"><strong>Fiche synth\u00e9tique \u00ab\u00a0Explorer des grandeurs : la longueur, la mass<\/strong>e\u00a0\u00bb<\/a><\/p>\n\n\n\n<p class=\"has-vivid-cyan-blue-color has-text-color has-link-color wp-elements-02c70ed66a14909c3a54e1ee02913dba\"><a href=\"https:\/\/sites.ac-nancy-metz.fr\/dsden55\/wp-content\/uploads\/2025\/03\/Synthese-Se-familiariser-avec-les-motifs-organises.pdf\"><strong>Fich<\/strong><\/a><a href=\"https:\/\/sites.ac-nancy-metz.fr\/dsden55\/wp-content\/uploads\/2025\/03\/Synthese-Se-familiariser-avec-les-motifs-organises.pdf\" target=\"_blank\" rel=\"noreferrer noopener\"><strong>e synth\u00e9tique \u00ab\u00a0Se familiariser avec les motifs organis\u00e9s\u00a0\u00bb<\/strong><\/a><\/p>\n<\/div><\/div>\n\n\n\n<div class=\"wp-block-media-text has-media-on-the-right is-stacked-on-mobile has-cyan-bluish-gray-background-color has-background\" style=\"grid-template-columns:auto 25%\"><div class=\"wp-block-media-text__content\">\n<p class=\"has-medium-font-size\"><strong>Langage oral et \u00e9crit cycle 1<\/strong><\/p>\n\n\n\n<p class=\"has-text-align-center has-medium-font-size\"><strong><em>Acqu\u00e9rir le langage oral<\/em><\/strong><\/p>\n\n\n\n<p class=\"has-vivid-cyan-blue-color has-text-color has-link-color wp-elements-4b9689b0f4362fde7e75d8eaf3579621\"><strong><a href=\"https:\/\/sites.ac-nancy-metz.fr\/dsden55\/wp-content\/uploads\/2025\/03\/Synthese-Enrichir-le-vocabulaire-cycle-1-1.pdf\" target=\"_blank\" rel=\"noreferrer noopener\">Fiche synth\u00e9tique  \u00ab\u00a0Enrichir le vocabulaire\u00a0\u00bb<\/a><\/strong><\/p>\n\n\n\n<p class=\"has-vivid-cyan-blue-color has-text-color has-link-color wp-elements-bbfe12f4d795766a1a8532b11c0afde9\"><strong><a href=\"https:\/\/sites.ac-nancy-metz.fr\/dsden55\/wp-content\/uploads\/2025\/03\/Synthese-Developper-sa-syntaxe-cycle-1.pdf\" target=\"_blank\" rel=\"noreferrer noopener\">Fiche synth\u00e9tique  \u00ab\u00a0D\u00e9velopper sa syntaxe\u00a0\u00bb<\/a><\/strong><\/p>\n\n\n\n<p class=\"has-vivid-cyan-blue-color has-text-color has-link-color wp-elements-1756e13bcea859da745034dcb176181a\"><a href=\"https:\/\/sites.ac-nancy-metz.fr\/dsden55\/wp-content\/uploads\/2025\/03\/Synthese-Articuler-distinctement.pdf\" target=\"_blank\" rel=\"noreferrer noopener\"><strong>Fiche synth\u00e9tique  \u00ab\u00a0Articuler distinctement\u00a0\u00bb<\/strong><\/a><\/p>\n\n\n\n<p class=\"has-vivid-cyan-blue-color has-text-color has-link-color wp-elements-30df510faac6f3ec902301fa71de3317\"><a href=\"https:\/\/sites.ac-nancy-metz.fr\/dsden55\/wp-content\/uploads\/2025\/03\/Synthese-Produire-des-discours-varies-cycle-1.pdf\" target=\"_blank\" rel=\"noreferrer noopener\"><strong>Fiche synth\u00e9tique  \u00ab\u00a0Produire des discours vari\u00e9s\u00a0\u00bb<\/strong><\/a><\/p>\n\n\n\n<p class=\"has-text-align-center has-medium-font-size\"><strong><em>Passer de l&rsquo;oral \u00e0 l&rsquo;\u00e9crit : se pr\u00e9parer \u00e0 apprendre \u00e0 lire<\/em><\/strong><\/p>\n\n\n\n<p class=\"has-vivid-cyan-blue-color has-text-color has-link-color wp-elements-0b7a668b933571c9247bdfebf771d3f4\"><a href=\"https:\/\/sites.ac-nancy-metz.fr\/dsden55\/wp-content\/uploads\/2025\/03\/Synthese-Acquerir-les-habiletes-phonologiques-cycle-1.pdf\" target=\"_blank\" rel=\"noreferrer noopener\"><strong>Fiche synth\u00e9tique \u00ab\u00a0Acqu\u00e9rir les habilet\u00e9s phonologiques\u00a0\u00bb<\/strong><\/a><\/p>\n\n\n\n<p class=\"has-vivid-cyan-blue-color has-text-color has-link-color wp-elements-fca1c44ae561edbfee0d0b49be774273\"><strong><a href=\"https:\/\/sites.ac-nancy-metz.fr\/dsden55\/wp-content\/uploads\/2025\/03\/Synthese-Acquerir-le-principe-alphabetique-cycle-1.pdf\" target=\"_blank\" rel=\"noreferrer noopener\">Fiche synth\u00e9tique \u00ab\u00a0Acqu\u00e9rir le principe alphab\u00e9tique\u00a0\u00bb<\/a><\/strong><\/p>\n\n\n\n<p class=\"has-vivid-cyan-blue-color has-text-color has-link-color wp-elements-6a4447ce27286016003a82a875d4ecc2\"><a href=\"https:\/\/sites.ac-nancy-metz.fr\/dsden55\/wp-content\/uploads\/2025\/03\/Synthese-Seveiller-a-la-diversite-linguistique.pdf\" target=\"_blank\" rel=\"noreferrer noopener\"><strong>Fiche synth\u00e9tique \u00ab\u00a0S&rsquo;\u00e9veiller \u00e0 la diversit\u00e9 linguistique et culturelle\u00a0\u00bb<\/strong><\/a><\/p>\n\n\n\n<p class=\"has-vivid-cyan-blue-color has-text-color has-link-color wp-elements-d166aae6ed91aa86fab4ea40cad9ee76\"><strong><a href=\"https:\/\/sites.ac-nancy-metz.fr\/dsden55\/wp-content\/uploads\/2025\/03\/Synthese-Ecouter-et-comprendre-differentes-formes-decrits.pdf\" target=\"_blank\" rel=\"noreferrer noopener\">Fiche synth\u00e9tique \u00ab\u00a0Ecouter et comprendre diff\u00e9rentes formes d&rsquo;\u00e9crits\u00a0\u00bb<\/a><\/strong><\/p>\n\n\n\n<p class=\"has-text-align-center has-medium-font-size\"><strong><em>Passer de l&rsquo;oral \u00e0 l&rsquo;\u00e9crit : se pr\u00e9parer \u00e0 apprendre \u00e0 \u00e9crire<\/em><\/strong><\/p>\n\n\n\n<p class=\"has-vivid-cyan-blue-color has-text-color has-link-color wp-elements-55a8fb53ec755f28af1e748ea75b4364\"><a href=\"https:\/\/sites.ac-nancy-metz.fr\/dsden55\/wp-content\/uploads\/2025\/03\/Synthese-Apprendre-le-geste-decriture.pdf\" target=\"_blank\" rel=\"noreferrer noopener\"><strong>Fiche synth\u00e9tique \u00ab\u00a0Apprendre le geste d&rsquo;\u00e9criture\u00a0\u00bb<\/strong><\/a><\/p>\n\n\n\n<p class=\"has-vivid-cyan-blue-color has-text-color has-link-color wp-elements-c7e29d52dee539c502d1a0729fddb1ec\"><a href=\"https:\/\/sites.ac-nancy-metz.fr\/dsden55\/wp-content\/uploads\/2025\/03\/Synthese-Produire-de-premiers-ecrits.pdf\" target=\"_blank\" rel=\"noreferrer noopener\"><strong>Fiche synth\u00e9tique \u00ab\u00a0Produire de premiers \u00e9crits\u00a0\u00bb<\/strong><\/a><\/p>\n\n\n\n<p class=\"has-vivid-cyan-blue-color has-text-color has-link-color has-small-font-size wp-elements-56741ec4bfc659267e5b8697f8561f89\"><\/p>\n<\/div><figure class=\"wp-block-media-text__media\"><noscript><img loading=\"lazy\" decoding=\"async\" width=\"1024\" height=\"705\" data-skip-lazy src=\"https:\/\/sites.ac-nancy-metz.fr\/dsden55\/wp-content\/uploads\/2025\/03\/Images-Langage-1024x705.jpg\" alt=\"\" class=\"wp-image-5696 size-full\" srcset=\"https:\/\/sites.ac-nancy-metz.fr\/dsden55\/wp-content\/uploads\/2025\/03\/Images-Langage-1024x705.jpg 1024w, https:\/\/sites.ac-nancy-metz.fr\/dsden55\/wp-content\/uploads\/2025\/03\/Images-Langage-300x207.jpg 300w, https:\/\/sites.ac-nancy-metz.fr\/dsden55\/wp-content\/uploads\/2025\/03\/Images-Langage-768x529.jpg 768w, https:\/\/sites.ac-nancy-metz.fr\/dsden55\/wp-content\/uploads\/2025\/03\/Images-Langage-50x34.jpg 50w, https:\/\/sites.ac-nancy-metz.fr\/dsden55\/wp-content\/uploads\/2025\/03\/Images-Langage-500x344.jpg 500w, https:\/\/sites.ac-nancy-metz.fr\/dsden55\/wp-content\/uploads\/2025\/03\/Images-Langage-1000x689.jpg 1000w, https:\/\/sites.ac-nancy-metz.fr\/dsden55\/wp-content\/uploads\/2025\/03\/Images-Langage-800x551.jpg 800w, https:\/\/sites.ac-nancy-metz.fr\/dsden55\/wp-content\/uploads\/2025\/03\/Images-Langage.jpg 1060w\" sizes=\"auto, (max-width: 1024px) 100vw, 1024px\" \/><\/noscript><img loading=\"eager\" decoding=\"async\" width=\"1024\" height=\"705\" src=\"https:\/\/sites.ac-nancy-metz.fr\/dsden55\/wp-content\/uploads\/2025\/03\/Images-Langage-1024x705.jpg\" alt class=\"wp-image-5696 size-full vp-lazyload\" srcset=\"data:image\/svg+xml;base64,PHN2ZyB3aWR0aD0iMTAyNCIgaGVpZ2h0PSI3MDUiIHZpZXdCb3g9IjAgMCAxMDI0IDcwNSIgZmlsbD0ibm9uZSIgeG1sbnM9Imh0dHA6Ly93d3cudzMub3JnLzIwMDAvc3ZnIj48L3N2Zz4=\" data-src=\"https:\/\/sites.ac-nancy-metz.fr\/dsden55\/wp-content\/uploads\/2025\/03\/Images-Langage-1024x705.jpg\" data-srcset=\"https:\/\/sites.ac-nancy-metz.fr\/dsden55\/wp-content\/uploads\/2025\/03\/Images-Langage-1024x705.jpg 1024w, https:\/\/sites.ac-nancy-metz.fr\/dsden55\/wp-content\/uploads\/2025\/03\/Images-Langage-300x207.jpg 300w, https:\/\/sites.ac-nancy-metz.fr\/dsden55\/wp-content\/uploads\/2025\/03\/Images-Langage-768x529.jpg 768w, https:\/\/sites.ac-nancy-metz.fr\/dsden55\/wp-content\/uploads\/2025\/03\/Images-Langage-50x34.jpg 50w, https:\/\/sites.ac-nancy-metz.fr\/dsden55\/wp-content\/uploads\/2025\/03\/Images-Langage-500x344.jpg 500w, https:\/\/sites.ac-nancy-metz.fr\/dsden55\/wp-content\/uploads\/2025\/03\/Images-Langage-1000x689.jpg 1000w, https:\/\/sites.ac-nancy-metz.fr\/dsden55\/wp-content\/uploads\/2025\/03\/Images-Langage-800x551.jpg 800w, https:\/\/sites.ac-nancy-metz.fr\/dsden55\/wp-content\/uploads\/2025\/03\/Images-Langage.jpg 1060w\" data-sizes=\"auto\"><\/figure><\/div>\n\n\n\n<div class=\"wp-block-media-text is-stacked-on-mobile has-light-green-cyan-background-color has-background\" style=\"grid-template-columns:25% auto\"><figure class=\"wp-block-media-text__media\"><noscript><img loading=\"lazy\" decoding=\"async\" width=\"740\" height=\"740\" data-skip-lazy src=\"https:\/\/sites.ac-nancy-metz.fr\/dsden55\/wp-content\/uploads\/2025\/03\/Images-sciences.avif\" alt=\"\" class=\"wp-image-5716 size-full\"\/><\/noscript><img loading=\"eager\" decoding=\"async\" width=\"740\" height=\"740\" src=\"data:image\/svg+xml;base64,PHN2ZyB3aWR0aD0iNzQwIiBoZWlnaHQ9Ijc0MCIgdmlld0JveD0iMCAwIDc0MCA3NDAiIGZpbGw9Im5vbmUiIHhtbG5zPSJodHRwOi8vd3d3LnczLm9yZy8yMDAwL3N2ZyI+PC9zdmc+\" alt class=\"wp-image-5716 size-full vp-lazyload\" data-src=\"https:\/\/sites.ac-nancy-metz.fr\/dsden55\/wp-content\/uploads\/2025\/03\/Images-sciences.avif\" data-sizes=\"auto\"><\/figure><div class=\"wp-block-media-text__content\">\n<p class=\"has-medium-font-size\"><strong>Sciences cycle 1<\/strong><\/p>\n\n\n\n<p class=\"has-vivid-cyan-blue-color has-text-color has-link-color wp-elements-ae0e969b49472bda6404ae43ee0a026b\"><strong><a href=\"https:\/\/sites.ac-nancy-metz.fr\/dsden55\/wp-content\/uploads\/2025\/03\/programmes-et-reperes-de-progressivite-maternelle-sciences.pdf\" target=\"_blank\" rel=\"noreferrer noopener\">Fiche synth\u00e9tique des programmes et rep\u00e8res de progressivit\u00e9 maternelle en sciences <\/a><\/strong><\/p>\n\n\n\n<ul class=\"wp-block-list\">\n<li>D\u00e9couvrir le monde du vivant<\/li>\n\n\n\n<li>Explorer la mati\u00e8re<\/li>\n\n\n\n<li>Utiliser, fabriquer et manipuler des objets<\/li>\n<\/ul>\n\n\n\n<p class=\"has-vivid-cyan-blue-color has-text-color has-link-color wp-elements-a7f6c4c2919338b0754d1fb97cccbf89\"><a href=\"https:\/\/sites.ac-nancy-metz.fr\/dsden55\/?page_id=263\" target=\"_blank\" rel=\"noreferrer noopener\">Vers la page Sciences et techno du site de la DSDEN 55<\/a><\/p>\n<\/div><\/div>\n\n\n\n<p><\/p>\n","protected":false},"excerpt":{"rendered":"<div class=\"mh-excerpt\"><p>Math\u00e9matiques cycle 1 Fiche synth\u00e9tique \u00ab\u00a0r\u00e9solution de probl\u00e8mes\u00a0\u00bb Fiche synth\u00e9tique D\u00e9couvrir les nombres \u00ab\u00a0Exprimer une quantit\u00e9\u00a0\u00bb Fiche synth\u00e9tique D\u00e9couvrir les nombres \u00ab\u00a0Exprimer un rang\u00a0\u00bb Fiche <a class=\"mh-excerpt-more\" href=\"https:\/\/sites.ac-nancy-metz.fr\/dsden55\/?page_id=5689\" title=\"Fiches synth\u00e9tiques sur les nouveaux programmes entrant en vigueur en Septembre 2025\">[&#8230;]<\/a><\/p>\n<\/div>","protected":false},"author":21,"featured_media":0,"parent":0,"menu_order":0,"comment_status":"closed","ping_status":"closed","template":"","meta":{"_acf_changed":false,"_vp_format_video_url":"","_vp_image_focal_point":[],"footnotes":""},"class_list":["post-5689","page","type-page","status-publish","hentry"],"acf":[],"jetpack_sharing_enabled":true,"_links":{"self":[{"href":"https:\/\/sites.ac-nancy-metz.fr\/dsden55\/index.php?rest_route=\/wp\/v2\/pages\/5689","targetHints":{"allow":["GET"]}}],"collection":[{"href":"https:\/\/sites.ac-nancy-metz.fr\/dsden55\/index.php?rest_route=\/wp\/v2\/pages"}],"about":[{"href":"https:\/\/sites.ac-nancy-metz.fr\/dsden55\/index.php?rest_route=\/wp\/v2\/types\/page"}],"author":[{"embeddable":true,"href":"https:\/\/sites.ac-nancy-metz.fr\/dsden55\/index.php?rest_route=\/wp\/v2\/users\/21"}],"replies":[{"embeddable":true,"href":"https:\/\/sites.ac-nancy-metz.fr\/dsden55\/index.php?rest_route=%2Fwp%2Fv2%2Fcomments&post=5689"}],"version-history":[{"count":46,"href":"https:\/\/sites.ac-nancy-metz.fr\/dsden55\/index.php?rest_route=\/wp\/v2\/pages\/5689\/revisions"}],"predecessor-version":[{"id":5888,"href":"https:\/\/sites.ac-nancy-metz.fr\/dsden55\/index.php?rest_route=\/wp\/v2\/pages\/5689\/revisions\/5888"}],"wp:attachment":[{"href":"https:\/\/sites.ac-nancy-metz.fr\/dsden55\/index.php?rest_route=%2Fwp%2Fv2%2Fmedia&parent=5689"}],"curies":[{"name":"wp","href":"https:\/\/api.w.org\/{rel}","templated":true}]}}