{"id":5968,"date":"2025-03-25T23:00:31","date_gmt":"2025-03-25T22:00:31","guid":{"rendered":"https:\/\/sites.ac-nancy-metz.fr\/dsden55\/?page_id=5968"},"modified":"2025-09-04T14:23:46","modified_gmt":"2025-09-04T12:23:46","slug":"espace-parents","status":"publish","type":"page","link":"https:\/\/sites.ac-nancy-metz.fr\/dsden55\/?page_id=5968","title":{"rendered":"Espace Parents"},"content":{"rendered":"\n<h2 class=\"wp-block-heading\">Mallette des parents<\/h2>\n\n\n<div class=\"wp-block-image\">\n<figure class=\"aligncenter size-full\"><noscript><img loading=\"lazy\" decoding=\"async\" width=\"485\" height=\"438\" data-skip-lazy src=\"https:\/\/sites.ac-nancy-metz.fr\/dsden55\/wp-content\/uploads\/2025\/03\/Parents-485x438-1.jpg\" alt=\"\" class=\"wp-image-5981\" srcset=\"https:\/\/sites.ac-nancy-metz.fr\/dsden55\/wp-content\/uploads\/2025\/03\/Parents-485x438-1.jpg 485w, https:\/\/sites.ac-nancy-metz.fr\/dsden55\/wp-content\/uploads\/2025\/03\/Parents-485x438-1-300x271.jpg 300w, https:\/\/sites.ac-nancy-metz.fr\/dsden55\/wp-content\/uploads\/2025\/03\/Parents-485x438-1-50x45.jpg 50w\" sizes=\"auto, (max-width: 485px) 100vw, 485px\" \/><\/noscript><img loading=\"eager\" decoding=\"async\" width=\"485\" height=\"438\" src=\"https:\/\/sites.ac-nancy-metz.fr\/dsden55\/wp-content\/uploads\/2025\/03\/Parents-485x438-1.jpg\" alt class=\"wp-image-5981 vp-lazyload\" srcset=\"data:image\/svg+xml;base64,PHN2ZyB3aWR0aD0iNDg1IiBoZWlnaHQ9IjQzOCIgdmlld0JveD0iMCAwIDQ4NSA0MzgiIGZpbGw9Im5vbmUiIHhtbG5zPSJodHRwOi8vd3d3LnczLm9yZy8yMDAwL3N2ZyI+PC9zdmc+\" data-src=\"https:\/\/sites.ac-nancy-metz.fr\/dsden55\/wp-content\/uploads\/2025\/03\/Parents-485x438-1.jpg\" data-srcset=\"https:\/\/sites.ac-nancy-metz.fr\/dsden55\/wp-content\/uploads\/2025\/03\/Parents-485x438-1.jpg 485w, https:\/\/sites.ac-nancy-metz.fr\/dsden55\/wp-content\/uploads\/2025\/03\/Parents-485x438-1-300x271.jpg 300w, https:\/\/sites.ac-nancy-metz.fr\/dsden55\/wp-content\/uploads\/2025\/03\/Parents-485x438-1-50x45.jpg 50w\" data-sizes=\"auto\"><\/figure>\n<\/div>\n\n\n<p>Le site \u00ab\u00a0Mallette des parents\u00a0\u00bb est d\u00e9di\u00e9 aux parents et aux professionnels de l&rsquo;\u00e9ducation.<\/p>\n\n\n\n<p>Sur cet espace commun sont propos\u00e9s des conseils, des ressources, des outils pour mieux comprendre les enjeux de l&rsquo;Ecole et pour renforcer le lien entre les diff\u00e9rents acteurs de la r\u00e9ussite scolaire de chaque enfant. <\/p>\n\n\n\n<figure class=\"wp-block-image size-full\"><a href=\"https:\/\/mallettedesparents.education.gouv.fr\/\"><noscript><img loading=\"lazy\" decoding=\"async\" width=\"985\" height=\"153\" data-skip-lazy src=\"https:\/\/sites.ac-nancy-metz.fr\/dsden55\/wp-content\/uploads\/2025\/03\/Capture.jpg\" alt=\"\" class=\"wp-image-5976\" srcset=\"https:\/\/sites.ac-nancy-metz.fr\/dsden55\/wp-content\/uploads\/2025\/03\/Capture.jpg 985w, https:\/\/sites.ac-nancy-metz.fr\/dsden55\/wp-content\/uploads\/2025\/03\/Capture-300x47.jpg 300w, https:\/\/sites.ac-nancy-metz.fr\/dsden55\/wp-content\/uploads\/2025\/03\/Capture-768x119.jpg 768w, https:\/\/sites.ac-nancy-metz.fr\/dsden55\/wp-content\/uploads\/2025\/03\/Capture-50x8.jpg 50w, https:\/\/sites.ac-nancy-metz.fr\/dsden55\/wp-content\/uploads\/2025\/03\/Capture-500x78.jpg 500w, https:\/\/sites.ac-nancy-metz.fr\/dsden55\/wp-content\/uploads\/2025\/03\/Capture-800x124.jpg 800w\" sizes=\"auto, (max-width: 985px) 100vw, 985px\" \/><\/noscript><img loading=\"eager\" decoding=\"async\" width=\"985\" height=\"153\" src=\"https:\/\/sites.ac-nancy-metz.fr\/dsden55\/wp-content\/uploads\/2025\/03\/Capture.jpg\" alt class=\"wp-image-5976 vp-lazyload\" srcset=\"data:image\/svg+xml;base64,PHN2ZyB3aWR0aD0iOTg1IiBoZWlnaHQ9IjE1MyIgdmlld0JveD0iMCAwIDk4NSAxNTMiIGZpbGw9Im5vbmUiIHhtbG5zPSJodHRwOi8vd3d3LnczLm9yZy8yMDAwL3N2ZyI+PC9zdmc+\" data-src=\"https:\/\/sites.ac-nancy-metz.fr\/dsden55\/wp-content\/uploads\/2025\/03\/Capture.jpg\" data-srcset=\"https:\/\/sites.ac-nancy-metz.fr\/dsden55\/wp-content\/uploads\/2025\/03\/Capture.jpg 985w, https:\/\/sites.ac-nancy-metz.fr\/dsden55\/wp-content\/uploads\/2025\/03\/Capture-300x47.jpg 300w, https:\/\/sites.ac-nancy-metz.fr\/dsden55\/wp-content\/uploads\/2025\/03\/Capture-768x119.jpg 768w, https:\/\/sites.ac-nancy-metz.fr\/dsden55\/wp-content\/uploads\/2025\/03\/Capture-50x8.jpg 50w, https:\/\/sites.ac-nancy-metz.fr\/dsden55\/wp-content\/uploads\/2025\/03\/Capture-500x78.jpg 500w, https:\/\/sites.ac-nancy-metz.fr\/dsden55\/wp-content\/uploads\/2025\/03\/Capture-800x124.jpg 800w\" data-sizes=\"auto\"><\/a><\/figure>\n\n\n\n<p><strong>Retrouvez, ci-dessous, une s\u00e9lection de th\u00e9matiques :<\/strong><\/p>\n\n\n\n<ul class=\"wp-block-list\">\n<li><a href=\"https:\/\/mallettedesparents.education.gouv.fr\/parents\/ID129\/presentation-de-l-ecole-maternelle\" target=\"_blank\" rel=\"noreferrer noopener\"><strong>Pr\u00e9sentation de l&rsquo;\u00e9cole maternelle<\/strong><\/a><\/li>\n\n\n\n<li><a href=\"https:\/\/mallettedesparents.education.gouv.fr\/parents\/ID238\/une-journee-a-l-ecole-maternelle\" target=\"_blank\" rel=\"noreferrer noopener\"><strong>Une journ\u00e9e \u00e0 l&rsquo;\u00e9cole maternelle<\/strong><\/a><\/li>\n\n\n\n<li><strong><a href=\"https:\/\/mallettedesparents.education.gouv.fr\/parents\/ID161\/rencontres-ecole-parents-tisser-un-lien-de-confiance\" target=\"_blank\" rel=\"noreferrer noopener\">Rencontre \u00e9cole-parents : tisser un lien de confiance<\/a> &#8211; <a href=\"https:\/\/www.education.gouv.fr\/les-parents-l-ecole-9899\" target=\"_blank\" rel=\"noreferrer noopener\">Les parents \u00e0 l&rsquo;\u00e9cole<\/a><\/strong><\/li>\n\n\n\n<li><strong><a href=\"https:\/\/mallettedesparents.education.gouv.fr\/parents\/ID173\/les-representants-des-parents-d-eleves\" target=\"_blank\" rel=\"noreferrer noopener\">Les repr\u00e9sentants des parents d&rsquo;\u00e9l\u00e8ves<\/a> &#8211; <a href=\"https:\/\/www.education.gouv.fr\/les-parents-delegues-8177\" target=\"_blank\" rel=\"noreferrer noopener\">Les parents d\u00e9l\u00e9gu\u00e9s<\/a><\/strong><\/li>\n\n\n\n<li><a href=\"https:\/\/mallettedesparents.education.gouv.fr\/parents\/ID160\/regles-d-hygiene-et-bilan-de-sante\" target=\"_blank\" rel=\"noreferrer noopener\"><strong>R\u00e8gles d&rsquo;hygi\u00e8ne et bilan de sant\u00e9<\/strong><\/a><\/li>\n\n\n\n<li><a href=\"https:\/\/mallettedesparents.education.gouv.fr\/parents\/ID181\/les-bienfaits-du-sommeil-pour-les-enfants\" target=\"_blank\" rel=\"noreferrer noopener\"><strong>Les bienfaits du sommeil pour les enfants<\/strong><\/a><\/li>\n\n\n\n<li><a href=\"https:\/\/sites.ac-nancy-metz.fr\/dsden55\/wp-content\/uploads\/2025\/05\/Plaquette-parents-un-projet-ambitieux-duquer-la-vie-affective-et-relationnelle-et-la-sexualit-199381_0-1.pdf\"><strong>Plaquette de pr\u00e9sentation &#8211; Education \u00e0 la vie affective et relationnelle (EVAR)<\/strong><\/a><\/li>\n<\/ul>\n\n\n\n<p><strong>Education \u00e0 la vie affective et relationnelle (EVAR) en Maternelle<\/strong><\/p>\n\n\n\n<ul class=\"wp-block-list\">\n<li><a href=\"https:\/\/sites.ac-nancy-metz.fr\/dsden55\/wp-content\/uploads\/2025\/09\/Parents-Maternelle.pdf\" target=\"_blank\" rel=\"noreferrer noopener\">Plaquette explicative pour les parents <\/a><\/li>\n\n\n\n<li><a href=\"https:\/\/sites.ac-nancy-metz.fr\/dsden55\/wp-content\/uploads\/2025\/09\/Parents-Maternelle-A5.pdf\" target=\"_blank\" rel=\"noreferrer noopener\">Plaquette format A5 pour les parents<\/a><\/li>\n<\/ul>\n\n\n\n<p><\/p>\n","protected":false},"excerpt":{"rendered":"<div class=\"mh-excerpt\"><p>Mallette des parents Le site \u00ab\u00a0Mallette des parents\u00a0\u00bb est d\u00e9di\u00e9 aux parents et aux professionnels de l&rsquo;\u00e9ducation. Sur cet espace commun sont propos\u00e9s des conseils, <a class=\"mh-excerpt-more\" href=\"https:\/\/sites.ac-nancy-metz.fr\/dsden55\/?page_id=5968\" title=\"Espace Parents\">[&#8230;]<\/a><\/p>\n<\/div>","protected":false},"author":10,"featured_media":0,"parent":0,"menu_order":0,"comment_status":"closed","ping_status":"closed","template":"","meta":{"_acf_changed":false,"_vp_format_video_url":"","_vp_image_focal_point":[],"footnotes":""},"class_list":["post-5968","page","type-page","status-publish","hentry"],"acf":[],"jetpack_sharing_enabled":true,"_links":{"self":[{"href":"https:\/\/sites.ac-nancy-metz.fr\/dsden55\/index.php?rest_route=\/wp\/v2\/pages\/5968","targetHints":{"allow":["GET"]}}],"collection":[{"href":"https:\/\/sites.ac-nancy-metz.fr\/dsden55\/index.php?rest_route=\/wp\/v2\/pages"}],"about":[{"href":"https:\/\/sites.ac-nancy-metz.fr\/dsden55\/index.php?rest_route=\/wp\/v2\/types\/page"}],"author":[{"embeddable":true,"href":"https:\/\/sites.ac-nancy-metz.fr\/dsden55\/index.php?rest_route=\/wp\/v2\/users\/10"}],"replies":[{"embeddable":true,"href":"https:\/\/sites.ac-nancy-metz.fr\/dsden55\/index.php?rest_route=%2Fwp%2Fv2%2Fcomments&post=5968"}],"version-history":[{"count":9,"href":"https:\/\/sites.ac-nancy-metz.fr\/dsden55\/index.php?rest_route=\/wp\/v2\/pages\/5968\/revisions"}],"predecessor-version":[{"id":6924,"href":"https:\/\/sites.ac-nancy-metz.fr\/dsden55\/index.php?rest_route=\/wp\/v2\/pages\/5968\/revisions\/6924"}],"wp:attachment":[{"href":"https:\/\/sites.ac-nancy-metz.fr\/dsden55\/index.php?rest_route=%2Fwp%2Fv2%2Fmedia&parent=5968"}],"curies":[{"name":"wp","href":"https:\/\/api.w.org\/{rel}","templated":true}]}}