{"id":707,"date":"2022-03-04T14:32:06","date_gmt":"2022-03-04T13:32:06","guid":{"rendered":"https:\/\/sites.ac-nancy-metz.fr\/dsden55\/?page_id=707"},"modified":"2022-06-28T16:42:49","modified_gmt":"2022-06-28T14:42:49","slug":"centenaire-de-la-premiere-guerre-mondiale","status":"publish","type":"page","link":"https:\/\/sites.ac-nancy-metz.fr\/dsden55\/?page_id=707","title":{"rendered":"Centenaire de la bataille de Verdun"},"content":{"rendered":"\n<div class=\"wp-block-columns has-white-color has-text-color has-background is-layout-flex wp-container-core-columns-is-layout-9d6595d7 wp-block-columns-is-layout-flex\" style=\"background-color:#2a2a2a\">\n<div class=\"wp-block-column is-layout-flow wp-block-column-is-layout-flow\" style=\"flex-basis:66.66%\">\n<figure class=\"wp-block-image size-full is-resized\"><a href=\"https:\/\/sites.ac-nancy-metz.fr\/dsden55\/?page_id=250\"><noscript><img loading=\"lazy\" decoding=\"async\" data-skip-lazy src=\"https:\/\/sites.ac-nancy-metz.fr\/dsden55\/wp-content\/uploads\/2022\/03\/Logo-histoire-ge\u0301o.png\" alt=\"\" class=\"wp-image-713\" width=\"163\" height=\"47\" srcset=\"https:\/\/sites.ac-nancy-metz.fr\/dsden55\/wp-content\/uploads\/2022\/03\/Logo-histoire-ge\u0301o.png 300w, https:\/\/sites.ac-nancy-metz.fr\/dsden55\/wp-content\/uploads\/2022\/03\/Logo-histoire-ge\u0301o-80x23.png 80w, https:\/\/sites.ac-nancy-metz.fr\/dsden55\/wp-content\/uploads\/2022\/03\/Logo-histoire-ge\u0301o-100x29.png 100w\" sizes=\"auto, (max-width: 163px) 100vw, 163px\" \/><\/noscript><img loading=\"eager\" decoding=\"async\" src=\"https:\/\/sites.ac-nancy-metz.fr\/dsden55\/wp-content\/uploads\/2022\/03\/Logo-histoire-ge\u0301o.png\" alt class=\"wp-image-713 vp-lazyload\" width=\"163\" height=\"47\" srcset=\"data:image\/svg+xml;base64,PHN2ZyB3aWR0aD0iMTYzIiBoZWlnaHQ9IjQ3IiB2aWV3Qm94PSIwIDAgMTYzIDQ3IiBmaWxsPSJub25lIiB4bWxucz0iaHR0cDovL3d3dy53My5vcmcvMjAwMC9zdmciPjwvc3ZnPg==\" data-src=\"https:\/\/sites.ac-nancy-metz.fr\/dsden55\/wp-content\/uploads\/2022\/03\/Logo-histoire-ge\u0301o.png\" data-srcset=\"https:\/\/sites.ac-nancy-metz.fr\/dsden55\/wp-content\/uploads\/2022\/03\/Logo-histoire-ge\u0301o.png 300w, https:\/\/sites.ac-nancy-metz.fr\/dsden55\/wp-content\/uploads\/2022\/03\/Logo-histoire-ge\u0301o-80x23.png 80w, https:\/\/sites.ac-nancy-metz.fr\/dsden55\/wp-content\/uploads\/2022\/03\/Logo-histoire-ge\u0301o-100x29.png 100w\" data-sizes=\"auto\"><\/a><\/figure>\n\n\n\n<ul class=\"wp-block-list\"><li><a href=\"https:\/\/sites.ac-nancy-metz.fr\/dsden55\/?p=736\">29 mai 2016 les c\u00e9r\u00e9monies officielles<\/a><\/li><li><a href=\"https:\/\/sites.ac-nancy-metz.fr\/dsden55\/?p=742\">Projet d&rsquo;\u00e9criture centenaire 2016<\/a><\/li><li><a href=\"https:\/\/sites.ac-nancy-metz.fr\/dsden55\/?p=757\">\u00ab\u00a0Louis nous raconte\u00a0\u00bb (\u00e9cole de FRESNE EN WOEVRE)<\/a><\/li><li><a href=\"https:\/\/sites.ac-nancy-metz.fr\/dsden55\/?p=764\">L\u2019odyss\u00e9e de Verdun<\/a><\/li><li><a href=\"https:\/\/sites.ac-nancy-metz.fr\/dsden55\/?p=1447\">Un carnet de m\u00e9moire (\u00e9cole de SOMMEDIEUE)<\/a><\/li><li><a href=\"https:\/\/sites.ac-nancy-metz.fr\/dsden55\/?p=1457\">Saillant de Saint Mihiel : 1200 \u00e9l\u00e8ves partent \u00e0 la d\u00e9couverte du patrimoine&#8230;<\/a><\/li><li><a href=\"https:\/\/sites.ac-nancy-metz.fr\/dsden55\/?p=1464\">Compagnons d\u2019armes (coll\u00e8ges de FRESNE EN WOEVRE et de THIERVILLE)<\/a><\/li><li><a href=\"https:\/\/sites.ac-nancy-metz.fr\/dsden55\/?p=1470\">Centenaire de la bataille Verdun&nbsp;(\u00e9coles Poincar\u00e9 Galland et Caroline Aigle de VERDUN)<\/a><\/li><li><a href=\"https:\/\/sites.ac-nancy-metz.fr\/dsden55\/?p=751\">Flashmob UNSS 55<\/a><\/li><\/ul>\n<\/div>\n\n\n\n<div class=\"wp-block-column is-vertically-aligned-center is-layout-flow wp-block-column-is-layout-flow\" style=\"flex-basis:33.33%\">\n<figure class=\"wp-block-image size-full\"><noscript><img loading=\"lazy\" decoding=\"async\" width=\"500\" height=\"561\" data-skip-lazy src=\"https:\/\/sites.ac-nancy-metz.fr\/dsden55\/wp-content\/uploads\/2022\/03\/centenaire_1ere_guerre.jpg\" alt=\"\" class=\"wp-image-710\" srcset=\"https:\/\/sites.ac-nancy-metz.fr\/dsden55\/wp-content\/uploads\/2022\/03\/centenaire_1ere_guerre.jpg 500w, https:\/\/sites.ac-nancy-metz.fr\/dsden55\/wp-content\/uploads\/2022\/03\/centenaire_1ere_guerre-53x60.jpg 53w, https:\/\/sites.ac-nancy-metz.fr\/dsden55\/wp-content\/uploads\/2022\/03\/centenaire_1ere_guerre-100x112.jpg 100w, https:\/\/sites.ac-nancy-metz.fr\/dsden55\/wp-content\/uploads\/2022\/03\/centenaire_1ere_guerre-454x509.jpg 454w, https:\/\/sites.ac-nancy-metz.fr\/dsden55\/wp-content\/uploads\/2022\/03\/centenaire_1ere_guerre-390x438.jpg 390w, https:\/\/sites.ac-nancy-metz.fr\/dsden55\/wp-content\/uploads\/2022\/03\/centenaire_1ere_guerre-267x300.jpg 267w\" sizes=\"auto, (max-width: 500px) 100vw, 500px\" \/><\/noscript><img loading=\"eager\" decoding=\"async\" width=\"500\" height=\"561\" src=\"https:\/\/sites.ac-nancy-metz.fr\/dsden55\/wp-content\/uploads\/2022\/03\/centenaire_1ere_guerre.jpg\" alt class=\"wp-image-710 vp-lazyload\" srcset=\"data:image\/svg+xml;base64,PHN2ZyB3aWR0aD0iNTAwIiBoZWlnaHQ9IjU2MSIgdmlld0JveD0iMCAwIDUwMCA1NjEiIGZpbGw9Im5vbmUiIHhtbG5zPSJodHRwOi8vd3d3LnczLm9yZy8yMDAwL3N2ZyI+PC9zdmc+\" data-src=\"https:\/\/sites.ac-nancy-metz.fr\/dsden55\/wp-content\/uploads\/2022\/03\/centenaire_1ere_guerre.jpg\" data-srcset=\"https:\/\/sites.ac-nancy-metz.fr\/dsden55\/wp-content\/uploads\/2022\/03\/centenaire_1ere_guerre.jpg 500w, https:\/\/sites.ac-nancy-metz.fr\/dsden55\/wp-content\/uploads\/2022\/03\/centenaire_1ere_guerre-53x60.jpg 53w, https:\/\/sites.ac-nancy-metz.fr\/dsden55\/wp-content\/uploads\/2022\/03\/centenaire_1ere_guerre-100x112.jpg 100w, https:\/\/sites.ac-nancy-metz.fr\/dsden55\/wp-content\/uploads\/2022\/03\/centenaire_1ere_guerre-454x509.jpg 454w, https:\/\/sites.ac-nancy-metz.fr\/dsden55\/wp-content\/uploads\/2022\/03\/centenaire_1ere_guerre-390x438.jpg 390w, https:\/\/sites.ac-nancy-metz.fr\/dsden55\/wp-content\/uploads\/2022\/03\/centenaire_1ere_guerre-267x300.jpg 267w\" data-sizes=\"auto\"><\/figure>\n<\/div>\n<\/div>\n\n\n\n<p><\/p>\n\n\n<form role=\"search\" method=\"get\" action=\"https:\/\/sites.ac-nancy-metz.fr\/dsden55\/\" class=\"wp-block-search__button-inside wp-block-search__text-button alignright wp-block-search\"    ><label class=\"wp-block-search__label screen-reader-text\" for=\"wp-block-search__input-1\" >Rechercher<\/label><div class=\"wp-block-search__inside-wrapper\" ><input class=\"wp-block-search__input\" id=\"wp-block-search__input-1\" placeholder=\"\" value=\"\" type=\"search\" name=\"s\" required \/><button aria-label=\"Rechercher\" class=\"wp-block-search__button wp-element-button\" type=\"submit\" >Rechercher<\/button><\/div><\/form>","protected":false},"excerpt":{"rendered":"<div class=\"mh-excerpt\"><p>29 mai 2016 les c\u00e9r\u00e9monies officielles Projet d&rsquo;\u00e9criture centenaire 2016 \u00ab\u00a0Louis nous raconte\u00a0\u00bb (\u00e9cole de FRESNE EN WOEVRE) L\u2019odyss\u00e9e de Verdun Un carnet de m\u00e9moire <a class=\"mh-excerpt-more\" href=\"https:\/\/sites.ac-nancy-metz.fr\/dsden55\/?page_id=707\" title=\"Centenaire de la bataille de Verdun\">[&#8230;]<\/a><\/p>\n<\/div>","protected":false},"author":1,"featured_media":0,"parent":0,"menu_order":0,"comment_status":"closed","ping_status":"closed","template":"template-full.php","meta":{"_acf_changed":false,"_vp_format_video_url":"","_vp_image_focal_point":[],"footnotes":""},"class_list":["post-707","page","type-page","status-publish","hentry"],"acf":[],"jetpack_sharing_enabled":true,"_links":{"self":[{"href":"https:\/\/sites.ac-nancy-metz.fr\/dsden55\/index.php?rest_route=\/wp\/v2\/pages\/707","targetHints":{"allow":["GET"]}}],"collection":[{"href":"https:\/\/sites.ac-nancy-metz.fr\/dsden55\/index.php?rest_route=\/wp\/v2\/pages"}],"about":[{"href":"https:\/\/sites.ac-nancy-metz.fr\/dsden55\/index.php?rest_route=\/wp\/v2\/types\/page"}],"author":[{"embeddable":true,"href":"https:\/\/sites.ac-nancy-metz.fr\/dsden55\/index.php?rest_route=\/wp\/v2\/users\/1"}],"replies":[{"embeddable":true,"href":"https:\/\/sites.ac-nancy-metz.fr\/dsden55\/index.php?rest_route=%2Fwp%2Fv2%2Fcomments&post=707"}],"version-history":[{"count":33,"href":"https:\/\/sites.ac-nancy-metz.fr\/dsden55\/index.php?rest_route=\/wp\/v2\/pages\/707\/revisions"}],"predecessor-version":[{"id":3653,"href":"https:\/\/sites.ac-nancy-metz.fr\/dsden55\/index.php?rest_route=\/wp\/v2\/pages\/707\/revisions\/3653"}],"wp:attachment":[{"href":"https:\/\/sites.ac-nancy-metz.fr\/dsden55\/index.php?rest_route=%2Fwp%2Fv2%2Fmedia&parent=707"}],"curies":[{"name":"wp","href":"https:\/\/api.w.org\/{rel}","templated":true}]}}

<div class="wp-block-columns has-white-color has-text-color has-background is-layout-flex wp-container-core-columns-is-layout-9d6595d7 wp-block-columns-is-layout-flex" style="background-color:#2a2a2a">
<div class="wp-block-column is-layout-flow wp-block-column-is-layout-flow" style="flex-basis:66.66%">
<figure class="wp-block-image size-full is-resized"><a href="https://sites.ac-nancy-metz.fr/dsden55/?page_id=250"><noscript><img loading="lazy" decoding="async" data-skip-lazy src="https://sites.ac-nancy-metz.fr/dsden55/wp-content/uploads/2022/03/Logo-histoire-géo.png" alt="" class="wp-image-713" width="163" height="47" srcset="https://sites.ac-nancy-metz.fr/dsden55/wp-content/uploads/2022/03/Logo-histoire-géo.png 300w, https://sites.ac-nancy-metz.fr/dsden55/wp-content/uploads/2022/03/Logo-histoire-géo-80x23.png 80w, https://sites.ac-nancy-metz.fr/dsden55/wp-content/uploads/2022/03/Logo-histoire-géo-100x29.png 100w" sizes="auto, (max-width: 163px) 100vw, 163px" /></noscript><img loading="eager" decoding="async" src="https://sites.ac-nancy-metz.fr/dsden55/wp-content/uploads/2022/03/Logo-histoire-géo.png" alt class="wp-image-713 vp-lazyload" width="163" height="47" srcset="data:image/svg+xml;base64,PHN2ZyB3aWR0aD0iMTYzIiBoZWlnaHQ9IjQ3IiB2aWV3Qm94PSIwIDAgMTYzIDQ3IiBmaWxsPSJub25lIiB4bWxucz0iaHR0cDovL3d3dy53My5vcmcvMjAwMC9zdmciPjwvc3ZnPg==" data-src="https://sites.ac-nancy-metz.fr/dsden55/wp-content/uploads/2022/03/Logo-histoire-géo.png" data-srcset="https://sites.ac-nancy-metz.fr/dsden55/wp-content/uploads/2022/03/Logo-histoire-géo.png 300w, https://sites.ac-nancy-metz.fr/dsden55/wp-content/uploads/2022/03/Logo-histoire-géo-80x23.png 80w, https://sites.ac-nancy-metz.fr/dsden55/wp-content/uploads/2022/03/Logo-histoire-géo-100x29.png 100w" data-sizes="auto"></a></figure>



<ul class="wp-block-list"><li><a href="https://sites.ac-nancy-metz.fr/dsden55/?p=736">29 mai 2016 les cérémonies officielles</a></li><li><a href="https://sites.ac-nancy-metz.fr/dsden55/?p=742">Projet d&rsquo;écriture centenaire 2016</a></li><li><a href="https://sites.ac-nancy-metz.fr/dsden55/?p=757">« Louis nous raconte » (école de FRESNE EN WOEVRE)</a></li><li><a href="https://sites.ac-nancy-metz.fr/dsden55/?p=764">L’odyssée de Verdun</a></li><li><a href="https://sites.ac-nancy-metz.fr/dsden55/?p=1447">Un carnet de mémoire (école de SOMMEDIEUE)</a></li><li><a href="https://sites.ac-nancy-metz.fr/dsden55/?p=1457">Saillant de Saint Mihiel : 1200 élèves partent à la découverte du patrimoine&#8230;</a></li><li><a href="https://sites.ac-nancy-metz.fr/dsden55/?p=1464">Compagnons d’armes (collèges de FRESNE EN WOEVRE et de THIERVILLE)</a></li><li><a href="https://sites.ac-nancy-metz.fr/dsden55/?p=1470">Centenaire de la bataille Verdun&nbsp;(écoles Poincaré Galland et Caroline Aigle de VERDUN)</a></li><li><a href="https://sites.ac-nancy-metz.fr/dsden55/?p=751">Flashmob UNSS 55</a></li></ul>
</div>



<div class="wp-block-column is-vertically-aligned-center is-layout-flow wp-block-column-is-layout-flow" style="flex-basis:33.33%">
<figure class="wp-block-image size-full"><noscript><img loading="lazy" decoding="async" width="500" height="561" data-skip-lazy src="https://sites.ac-nancy-metz.fr/dsden55/wp-content/uploads/2022/03/centenaire_1ere_guerre.jpg" alt="" class="wp-image-710" srcset="https://sites.ac-nancy-metz.fr/dsden55/wp-content/uploads/2022/03/centenaire_1ere_guerre.jpg 500w, https://sites.ac-nancy-metz.fr/dsden55/wp-content/uploads/2022/03/centenaire_1ere_guerre-53x60.jpg 53w, https://sites.ac-nancy-metz.fr/dsden55/wp-content/uploads/2022/03/centenaire_1ere_guerre-100x112.jpg 100w, https://sites.ac-nancy-metz.fr/dsden55/wp-content/uploads/2022/03/centenaire_1ere_guerre-454x509.jpg 454w, https://sites.ac-nancy-metz.fr/dsden55/wp-content/uploads/2022/03/centenaire_1ere_guerre-390x438.jpg 390w, https://sites.ac-nancy-metz.fr/dsden55/wp-content/uploads/2022/03/centenaire_1ere_guerre-267x300.jpg 267w" sizes="auto, (max-width: 500px) 100vw, 500px" /></noscript><img loading="eager" decoding="async" width="500" height="561" src="https://sites.ac-nancy-metz.fr/dsden55/wp-content/uploads/2022/03/centenaire_1ere_guerre.jpg" alt class="wp-image-710 vp-lazyload" srcset="data:image/svg+xml;base64,PHN2ZyB3aWR0aD0iNTAwIiBoZWlnaHQ9IjU2MSIgdmlld0JveD0iMCAwIDUwMCA1NjEiIGZpbGw9Im5vbmUiIHhtbG5zPSJodHRwOi8vd3d3LnczLm9yZy8yMDAwL3N2ZyI+PC9zdmc+" data-src="https://sites.ac-nancy-metz.fr/dsden55/wp-content/uploads/2022/03/centenaire_1ere_guerre.jpg" data-srcset="https://sites.ac-nancy-metz.fr/dsden55/wp-content/uploads/2022/03/centenaire_1ere_guerre.jpg 500w, https://sites.ac-nancy-metz.fr/dsden55/wp-content/uploads/2022/03/centenaire_1ere_guerre-53x60.jpg 53w, https://sites.ac-nancy-metz.fr/dsden55/wp-content/uploads/2022/03/centenaire_1ere_guerre-100x112.jpg 100w, https://sites.ac-nancy-metz.fr/dsden55/wp-content/uploads/2022/03/centenaire_1ere_guerre-454x509.jpg 454w, https://sites.ac-nancy-metz.fr/dsden55/wp-content/uploads/2022/03/centenaire_1ere_guerre-390x438.jpg 390w, https://sites.ac-nancy-metz.fr/dsden55/wp-content/uploads/2022/03/centenaire_1ere_guerre-267x300.jpg 267w" data-sizes="auto"></figure>
</div>
</div>



<p></p>


<form role="search" method="get" action="https://sites.ac-nancy-metz.fr/dsden55/" class="wp-block-search__button-inside wp-block-search__text-button alignright wp-block-search"    ><label class="wp-block-search__label screen-reader-text" for="wp-block-search__input-1" >Rechercher</label><div class="wp-block-search__inside-wrapper" ><input class="wp-block-search__input" id="wp-block-search__input-1" placeholder="" value="" type="search" name="s" required /><button aria-label="Rechercher" class="wp-block-search__button wp-element-button" type="submit" >Rechercher</button></div></form>

<div class="mh-excerpt"><p>29 mai 2016 les cérémonies officielles Projet d&rsquo;écriture centenaire 2016 « Louis nous raconte » (école de FRESNE EN WOEVRE) L’odyssée de Verdun Un carnet de mémoire <a class="mh-excerpt-more" href="https://sites.ac-nancy-metz.fr/dsden55/?page_id=707" title="Centenaire de la bataille de Verdun">[&#8230;]</a></p>
</div>
