{"id":4887,"date":"2021-12-03T13:17:26","date_gmt":"2021-12-03T12:17:26","guid":{"rendered":"https:\/\/sites.ac-nancy-metz.fr\/eac57\/?page_id=4887"},"modified":"2025-01-06T11:56:18","modified_gmt":"2025-01-06T10:56:18","slug":"accueil-arts-plastiques","status":"publish","type":"page","link":"https:\/\/sites.ac-nancy-metz.fr\/eac57\/accueil-arts-plastiques\/","title":{"rendered":"ACCUEIL ARTS PLASTIQUES"},"content":{"rendered":"\n<h4 class=\"wp-block-heading\">Vos conseill\u00e8res p\u00e9dagogiques en Moselle <\/h4>\n\n\n\n<p>L&rsquo;\u00e9quipe des conseill\u00e8res p\u00e9dagogiques vous accompagne dans votre enseignement en arts plastiques. <\/p>\n\n\n\n<div class=\"wp-block-columns has-2-columns is-layout-flex wp-container-core-columns-is-layout-1 wp-block-columns-is-layout-flex\">\n<div class=\"wp-block-column is-layout-flow wp-block-column-is-layout-flow\">\n<h3 class=\"wp-block-heading\">Marie-Pierre Gama<\/h3>\n\n\n\n<figure class=\"wp-block-image is-resized\"><img loading=\"lazy\" decoding=\"async\" width=\"768\" height=\"1024\" src=\"https:\/\/sites.ac-nancy-metz.fr\/eac57\/wp-content\/uploads\/loly-curl-galerie-55-768x1024.jpg\" alt=\"\" class=\"wp-image-8968\" style=\"width:79px;height:105px\" srcset=\"https:\/\/sites.ac-nancy-metz.fr\/eac57\/wp-content\/uploads\/loly-curl-galerie-55-768x1024.jpg 768w, https:\/\/sites.ac-nancy-metz.fr\/eac57\/wp-content\/uploads\/loly-curl-galerie-55-225x300.jpg 225w, https:\/\/sites.ac-nancy-metz.fr\/eac57\/wp-content\/uploads\/loly-curl-galerie-55.jpg 900w\" sizes=\"(max-width: 768px) 100vw, 768px\" \/><\/figure>\n\n\n\n<p>Metz sud, Metz nord, Metz Saint Vincent, Metz est, Montigny les Metz, Saint Avold est, Saint Avold ouest<\/p>\n<\/div>\n\n\n\n<div class=\"wp-block-column is-layout-flow wp-block-column-is-layout-flow\">\n<h3 class=\"wp-block-heading\"><strong>Sandrine L\u00e9v\u00eaque<\/strong><\/h3>\n\n\n\n<figure class=\"wp-block-image is-resized\"><img loading=\"lazy\" decoding=\"async\" width=\"425\" height=\"427\" src=\"https:\/\/sites.ac-nancy-metz.fr\/eac57\/wp-content\/uploads\/Design-sans-titre-5.jpg\" alt=\"\" class=\"wp-image-10642\" style=\"width:99px;height:99px\" srcset=\"https:\/\/sites.ac-nancy-metz.fr\/eac57\/wp-content\/uploads\/Design-sans-titre-5.jpg 425w, https:\/\/sites.ac-nancy-metz.fr\/eac57\/wp-content\/uploads\/Design-sans-titre-5-150x150.jpg 150w, https:\/\/sites.ac-nancy-metz.fr\/eac57\/wp-content\/uploads\/Design-sans-titre-5-300x300.jpg 300w\" sizes=\"(max-width: 425px) 100vw, 425px\" \/><\/figure>\n\n\n\n<p>Sarrebourg sud, Sarrebourg nord, Ch\u00e2teau salins, Sarreguemines est, Sarreguemines ouest, Hombourg Haut, Forbach<\/p>\n\n\n\n<p>Sandrine.Leveque@ac-nancy-metz.fr    <\/p>\n<\/div>\n<\/div>\n\n\n\n<div class=\"wp-block-columns has-2-columns is-layout-flex wp-container-core-columns-is-layout-2 wp-block-columns-is-layout-flex\">\n<div class=\"wp-block-column is-layout-flow wp-block-column-is-layout-flow\">\n<h3 class=\"wp-block-heading\">Aur\u00e9lie G\u00f6rge <\/h3>\n\n\n\n<p><\/p>\n\n\n\n<p>Rombas, Thionville Th1, Florange Th2, Hayange Th3, Uckange Th4, Yutz, Boulay<\/p>\n\n\n\n<p>aurelie.gorge1@ac-nancy-metz.fr<\/p>\n<\/div>\n\n\n\n<div class=\"wp-block-column is-layout-flow wp-block-column-is-layout-flow\">\n<h3 class=\"wp-block-heading\">Maryse Dellandr\u00e9a<\/h3>\n\n\n\n<figure class=\"wp-block-image\"><img loading=\"lazy\" decoding=\"async\" width=\"75\" height=\"75\" src=\"https:\/\/sites.ac-nancy-metz.fr\/eac57\/wp-content\/uploads\/IMG_9988-1-1.jpg\" alt=\"\" class=\"wp-image-4956\"\/><\/figure>\n\n\n\n<p>Conseill\u00e8re p\u00e9dagogique d\u00e9partementale EAC<\/p>\n\n\n\n<p>maryse.dellandrea@ac-nancy-metz.fr<\/p>\n\n\n\n<p><\/p>\n<\/div>\n<\/div>\n","protected":false},"excerpt":{"rendered":"<p>Vos conseill\u00e8res p\u00e9dagogiques en Moselle L&rsquo;\u00e9quipe des conseill\u00e8res p\u00e9dagogiques vous accompagne dans votre enseignement en arts plastiques. Marie-Pierre Gama Metz sud, Metz nord, Metz Saint Vincent, Metz est, Montigny les&#8230;<\/p>\n","protected":false},"author":2,"featured_media":4991,"parent":0,"menu_order":0,"comment_status":"closed","ping_status":"closed","template":"","meta":{"footnotes":""},"class_list":["post-4887","page","type-page","status-publish","has-post-thumbnail","hentry"],"_links":{"self":[{"href":"https:\/\/sites.ac-nancy-metz.fr\/eac57\/wp-json\/wp\/v2\/pages\/4887"}],"collection":[{"href":"https:\/\/sites.ac-nancy-metz.fr\/eac57\/wp-json\/wp\/v2\/pages"}],"about":[{"href":"https:\/\/sites.ac-nancy-metz.fr\/eac57\/wp-json\/wp\/v2\/types\/page"}],"author":[{"embeddable":true,"href":"https:\/\/sites.ac-nancy-metz.fr\/eac57\/wp-json\/wp\/v2\/users\/2"}],"replies":[{"embeddable":true,"href":"https:\/\/sites.ac-nancy-metz.fr\/eac57\/wp-json\/wp\/v2\/comments?post=4887"}],"version-history":[{"count":41,"href":"https:\/\/sites.ac-nancy-metz.fr\/eac57\/wp-json\/wp\/v2\/pages\/4887\/revisions"}],"predecessor-version":[{"id":12328,"href":"https:\/\/sites.ac-nancy-metz.fr\/eac57\/wp-json\/wp\/v2\/pages\/4887\/revisions\/12328"}],"wp:featuredmedia":[{"embeddable":true,"href":"https:\/\/sites.ac-nancy-metz.fr\/eac57\/wp-json\/wp\/v2\/media\/4991"}],"wp:attachment":[{"href":"https:\/\/sites.ac-nancy-metz.fr\/eac57\/wp-json\/wp\/v2\/media?parent=4887"}],"curies":[{"name":"wp","href":"https:\/\/api.w.org\/{rel}","templated":true}]}}