{"id":7833,"date":"2022-10-05T16:23:25","date_gmt":"2022-10-05T14:23:25","guid":{"rendered":"https:\/\/sites.ac-nancy-metz.fr\/eac57\/?page_id=7833"},"modified":"2022-10-05T16:26:05","modified_gmt":"2022-10-05T14:26:05","slug":"repertoire-chanterelle","status":"publish","type":"page","link":"https:\/\/sites.ac-nancy-metz.fr\/eac57\/repertoire-chanterelle\/","title":{"rendered":"R\u00e9pertoire Chanterelle"},"content":{"rendered":"\n<p><strong>Le CD Chanterelle est un outil p\u00e9dagogique qui permet aux enseignants de l&rsquo;Education Nationale de disposer d&rsquo;un r\u00e9pertoire vocal de qualit\u00e9 et d&rsquo;un accompagnement p\u00e9dagogique complet pour l&rsquo;\u00e9ducation musicale des \u00e9l\u00e8ves, de la maternelle au coll\u00e8ge. Il s&rsquo;adresse \u00e9galement aux enseignants et \u00e9l\u00e8ves en conservatoire ou en \u00e9coles de musique, aux chefs de choeurs, au choristes&#8230; ou peut s&rsquo;\u00e9couter pour le plaisir, tout simplement !<\/strong><\/p>\n\n\n\n<p>Ce dispositif a \u00e9t\u00e9 cr\u00e9\u00e9 en 2001, \u00e0 l&rsquo;initiative de l&rsquo;Inspection Acad\u00e9mique de la Moselle, avec le soutien de l&rsquo;INECC Mission Voix Lorraine et du Conservatoire de Metz M\u00e9tropole, dans le cadre de la Charte d\u00e9partementale de d\u00e9veloppement des pratiques vocales et chorales. <\/p>\n\n\n\n<h2 class=\"wp-block-heading\">CD Chanterelle 2018\/2019<\/h2>\n\n\n\n<p>Le CD Chanterelle 2018\/2019 est le 8<sup>e<\/sup>&nbsp;album \u00e0 \u00eatre \u00e9dit\u00e9 depuis la cr\u00e9ation de ce dispositif. <\/p>\n\n\n\n<p>24 titres travaill\u00e9s pour les enfants de PS jusqu&rsquo;au coll\u00e8ge, avec pistes vocales, instrumentales et d\u00e9marches p\u00e9dagogiques. <\/p>\n\n\n\n<p>Le r\u00e9pertoire est en vente aupr\u00e8s de notre partenaire INECC Mission Voix Lorraine :<\/p>\n\n\n\n<div class=\"wp-block-button aligncenter\"><a class=\"wp-block-button__link has-background\" href=\"https:\/\/www.inecc-lorraine.com\/fr\/cd\/chanterelle-album-8_-b.html\" style=\"background-color:#348aa7\">Chanterelle 2018\/2019 sur le site de l&rsquo;INECC<\/a><\/div>\n\n\n\n<ul class=\"wp-block-gallery columns-2 is-cropped wp-block-gallery-1 is-layout-flex wp-block-gallery-is-layout-flex\"><li class=\"blocks-gallery-item\"><figure><img loading=\"lazy\" decoding=\"async\" width=\"360\" height=\"359\" src=\"https:\/\/sites.ac-nancy-metz.fr\/eac57\/wp-content\/uploads\/360_720_1_visuel-chanterelle-2018-web.jpg\" alt=\"\" data-id=\"7841\" data-link=\"https:\/\/sites.ac-nancy-metz.fr\/eac57\/repertoire-chanterelle\/360_720_1_visuel-chanterelle-2018-web\/\" class=\"wp-image-7841\" srcset=\"https:\/\/sites.ac-nancy-metz.fr\/eac57\/wp-content\/uploads\/360_720_1_visuel-chanterelle-2018-web.jpg 360w, https:\/\/sites.ac-nancy-metz.fr\/eac57\/wp-content\/uploads\/360_720_1_visuel-chanterelle-2018-web-150x150.jpg 150w, https:\/\/sites.ac-nancy-metz.fr\/eac57\/wp-content\/uploads\/360_720_1_visuel-chanterelle-2018-web-300x300.jpg 300w\" sizes=\"(max-width: 360px) 100vw, 360px\" \/><\/figure><\/li><li class=\"blocks-gallery-item\"><figure><img loading=\"lazy\" decoding=\"async\" width=\"700\" height=\"621\" src=\"https:\/\/sites.ac-nancy-metz.fr\/eac57\/wp-content\/uploads\/700_621_1_titres-chanterelle-1819.jpg\" alt=\"\" data-id=\"7842\" data-link=\"https:\/\/sites.ac-nancy-metz.fr\/eac57\/repertoire-chanterelle\/700_621_1_titres-chanterelle-1819\/\" class=\"wp-image-7842\" srcset=\"https:\/\/sites.ac-nancy-metz.fr\/eac57\/wp-content\/uploads\/700_621_1_titres-chanterelle-1819.jpg 700w, https:\/\/sites.ac-nancy-metz.fr\/eac57\/wp-content\/uploads\/700_621_1_titres-chanterelle-1819-300x266.jpg 300w\" sizes=\"(max-width: 700px) 100vw, 700px\" \/><\/figure><\/li><\/ul>\n","protected":false},"excerpt":{"rendered":"<p>Le CD Chanterelle est un outil p\u00e9dagogique qui permet aux enseignants de l&rsquo;Education Nationale de disposer d&rsquo;un r\u00e9pertoire vocal de qualit\u00e9 et d&rsquo;un accompagnement p\u00e9dagogique complet pour l&rsquo;\u00e9ducation musicale des&#8230;<\/p>\n","protected":false},"author":1,"featured_media":7836,"parent":0,"menu_order":0,"comment_status":"closed","ping_status":"closed","template":"","meta":{"footnotes":""},"class_list":["post-7833","page","type-page","status-publish","has-post-thumbnail","hentry"],"_links":{"self":[{"href":"https:\/\/sites.ac-nancy-metz.fr\/eac57\/wp-json\/wp\/v2\/pages\/7833"}],"collection":[{"href":"https:\/\/sites.ac-nancy-metz.fr\/eac57\/wp-json\/wp\/v2\/pages"}],"about":[{"href":"https:\/\/sites.ac-nancy-metz.fr\/eac57\/wp-json\/wp\/v2\/types\/page"}],"author":[{"embeddable":true,"href":"https:\/\/sites.ac-nancy-metz.fr\/eac57\/wp-json\/wp\/v2\/users\/1"}],"replies":[{"embeddable":true,"href":"https:\/\/sites.ac-nancy-metz.fr\/eac57\/wp-json\/wp\/v2\/comments?post=7833"}],"version-history":[{"count":4,"href":"https:\/\/sites.ac-nancy-metz.fr\/eac57\/wp-json\/wp\/v2\/pages\/7833\/revisions"}],"predecessor-version":[{"id":7843,"href":"https:\/\/sites.ac-nancy-metz.fr\/eac57\/wp-json\/wp\/v2\/pages\/7833\/revisions\/7843"}],"wp:featuredmedia":[{"embeddable":true,"href":"https:\/\/sites.ac-nancy-metz.fr\/eac57\/wp-json\/wp\/v2\/media\/7836"}],"wp:attachment":[{"href":"https:\/\/sites.ac-nancy-metz.fr\/eac57\/wp-json\/wp\/v2\/media?parent=7833"}],"curies":[{"name":"wp","href":"https:\/\/api.w.org\/{rel}","templated":true}]}}