{"id":9655,"date":"2023-09-27T10:03:12","date_gmt":"2023-09-27T08:03:12","guid":{"rendered":"https:\/\/sites.ac-nancy-metz.fr\/eac57\/?page_id=9655"},"modified":"2023-10-18T14:27:01","modified_gmt":"2023-10-18T12:27:01","slug":"musique-et-j-o","status":"publish","type":"page","link":"https:\/\/sites.ac-nancy-metz.fr\/eac57\/musique-et-j-o\/","title":{"rendered":"Musique et J.O"},"content":{"rendered":"\n<p>Ressources pour pr\u00e9parer les rencontres dans le cadre des Jeux Olympiques 2024.<\/p>\n\n\n\n<h2 class=\"wp-block-heading\">Identit\u00e9 de chaque \u00e9cole : valeur et pose<\/h2>\n\n\n\n<p>Comme expliqu\u00e9 lors du stage, nous vous invitons \u00e0 d\u00e9terminer une valeur (courage, fraternit\u00e9, pers\u00e9v\u00e9rance, etc.) ainsi qu&rsquo;une pose (geste fig\u00e9) associ\u00e9e.<\/p>\n\n\n\n<p>Merci pour cela de compl\u00e9ter le tableau suivant en indiquant votre \u00e9cole, la valeur choisie, ainsi que votre pose (rapide explication ou photo ins\u00e9r\u00e9e dans le tableau).<\/p>\n\n\n\n<div class=\"wp-block-button\"><a class=\"wp-block-button__link has-background\" href=\"https:\/\/docs.google.com\/document\/d\/1fInsyls5397w2ZLESNDFtIuSZTpduJtq6PSFiNHZqwo\/edit?usp=sharing\" style=\"background-color:#5dd39e\">Acc\u00e9der au tableau partag\u00e9 \u00ab\u00a0valeurs et poses\u00a0\u00bb<\/a><\/div>\n\n\n\n<h2 class=\"wp-block-heading\">Hymne de la Moselle<\/h2>\n\n\n\n<figure class=\"wp-block-audio\"><audio controls src=\"https:\/\/sites.ac-nancy-metz.fr\/eac57\/wp-content\/uploads\/HYMNE-DES-JO-DEMO-V1-1.mp3\"><\/audio><figcaption>Hymne des JO Moselle<\/figcaption><\/figure>\n\n\n\n<div class=\"wp-block-file\"><a href=\"https:\/\/sites.ac-nancy-metz.fr\/eac57\/wp-content\/uploads\/HYMNE-DES-JO-DEMO-V1-1.mp3\">HYMNE DES JO MOSELLE<\/a><a href=\"https:\/\/sites.ac-nancy-metz.fr\/eac57\/wp-content\/uploads\/HYMNE-DES-JO-DEMO-V1-1.mp3\" class=\"wp-block-file__button\" download>T\u00e9l\u00e9charger<\/a><\/div>\n\n\n\n<div class=\"wp-block-file\"><a href=\"https:\/\/sites.ac-nancy-metz.fr\/eac57\/wp-content\/uploads\/Hymne-guide-chore.pdf\">Hymne guide structure<\/a><a href=\"https:\/\/sites.ac-nancy-metz.fr\/eac57\/wp-content\/uploads\/Hymne-guide-chore.pdf\" class=\"wp-block-file__button\" download>T\u00e9l\u00e9charger<\/a><\/div>\n\n\n\n<figure class=\"wp-block-image\"><img loading=\"lazy\" decoding=\"async\" width=\"604\" height=\"262\" src=\"https:\/\/sites.ac-nancy-metz.fr\/eac57\/wp-content\/uploads\/image-205.png\" alt=\"\" class=\"wp-image-9697\" srcset=\"https:\/\/sites.ac-nancy-metz.fr\/eac57\/wp-content\/uploads\/image-205.png 604w, https:\/\/sites.ac-nancy-metz.fr\/eac57\/wp-content\/uploads\/image-205-300x130.png 300w\" sizes=\"(max-width: 604px) 100vw, 604px\" \/><\/figure>\n\n\n\n<div class=\"wp-block-columns has-2-columns is-layout-flex wp-container-core-columns-is-layout-1 wp-block-columns-is-layout-flex\">\n<div class=\"wp-block-column is-layout-flow wp-block-column-is-layout-flow\">\n<div class=\"wp-block-button\"><a class=\"wp-block-button__link has-background\" href=\"https:\/\/photos.app.goo.gl\/guPQnbP3heKsrJq99\" style=\"background-color:#5dd39e\">Vid\u00e9o du stage<\/a><\/div>\n\n\n\n<p><\/p>\n<\/div>\n\n\n\n<div class=\"wp-block-column is-layout-flow wp-block-column-is-layout-flow\">\n<div class=\"wp-block-button\"><a class=\"wp-block-button__link has-background\" href=\"https:\/\/photos.app.goo.gl\/vxhqPRxM5KoWV5aZ9\" style=\"background-color:#5dd39e\">Vid\u00e9o du stage<\/a><\/div>\n<\/div>\n<\/div>\n\n\n\n<figure class=\"wp-block-image\"><a href=\"https:\/\/youtu.be\/qSTAhEyKGi0\" target=\"_blank\" rel=\"noreferrer noopener\"><img loading=\"lazy\" decoding=\"async\" width=\"1024\" height=\"682\" src=\"https:\/\/sites.ac-nancy-metz.fr\/eac57\/wp-content\/uploads\/hymne-57-percussions-corporelles-youtube-play-1024x682.jpg\" alt=\"\" class=\"wp-image-9866\" srcset=\"https:\/\/sites.ac-nancy-metz.fr\/eac57\/wp-content\/uploads\/hymne-57-percussions-corporelles-youtube-play-1024x682.jpg 1024w, https:\/\/sites.ac-nancy-metz.fr\/eac57\/wp-content\/uploads\/hymne-57-percussions-corporelles-youtube-play-300x200.jpg 300w, https:\/\/sites.ac-nancy-metz.fr\/eac57\/wp-content\/uploads\/hymne-57-percussions-corporelles-youtube-play-768x512.jpg 768w, https:\/\/sites.ac-nancy-metz.fr\/eac57\/wp-content\/uploads\/hymne-57-percussions-corporelles-youtube-play-500x333.jpg 500w, https:\/\/sites.ac-nancy-metz.fr\/eac57\/wp-content\/uploads\/hymne-57-percussions-corporelles-youtube-play.jpg 1280w\" sizes=\"(max-width: 1024px) 100vw, 1024px\" \/><\/a><figcaption>aide percussions corporelles<\/figcaption><\/figure>\n\n\n\n<h2 class=\"wp-block-heading\">Chant commun: Bouge !<\/h2>\n\n\n\n<figure class=\"wp-block-image\"><a href=\"https:\/\/youtu.be\/nvQJ6ZuqCec\" target=\"_blank\" rel=\"noreferrer noopener\"><img loading=\"lazy\" decoding=\"async\" width=\"1024\" height=\"682\" src=\"https:\/\/sites.ac-nancy-metz.fr\/eac57\/wp-content\/uploads\/bouge-youtube-play-1024x682.jpg\" alt=\"\" class=\"wp-image-9864\" srcset=\"https:\/\/sites.ac-nancy-metz.fr\/eac57\/wp-content\/uploads\/bouge-youtube-play-1024x682.jpg 1024w, https:\/\/sites.ac-nancy-metz.fr\/eac57\/wp-content\/uploads\/bouge-youtube-play-300x200.jpg 300w, https:\/\/sites.ac-nancy-metz.fr\/eac57\/wp-content\/uploads\/bouge-youtube-play-768x512.jpg 768w, https:\/\/sites.ac-nancy-metz.fr\/eac57\/wp-content\/uploads\/bouge-youtube-play-500x333.jpg 500w, https:\/\/sites.ac-nancy-metz.fr\/eac57\/wp-content\/uploads\/bouge-youtube-play.jpg 1280w\" sizes=\"(max-width: 1024px) 100vw, 1024px\" \/><\/a><\/figure>\n\n\n\n<figure class=\"wp-block-audio\"><audio controls src=\"https:\/\/sites.ac-nancy-metz.fr\/eac57\/wp-content\/uploads\/BOUGE-V3.mp3\"><\/audio><figcaption>Bouge !<\/figcaption><\/figure>\n\n\n\n<div class=\"wp-block-file\"><a href=\"https:\/\/sites.ac-nancy-metz.fr\/eac57\/wp-content\/uploads\/BOUGE-V3.mp3\">BOUGE !<\/a><a href=\"https:\/\/sites.ac-nancy-metz.fr\/eac57\/wp-content\/uploads\/BOUGE-V3.mp3\" class=\"wp-block-file__button\" download>T\u00e9l\u00e9charger<\/a><\/div>\n\n\n\n<figure class=\"wp-block-audio\"><audio controls src=\"https:\/\/sites.ac-nancy-metz.fr\/eac57\/wp-content\/uploads\/BOUGE-V3-pbo.mp3\"><\/audio><figcaption>Bouge ! Playback<\/figcaption><\/figure>\n\n\n\n<div class=\"wp-block-file\"><a href=\"https:\/\/sites.ac-nancy-metz.fr\/eac57\/wp-content\/uploads\/BOUGE-V3-pbo.mp3\">BOUGE ! PLAYBACK <\/a><a href=\"https:\/\/sites.ac-nancy-metz.fr\/eac57\/wp-content\/uploads\/BOUGE-V3-pbo.mp3\" class=\"wp-block-file__button\" download>T\u00e9l\u00e9charger<\/a><\/div>\n\n\n\n<div class=\"wp-block-file\"><a href=\"https:\/\/sites.ac-nancy-metz.fr\/eac57\/wp-content\/uploads\/Bouge-partition-1.pdf\">Bouge partition<\/a><a href=\"https:\/\/sites.ac-nancy-metz.fr\/eac57\/wp-content\/uploads\/Bouge-partition-1.pdf\" class=\"wp-block-file__button\" download>T\u00e9l\u00e9charger<\/a><\/div>\n\n\n\n<figure class=\"wp-block-audio\"><audio controls src=\"https:\/\/sites.ac-nancy-metz.fr\/eac57\/wp-content\/uploads\/bouge-ref-boucle-pbo.mp3\"><\/audio><figcaption>Bouge refrain instrumental en boucle<\/figcaption><\/figure>\n\n\n\n<figure class=\"wp-block-audio\"><audio controls src=\"https:\/\/sites.ac-nancy-metz.fr\/eac57\/wp-content\/uploads\/bouge-ref-boucle.mp3\"><\/audio><figcaption>Bouge refrain en boucle<\/figcaption><\/figure>\n\n\n\n<div class=\"wp-block-button\"><a class=\"wp-block-button__link has-background\" href=\"https:\/\/photos.app.goo.gl\/XZLthCdT9VXGa1fr6\" style=\"background-color:#5dd39e\">Vid\u00e9o du stage<\/a><\/div>\n\n\n\n<h2 class=\"wp-block-heading\">Chor\u00e9graphie: Pirates des Cara\u00efbes<\/h2>\n\n\n\n<figure class=\"wp-block-image\"><a href=\"https:\/\/youtu.be\/7-DNsv5L9A4\" target=\"_blank\" rel=\"noreferrer noopener\"><img loading=\"lazy\" decoding=\"async\" width=\"1024\" height=\"682\" src=\"https:\/\/sites.ac-nancy-metz.fr\/eac57\/wp-content\/uploads\/pirates-caraibes-youtube-play-1024x682.jpg\" alt=\"\" class=\"wp-image-9865\" srcset=\"https:\/\/sites.ac-nancy-metz.fr\/eac57\/wp-content\/uploads\/pirates-caraibes-youtube-play-1024x682.jpg 1024w, https:\/\/sites.ac-nancy-metz.fr\/eac57\/wp-content\/uploads\/pirates-caraibes-youtube-play-300x200.jpg 300w, https:\/\/sites.ac-nancy-metz.fr\/eac57\/wp-content\/uploads\/pirates-caraibes-youtube-play-768x512.jpg 768w, https:\/\/sites.ac-nancy-metz.fr\/eac57\/wp-content\/uploads\/pirates-caraibes-youtube-play-500x333.jpg 500w, https:\/\/sites.ac-nancy-metz.fr\/eac57\/wp-content\/uploads\/pirates-caraibes-youtube-play.jpg 1280w\" sizes=\"(max-width: 1024px) 100vw, 1024px\" \/><\/a><\/figure>\n\n\n\n<figure class=\"wp-block-audio\"><audio controls src=\"https:\/\/sites.ac-nancy-metz.fr\/eac57\/wp-content\/uploads\/Pirate-avec-rep\u00e8res-et-clic-2.mp3\"><\/audio><figcaption>Pirate avec clic de d\u00e9part<\/figcaption><\/figure>\n\n\n\n<p>Quelques pr\u00e9cisions qui ont leur importance :<\/p>\n\n\n\n<ul class=\"wp-block-list\"><li>la vid\u00e9o est en miroir, les \u00e9l\u00e8ves face \u00e0 l&rsquo;\u00e9cran partent toujours \u00e0 droite<\/li><li>vous avez \u00e0 disposition une version avec un clic de d\u00e9part de 4 temps pour ne pas manquer le premier frapp\u00e9. Au d\u00e9but, position de d\u00e9part : les mains sont sur les genoux, au 4\u00e8me clic, on l\u00e8ve les avant-bras pour frapper le premier temps de la musique. Comme sur la vid\u00e9o ci-dessus, vous voyez (un peu &#8230;) mes mains que se l\u00e8vent au 4eme clic.<\/li><li> sur le \u00ab\u00a0FRAPPE\/TAPE\u00a0\u00bb (voir le descriptif de la chor\u00e9) : on commence bras droit tendu et on frappe la cuisse puis on tend le bras gauche mais on croise devant soi. Comprenez qu&rsquo;on part \u00e0 droite et qu&rsquo;on fait 2 allers-retours. Comme sur la vid\u00e9o ci-dessus <\/li><\/ul>\n\n\n\n<p><br><\/p>\n\n\n\n<div class=\"wp-block-file\"><a href=\"https:\/\/sites.ac-nancy-metz.fr\/eac57\/wp-content\/uploads\/Pirate-avec-rep\u00e8res.mp3\">Pirates des Cara\u00efbes<\/a><a href=\"https:\/\/sites.ac-nancy-metz.fr\/eac57\/wp-content\/uploads\/Pirate-avec-rep\u00e8res.mp3\" class=\"wp-block-file__button\" download>T\u00e9l\u00e9charger<\/a><\/div>\n\n\n\n<div class=\"wp-block-file\"><a href=\"https:\/\/sites.ac-nancy-metz.fr\/eac57\/wp-content\/uploads\/Chor\u00e9graphie-pirates-des-caraibes-3.pdf\">Chor\u00e9graphie pirates des caraibes<\/a><a href=\"https:\/\/sites.ac-nancy-metz.fr\/eac57\/wp-content\/uploads\/Chor\u00e9graphie-pirates-des-caraibes-3.pdf\" class=\"wp-block-file__button\" download>T\u00e9l\u00e9charger<\/a><\/div>\n\n\n\n<div class=\"wp-block-button\"><a class=\"wp-block-button__link has-background\" href=\"https:\/\/photos.app.goo.gl\/7uizaM95JUJFAJv56\" style=\"background-color:#5dd39e\">Vid\u00e9o du stage<\/a><\/div>\n\n\n\n<h2 class=\"wp-block-heading\">Slogans et chants de supporters<\/h2>\n\n\n\n<p>Pour ambiancer les tribunes pendant les rencontres sportives !<\/p>\n\n\n\n<ul class=\"wp-block-list\"><li>Le clapping islandais<\/li><\/ul>\n\n\n\n<figure class=\"wp-block-image\"><img loading=\"lazy\" decoding=\"async\" width=\"190\" height=\"84\" src=\"https:\/\/sites.ac-nancy-metz.fr\/eac57\/wp-content\/uploads\/image-202.png\" alt=\"\" class=\"wp-image-9692\"\/><\/figure>\n\n\n\n<div class=\"wp-block-button\"><a class=\"wp-block-button__link has-background\" href=\"https:\/\/photos.app.goo.gl\/f4cCAudYpNMfwNNG7\" style=\"background-color:#5dd39e\">Vid\u00e9o du stage<\/a><\/div>\n\n\n\n<ul class=\"wp-block-list\"><li>R\u00eave-le, crois-le, fais-le ! (Slogan de l&rsquo;\u00e9quipe d&rsquo;Irlande de Foot)<\/li><\/ul>\n\n\n\n<figure class=\"wp-block-image\"><img loading=\"lazy\" decoding=\"async\" width=\"316\" height=\"91\" src=\"https:\/\/sites.ac-nancy-metz.fr\/eac57\/wp-content\/uploads\/image-203.png\" alt=\"\" class=\"wp-image-9694\" srcset=\"https:\/\/sites.ac-nancy-metz.fr\/eac57\/wp-content\/uploads\/image-203.png 316w, https:\/\/sites.ac-nancy-metz.fr\/eac57\/wp-content\/uploads\/image-203-300x86.png 300w\" sizes=\"(max-width: 316px) 100vw, 316px\" \/><\/figure>\n\n\n\n<p>Percussions corporelles: PPT PPT PPT T T<\/p>\n\n\n\n<div class=\"wp-block-button\"><a class=\"wp-block-button__link has-background\" href=\"https:\/\/photos.app.goo.gl\/gdNCMJGsJB2oiej59\" style=\"background-color:#5dd39e\">Vid\u00e9o du stage<\/a><\/div>\n\n\n\n<ul class=\"wp-block-list\"><li>Toujours et encore ! (Inspir\u00e9 du slogan de l&rsquo;\u00e9quipe d&rsquo;Autriche de Foot)<\/li><\/ul>\n\n\n\n<figure class=\"wp-block-image\"><img loading=\"lazy\" decoding=\"async\" width=\"613\" height=\"97\" src=\"https:\/\/sites.ac-nancy-metz.fr\/eac57\/wp-content\/uploads\/image-204.png\" alt=\"\" class=\"wp-image-9695\" srcset=\"https:\/\/sites.ac-nancy-metz.fr\/eac57\/wp-content\/uploads\/image-204.png 613w, https:\/\/sites.ac-nancy-metz.fr\/eac57\/wp-content\/uploads\/image-204-300x47.png 300w\" sizes=\"(max-width: 613px) 100vw, 613px\" \/><\/figure>\n\n\n\n<p>Percussions corporelles (ascenseur qui monte): CCTTM CCTTM CCTTM &#8211; &#8211; C C<\/p>\n\n\n\n<div class=\"wp-block-button\"><a class=\"wp-block-button__link has-background\" href=\"https:\/\/photos.app.goo.gl\/xemhwLcuURPgr8a99\" style=\"background-color:#5dd39e\">Vid\u00e9o du stage<\/a><\/div>\n\n\n\n<ul class=\"wp-block-list\"><li>Plus vite! Plus haut ! Plus fort ! (La devise de Pierre de Coubertin)<\/li><\/ul>\n\n\n\n<p>Sur la musique d&rsquo;AC\/DC \u00ab\u00a0Thunderstruck\u00a0\u00bb. Rappel: bien travailler la pulsation avant de mettre la voix (en marchant, en frappant les temps&#8230;)<\/p>\n\n\n\n<figure class=\"wp-block-audio\"><audio controls src=\"https:\/\/sites.ac-nancy-metz.fr\/eac57\/wp-content\/uploads\/Thunderstruck_Plus-vite-Plus-haut-Plus-fort-.mp3\"><\/audio><figcaption>Thunderstruck instru<\/figcaption><\/figure>\n\n\n\n<div class=\"wp-block-columns has-2-columns is-layout-flex wp-container-core-columns-is-layout-2 wp-block-columns-is-layout-flex\">\n<div class=\"wp-block-column is-layout-flow wp-block-column-is-layout-flow\">\n<div class=\"wp-block-button\"><a class=\"wp-block-button__link has-background\" href=\"https:\/\/photos.app.goo.gl\/AuqNnaisDFRU8icr5\" style=\"background-color:#5dd39e\">Vid\u00e9o du stage<\/a><\/div>\n<\/div>\n\n\n\n<div class=\"wp-block-column is-layout-flow wp-block-column-is-layout-flow\">\n<div class=\"wp-block-button\"><a class=\"wp-block-button__link has-background\" href=\"https:\/\/photos.app.goo.gl\/tpuwxWZGVU4hF6fr5\" style=\"background-color:#5dd39e\">Vid\u00e9o du stage<\/a><\/div>\n<\/div>\n<\/div>\n\n\n\n<h2 class=\"wp-block-heading\">Les hymnes officiels<\/h2>\n\n\n\n<ul class=\"wp-block-list\"><li>L&rsquo;hymne olympique<\/li><li><\/li><\/ul>\n\n\n\n<figure class=\"wp-block-audio\"><audio controls src=\"https:\/\/sites.ac-nancy-metz.fr\/eac57\/wp-content\/uploads\/Olympic-Anthem.mp3\"><\/audio><figcaption>Hymne olympique<\/figcaption><\/figure>\n\n\n\n<ul class=\"wp-block-list\"><li>L&rsquo;hymne officiel Paris 2024 compos\u00e9 par Woodkid<\/li><li><\/li><\/ul>\n\n\n\n<figure class=\"wp-block-audio\"><audio controls src=\"https:\/\/sites.ac-nancy-metz.fr\/eac57\/wp-content\/uploads\/Paris-2024-Olympic-and-Paralympic-Games-Official-Anthem-Woodkid-Prologue-.mp3\"><\/audio><\/figure>\n\n\n\n<hr class=\"wp-block-separator\"\/>\n\n\n\n<h2 class=\"wp-block-heading\">Vid\u00e9os initiation Hip Hop<\/h2>\n\n\n\n<div class=\"wp-block-button\"><a class=\"wp-block-button__link has-background\" href=\"https:\/\/photos.app.goo.gl\/Rxgpzwdfpy4DwKEY6\" style=\"background-color:#5dd39e\">Vid\u00e9os du stage<\/a><\/div>\n\n\n\n<p><\/p>\n","protected":false},"excerpt":{"rendered":"<p>Ressources pour pr\u00e9parer les rencontres dans le cadre des Jeux Olympiques 2024. Identit\u00e9 de chaque \u00e9cole : valeur et pose Comme expliqu\u00e9 lors du stage, nous vous invitons \u00e0 d\u00e9terminer&#8230;<\/p>\n","protected":false},"author":3,"featured_media":0,"parent":0,"menu_order":0,"comment_status":"closed","ping_status":"closed","template":"","meta":{"footnotes":""},"class_list":["post-9655","page","type-page","status-publish","hentry"],"_links":{"self":[{"href":"https:\/\/sites.ac-nancy-metz.fr\/eac57\/wp-json\/wp\/v2\/pages\/9655"}],"collection":[{"href":"https:\/\/sites.ac-nancy-metz.fr\/eac57\/wp-json\/wp\/v2\/pages"}],"about":[{"href":"https:\/\/sites.ac-nancy-metz.fr\/eac57\/wp-json\/wp\/v2\/types\/page"}],"author":[{"embeddable":true,"href":"https:\/\/sites.ac-nancy-metz.fr\/eac57\/wp-json\/wp\/v2\/users\/3"}],"replies":[{"embeddable":true,"href":"https:\/\/sites.ac-nancy-metz.fr\/eac57\/wp-json\/wp\/v2\/comments?post=9655"}],"version-history":[{"count":29,"href":"https:\/\/sites.ac-nancy-metz.fr\/eac57\/wp-json\/wp\/v2\/pages\/9655\/revisions"}],"predecessor-version":[{"id":10129,"href":"https:\/\/sites.ac-nancy-metz.fr\/eac57\/wp-json\/wp\/v2\/pages\/9655\/revisions\/10129"}],"wp:attachment":[{"href":"https:\/\/sites.ac-nancy-metz.fr\/eac57\/wp-json\/wp\/v2\/media?parent=9655"}],"curies":[{"name":"wp","href":"https:\/\/api.w.org\/{rel}","templated":true}]}}