{"id":19,"date":"2019-09-10T16:39:22","date_gmt":"2019-09-10T14:39:22","guid":{"rendered":"\/education-musicale\/chant-choral\/?page_id=19"},"modified":"2023-01-27T19:22:40","modified_gmt":"2023-01-27T18:22:40","slug":"lettres-ipr","status":"publish","type":"page","link":"https:\/\/sites.ac-nancy-metz.fr\/education-musicale\/chant-choral\/messages-de-linspection\/lettres-ipr\/","title":{"rendered":"Lettres IPR"},"content":{"rendered":"<h2><strong>Les lettres de rentr\u00e9e<\/strong><\/h2>\n<p>&nbsp;<\/p>\n<ul>\n<li><a href=\"\/education-musicale\/chant-choral\/wp-content\/uploads\/2023\/05\/Lettre_de_rentr\u00e9e_2022-2023.pdf\" target=\"_blank\" rel=\"noopener noreferrer\">Lettre de rentr\u00e9e 2022-2023<\/a>(923Ko)<\/li>\n<li><span style=\"font-family: verdana, geneva, sans-serif;\"><a href=\"\/education-musicale\/chant-choral\/wp-content\/uploads\/2023\/05\/Lettre_de_rentree_EMCC_2021-22.pdf\" target=\"_blank\" rel=\"noopener noreferrer\">Lettre de rentr\u00e9e 2021-2022<\/a> (853Ko)<br \/>\n<\/span><\/li>\n<li><span style=\"font-family: verdana, geneva, sans-serif;\"><a href=\"\/education-musicale\/chant-choral\/wp-content\/uploads\/2023\/05\/EMCC-lettre-de-rentree-2020.pdf\" target=\"_blank\" rel=\"noopener noreferrer\">Lettre de rentr\u00e9e 2020-2021<\/a> (520Ko)<\/span><\/li>\n<li><span style=\"font-family: verdana, geneva, sans-serif;\"><a href=\"\/education-musicale\/chant-choral\/wp-content\/uploads\/2023\/05\/EMCC-lettre-de-rentree-2019.pdf\" target=\"_blank\" rel=\"noopener noreferrer\">Lettre de rentr\u00e9e 2019-2020<\/a> (4.0 Mo)<\/span><\/li>\n<li><span style=\"font-family: verdana, geneva, sans-serif;\"><a href=\"https:\/\/www4.ac-nancy-metz.fr\/Enseignement\/emcc\/artpublic\/bibliotheque\/File\/lettre_de_rentree_2018_2019.pdf\">Lettre de rentr\u00e9e 2018-2019<\/a> (272Ko)<\/span><\/li>\n<li><span style=\"font-family: verdana, geneva, sans-serif;\"><a href=\"https:\/\/www4.ac-nancy-metz.fr\/Enseignement\/emcc\/artpublic\/bibliotheque\/Fichiers\/lettre_de_rentree_2017_2018.pdf\">Lettre de rentr\u00e9e 2017-2018<\/a> (272Ko)<\/span><\/li>\n<li><span style=\"font-family: verdana, geneva, sans-serif;\"><a href=\"https:\/\/www4.ac-nancy-metz.fr\/Enseignement\/emcc\/artpublic\/bibliotheque\/File\/lettre_de_rentree_2016_2017.pdf\" rel=\"external\">Lettre de rentr\u00e9e 2016-2017<\/a> (267Ko)<\/span><\/li>\n<li><span style=\"font-family: verdana, geneva, sans-serif;\"><a href=\"https:\/\/www4.ac-nancy-metz.fr\/Enseignement\/emcc\/artpublic\/bibliotheque\/File\/lettre_de_rentree_2015_2016.pdf\" rel=\"external\">Lettre de rentr\u00e9e 2015-2016<\/a> (127Ko)<\/span><\/li>\n<li><span style=\"font-family: verdana, geneva, sans-serif;\"><a href=\"https:\/\/www4.ac-nancy-metz.fr\/Enseignement\/emcc\/artpublic\/bibliotheque\/File\/lettre_de_rentree_2014_2015.pdf\" rel=\"external\">Lettre de rentr\u00e9e 2014-2015<\/a> (65Ko)<\/span><\/li>\n<li><span style=\"font-family: verdana, geneva, sans-serif;\"><a href=\"https:\/\/www4.ac-nancy-metz.fr\/Enseignement\/emcc\/artpublic\/bibliotheque\/File\/lettre_de_rentree_2013_2014.pdf\" rel=\"external\">Lettre de rentr\u00e9e 2013-2014<\/a> (79Ko)<\/span><\/li>\n<li><span style=\"font-family: verdana, geneva, sans-serif;\"><a href=\"https:\/\/www4.ac-nancy-metz.fr\/Enseignement\/emcc\/artpublic\/bibliotheque\/File\/lettre_de_rentree_2012_2013.pdf\" rel=\"external\">Lettre de rentr\u00e9e 2012-2013<\/a> (70Ko)<\/span><\/li>\n<li><span style=\"font-family: verdana, geneva, sans-serif;\"><a href=\"https:\/\/www4.ac-nancy-metz.fr\/Enseignement\/emcc\/artpublic\/bibliotheque\/File\/lettre_de_rentree_2011-2012.pdf\" rel=\"external\">Lettre de rentr\u00e9e 2011-2012<\/a> (45Ko)<\/span><\/li>\n<li><span style=\"font-family: verdana, geneva, sans-serif;\"><a href=\"https:\/\/www.ac-nancy-metz.fr\/enseign\/musique\/ipr\/An1011\/Lettre_rentree_IA_IPR_Dominique_Terry.pdf\" rel=\"external\">Lettre de rentr\u00e9e 2010-2011<\/a> (103Ko)<\/span><\/li>\n<\/ul>\n<p><span style=\"font-family: verdana, geneva, sans-serif;\">Pour t\u00e9l\u00e9charger les fichiers au format .pdf<\/span><br \/>\n<span style=\"font-family: verdana, geneva, sans-serif;\">(clic droit, &lsquo;Enregistrer la cible sous&rsquo;)<\/span><\/p>\n<p>&nbsp;<\/p>\n<p>&nbsp;<\/p>\n","protected":false},"excerpt":{"rendered":"<p>Les lettres de rentr\u00e9e &nbsp; Lettre de rentr\u00e9e 2022-2023(923Ko) Lettre de rentr\u00e9e 2021-2022 (853Ko) Lettre de rentr\u00e9e 2020-2021 (520Ko) Lettre de rentr\u00e9e 2019-2020 (4.0 Mo) Lettre de rentr\u00e9e 2018-2019 (272Ko) Lettre de rentr\u00e9e 2017-2018 (272Ko) Lettre de rentr\u00e9e 2016-2017 (267Ko) Lettre de rentr\u00e9e 2015-2016 (127Ko) Lettre de rentr\u00e9e 2014-2015 (65Ko) Lettre de rentr\u00e9e 2013-2014 (79Ko) [&hellip;]<\/p>\n","protected":false},"author":1,"featured_media":0,"parent":735,"menu_order":2,"comment_status":"closed","ping_status":"closed","template":"","meta":{"footnotes":""},"class_list":["post-19","page","type-page","status-publish","hentry"],"yoast_head":"<!-- This site is optimized with the Yoast SEO plugin v27.3 - https:\/\/yoast.com\/product\/yoast-seo-wordpress\/ -->\n<title>Lettres IPR - Education musicale et chant choral<\/title>\n<meta name=\"robots\" content=\"index, follow, max-snippet:-1, max-image-preview:large, max-video-preview:-1\" \/>\n<link rel=\"canonical\" href=\"https:\/\/sites.ac-nancy-metz.fr\/education-musicale\/chant-choral\/messages-de-linspection\/lettres-ipr\/\" \/>\n<meta property=\"og:locale\" content=\"fr_FR\" \/>\n<meta property=\"og:type\" content=\"article\" \/>\n<meta property=\"og:title\" content=\"Lettres IPR - Education musicale et chant choral\" \/>\n<meta property=\"og:description\" content=\"Les lettres de rentr\u00e9e &nbsp; Lettre de rentr\u00e9e 2022-2023(923Ko) Lettre de rentr\u00e9e 2021-2022 (853Ko) Lettre de rentr\u00e9e 2020-2021 (520Ko) Lettre de rentr\u00e9e 2019-2020 (4.0 Mo) Lettre de rentr\u00e9e 2018-2019 (272Ko) Lettre de rentr\u00e9e 2017-2018 (272Ko) Lettre de rentr\u00e9e 2016-2017 (267Ko) Lettre de rentr\u00e9e 2015-2016 (127Ko) Lettre de rentr\u00e9e 2014-2015 (65Ko) Lettre de rentr\u00e9e 2013-2014 (79Ko) [&hellip;]\" \/>\n<meta property=\"og:url\" content=\"https:\/\/sites.ac-nancy-metz.fr\/education-musicale\/chant-choral\/messages-de-linspection\/lettres-ipr\/\" \/>\n<meta property=\"og:site_name\" content=\"Education musicale et chant choral\" \/>\n<meta property=\"article:modified_time\" content=\"2023-01-27T18:22:40+00:00\" \/>\n<meta property=\"og:image\" content=\"https:\/\/sites.ac-nancy-metz.fr\/education-musicale\/chant-choral\/wp-content\/uploads\/2023\/05\/cropped-Logo2023.png\" \/>\n\t<meta property=\"og:image:width\" content=\"225\" \/>\n\t<meta property=\"og:image:height\" content=\"96\" \/>\n\t<meta property=\"og:image:type\" content=\"image\/png\" \/>\n<meta name=\"twitter:card\" content=\"summary_large_image\" \/>\n<meta name=\"twitter:label1\" content=\"Dur\u00e9e de lecture estim\u00e9e\" \/>\n\t<meta name=\"twitter:data1\" content=\"1 minute\" \/>\n<script type=\"application\/ld+json\" class=\"yoast-schema-graph\">{\"@context\":\"https:\\\/\\\/schema.org\",\"@graph\":[{\"@type\":\"WebPage\",\"@id\":\"https:\\\/\\\/sites.ac-nancy-metz.fr\\\/education-musicale\\\/chant-choral\\\/messages-de-linspection\\\/lettres-ipr\\\/\",\"url\":\"https:\\\/\\\/sites.ac-nancy-metz.fr\\\/education-musicale\\\/chant-choral\\\/messages-de-linspection\\\/lettres-ipr\\\/\",\"name\":\"Lettres IPR - Education musicale et chant choral\",\"isPartOf\":{\"@id\":\"https:\\\/\\\/sites.ac-nancy-metz.fr\\\/education-musicale\\\/chant-choral\\\/#website\"},\"datePublished\":\"2019-09-10T14:39:22+00:00\",\"dateModified\":\"2023-01-27T18:22:40+00:00\",\"breadcrumb\":{\"@id\":\"https:\\\/\\\/sites.ac-nancy-metz.fr\\\/education-musicale\\\/chant-choral\\\/messages-de-linspection\\\/lettres-ipr\\\/#breadcrumb\"},\"inLanguage\":\"fr-FR\",\"potentialAction\":[{\"@type\":\"ReadAction\",\"target\":[\"https:\\\/\\\/sites.ac-nancy-metz.fr\\\/education-musicale\\\/chant-choral\\\/messages-de-linspection\\\/lettres-ipr\\\/\"]}]},{\"@type\":\"BreadcrumbList\",\"@id\":\"https:\\\/\\\/sites.ac-nancy-metz.fr\\\/education-musicale\\\/chant-choral\\\/messages-de-linspection\\\/lettres-ipr\\\/#breadcrumb\",\"itemListElement\":[{\"@type\":\"ListItem\",\"position\":1,\"name\":\"Accueil\",\"item\":\"https:\\\/\\\/sites.ac-nancy-metz.fr\\\/education-musicale\\\/chant-choral\\\/\"},{\"@type\":\"ListItem\",\"position\":2,\"name\":\"Messages de l&#8217;inspection\",\"item\":\"https:\\\/\\\/sites.ac-nancy-metz.fr\\\/education-musicale\\\/chant-choral\\\/messages-de-linspection\\\/\"},{\"@type\":\"ListItem\",\"position\":3,\"name\":\"Lettres IPR\"}]},{\"@type\":\"WebSite\",\"@id\":\"https:\\\/\\\/sites.ac-nancy-metz.fr\\\/education-musicale\\\/chant-choral\\\/#website\",\"url\":\"https:\\\/\\\/sites.ac-nancy-metz.fr\\\/education-musicale\\\/chant-choral\\\/\",\"name\":\"\u00c9ducation musicale et chant choral Acad\u00e9mie Nancy-Metz\",\"description\":\"Acad\u00e9mie de Nancy-Metz\",\"publisher\":{\"@id\":\"https:\\\/\\\/sites.ac-nancy-metz.fr\\\/education-musicale\\\/chant-choral\\\/#organization\"},\"potentialAction\":[{\"@type\":\"SearchAction\",\"target\":{\"@type\":\"EntryPoint\",\"urlTemplate\":\"https:\\\/\\\/sites.ac-nancy-metz.fr\\\/education-musicale\\\/chant-choral\\\/?s={search_term_string}\"},\"query-input\":{\"@type\":\"PropertyValueSpecification\",\"valueRequired\":true,\"valueName\":\"search_term_string\"}}],\"inLanguage\":\"fr-FR\"},{\"@type\":\"Organization\",\"@id\":\"https:\\\/\\\/sites.ac-nancy-metz.fr\\\/education-musicale\\\/chant-choral\\\/#organization\",\"name\":\"\u00c9ducation musicale et chant choral Acad\u00e9mie Nancy-Metz\",\"url\":\"https:\\\/\\\/sites.ac-nancy-metz.fr\\\/education-musicale\\\/chant-choral\\\/\",\"logo\":{\"@type\":\"ImageObject\",\"inLanguage\":\"fr-FR\",\"@id\":\"https:\\\/\\\/sites.ac-nancy-metz.fr\\\/education-musicale\\\/chant-choral\\\/#\\\/schema\\\/logo\\\/image\\\/\",\"url\":\"https:\\\/\\\/sites.ac-nancy-metz.fr\\\/education-musicale\\\/chant-choral\\\/wp-content\\\/uploads\\\/2023\\\/12\\\/cropped-cropped-Banniere-site.png\",\"contentUrl\":\"https:\\\/\\\/sites.ac-nancy-metz.fr\\\/education-musicale\\\/chant-choral\\\/wp-content\\\/uploads\\\/2023\\\/12\\\/cropped-cropped-Banniere-site.png\",\"width\":3146,\"height\":601,\"caption\":\"\u00c9ducation musicale et chant choral Acad\u00e9mie Nancy-Metz\"},\"image\":{\"@id\":\"https:\\\/\\\/sites.ac-nancy-metz.fr\\\/education-musicale\\\/chant-choral\\\/#\\\/schema\\\/logo\\\/image\\\/\"}}]}<\/script>\n<!-- \/ Yoast SEO plugin. -->","yoast_head_json":{"title":"Lettres IPR - Education musicale et chant choral","robots":{"index":"index","follow":"follow","max-snippet":"max-snippet:-1","max-image-preview":"max-image-preview:large","max-video-preview":"max-video-preview:-1"},"canonical":"https:\/\/sites.ac-nancy-metz.fr\/education-musicale\/chant-choral\/messages-de-linspection\/lettres-ipr\/","og_locale":"fr_FR","og_type":"article","og_title":"Lettres IPR - Education musicale et chant choral","og_description":"Les lettres de rentr\u00e9e &nbsp; Lettre de rentr\u00e9e 2022-2023(923Ko) Lettre de rentr\u00e9e 2021-2022 (853Ko) Lettre de rentr\u00e9e 2020-2021 (520Ko) Lettre de rentr\u00e9e 2019-2020 (4.0 Mo) Lettre de rentr\u00e9e 2018-2019 (272Ko) Lettre de rentr\u00e9e 2017-2018 (272Ko) Lettre de rentr\u00e9e 2016-2017 (267Ko) Lettre de rentr\u00e9e 2015-2016 (127Ko) Lettre de rentr\u00e9e 2014-2015 (65Ko) Lettre de rentr\u00e9e 2013-2014 (79Ko) [&hellip;]","og_url":"https:\/\/sites.ac-nancy-metz.fr\/education-musicale\/chant-choral\/messages-de-linspection\/lettres-ipr\/","og_site_name":"Education musicale et chant choral","article_modified_time":"2023-01-27T18:22:40+00:00","og_image":[{"width":225,"height":96,"url":"https:\/\/sites.ac-nancy-metz.fr\/education-musicale\/chant-choral\/wp-content\/uploads\/2023\/05\/cropped-Logo2023.png","type":"image\/png"}],"twitter_card":"summary_large_image","twitter_misc":{"Dur\u00e9e de lecture estim\u00e9e":"1 minute"},"schema":{"@context":"https:\/\/schema.org","@graph":[{"@type":"WebPage","@id":"https:\/\/sites.ac-nancy-metz.fr\/education-musicale\/chant-choral\/messages-de-linspection\/lettres-ipr\/","url":"https:\/\/sites.ac-nancy-metz.fr\/education-musicale\/chant-choral\/messages-de-linspection\/lettres-ipr\/","name":"Lettres IPR - Education musicale et chant choral","isPartOf":{"@id":"https:\/\/sites.ac-nancy-metz.fr\/education-musicale\/chant-choral\/#website"},"datePublished":"2019-09-10T14:39:22+00:00","dateModified":"2023-01-27T18:22:40+00:00","breadcrumb":{"@id":"https:\/\/sites.ac-nancy-metz.fr\/education-musicale\/chant-choral\/messages-de-linspection\/lettres-ipr\/#breadcrumb"},"inLanguage":"fr-FR","potentialAction":[{"@type":"ReadAction","target":["https:\/\/sites.ac-nancy-metz.fr\/education-musicale\/chant-choral\/messages-de-linspection\/lettres-ipr\/"]}]},{"@type":"BreadcrumbList","@id":"https:\/\/sites.ac-nancy-metz.fr\/education-musicale\/chant-choral\/messages-de-linspection\/lettres-ipr\/#breadcrumb","itemListElement":[{"@type":"ListItem","position":1,"name":"Accueil","item":"https:\/\/sites.ac-nancy-metz.fr\/education-musicale\/chant-choral\/"},{"@type":"ListItem","position":2,"name":"Messages de l&#8217;inspection","item":"https:\/\/sites.ac-nancy-metz.fr\/education-musicale\/chant-choral\/messages-de-linspection\/"},{"@type":"ListItem","position":3,"name":"Lettres IPR"}]},{"@type":"WebSite","@id":"https:\/\/sites.ac-nancy-metz.fr\/education-musicale\/chant-choral\/#website","url":"https:\/\/sites.ac-nancy-metz.fr\/education-musicale\/chant-choral\/","name":"\u00c9ducation musicale et chant choral Acad\u00e9mie Nancy-Metz","description":"Acad\u00e9mie de Nancy-Metz","publisher":{"@id":"https:\/\/sites.ac-nancy-metz.fr\/education-musicale\/chant-choral\/#organization"},"potentialAction":[{"@type":"SearchAction","target":{"@type":"EntryPoint","urlTemplate":"https:\/\/sites.ac-nancy-metz.fr\/education-musicale\/chant-choral\/?s={search_term_string}"},"query-input":{"@type":"PropertyValueSpecification","valueRequired":true,"valueName":"search_term_string"}}],"inLanguage":"fr-FR"},{"@type":"Organization","@id":"https:\/\/sites.ac-nancy-metz.fr\/education-musicale\/chant-choral\/#organization","name":"\u00c9ducation musicale et chant choral Acad\u00e9mie Nancy-Metz","url":"https:\/\/sites.ac-nancy-metz.fr\/education-musicale\/chant-choral\/","logo":{"@type":"ImageObject","inLanguage":"fr-FR","@id":"https:\/\/sites.ac-nancy-metz.fr\/education-musicale\/chant-choral\/#\/schema\/logo\/image\/","url":"https:\/\/sites.ac-nancy-metz.fr\/education-musicale\/chant-choral\/wp-content\/uploads\/2023\/12\/cropped-cropped-Banniere-site.png","contentUrl":"https:\/\/sites.ac-nancy-metz.fr\/education-musicale\/chant-choral\/wp-content\/uploads\/2023\/12\/cropped-cropped-Banniere-site.png","width":3146,"height":601,"caption":"\u00c9ducation musicale et chant choral Acad\u00e9mie Nancy-Metz"},"image":{"@id":"https:\/\/sites.ac-nancy-metz.fr\/education-musicale\/chant-choral\/#\/schema\/logo\/image\/"}}]}},"_links":{"self":[{"href":"https:\/\/sites.ac-nancy-metz.fr\/education-musicale\/chant-choral\/wp-json\/wp\/v2\/pages\/19","targetHints":{"allow":["GET"]}}],"collection":[{"href":"https:\/\/sites.ac-nancy-metz.fr\/education-musicale\/chant-choral\/wp-json\/wp\/v2\/pages"}],"about":[{"href":"https:\/\/sites.ac-nancy-metz.fr\/education-musicale\/chant-choral\/wp-json\/wp\/v2\/types\/page"}],"author":[{"embeddable":true,"href":"https:\/\/sites.ac-nancy-metz.fr\/education-musicale\/chant-choral\/wp-json\/wp\/v2\/users\/1"}],"replies":[{"embeddable":true,"href":"https:\/\/sites.ac-nancy-metz.fr\/education-musicale\/chant-choral\/wp-json\/wp\/v2\/comments?post=19"}],"version-history":[{"count":1,"href":"https:\/\/sites.ac-nancy-metz.fr\/education-musicale\/chant-choral\/wp-json\/wp\/v2\/pages\/19\/revisions"}],"predecessor-version":[{"id":1173,"href":"https:\/\/sites.ac-nancy-metz.fr\/education-musicale\/chant-choral\/wp-json\/wp\/v2\/pages\/19\/revisions\/1173"}],"up":[{"embeddable":true,"href":"https:\/\/sites.ac-nancy-metz.fr\/education-musicale\/chant-choral\/wp-json\/wp\/v2\/pages\/735"}],"wp:attachment":[{"href":"https:\/\/sites.ac-nancy-metz.fr\/education-musicale\/chant-choral\/wp-json\/wp\/v2\/media?parent=19"}],"curies":[{"name":"wp","href":"https:\/\/api.w.org\/{rel}","templated":true}]}}