{"id":2814,"date":"2024-08-21T14:28:56","date_gmt":"2024-08-21T12:28:56","guid":{"rendered":"https:\/\/sites.ac-nancy-metz.fr\/education-musicale\/chant-choral\/?page_id=2814"},"modified":"2024-08-21T14:30:08","modified_gmt":"2024-08-21T12:30:08","slug":"concerts-2024","status":"publish","type":"page","link":"https:\/\/sites.ac-nancy-metz.fr\/education-musicale\/chant-choral\/alcems\/concerts-2024\/","title":{"rendered":"Concerts ALCEMS 2024"},"content":{"rendered":"<h1>Concerts 2024<\/h1>\n<p>&#x27a1;&#xfe0f; 28 mars 2024<\/p>\n<p><b>\u00ab\u00a0Concert des Lyc\u00e9es 2024\u00a0: <em>Carmen<\/em>\u00a0\u00bb<\/b><\/p>\n<p>Th\u00e9\u00e2tre<\/p>\n<p>57600 Forbach<\/p>\n<p>&#x27a1;&#xfe0f; 9 avril 2024<\/p>\n<p><b>\u00ab\u00a0Vieni, vieni ! Canzoni italiane\u00a0\u00bb<\/b><\/p>\n<p>Grands Salons de l\u2019H\u00f4tel de ville<\/p>\n<p>Place Stanislas<\/p>\n<p>54000 Nancy<\/p>\n<p>&#x27a1;&#xfe0f; 16 et 17 mai 2024<\/p>\n<p><b>\u00ab\u00a0La Danse\u00a0\u00bb<\/b><\/p>\n<p>L\u2019AmphY<\/p>\n<p>57970 Yutz<\/p>\n<p>&#x27a1;&#xfe0f; 21 mai 2024<\/p>\n<p><b>\u00ab\u00a0Mozart l\u2019Op\u00e9ra Rock\u00a0\u00bb<\/b><\/p>\n<p>Espace Gaudel<\/p>\n<p>54290 Bayon<\/p>\n<p>&#x27a1;&#xfe0f; 28 mai 2024<\/p>\n<p><b>\u00ab\u00a0Salut les coll\u00e9giens \u00bb<\/b><\/p>\n<p>Salle des F\u00eates Claude Hartmann<\/p>\n<p>54250 Champigneulles<\/p>\n<p>&#x27a1;&#xfe0f; 29 et 30 mai 2024<\/p>\n<p><b>\u00ab\u00a0D\u2019une flamme \u00e0 l\u2019autre\u00a0\u00bb<\/b><\/p>\n<p>Sc\u00e8ne de l\u2019H\u00f4tel de Ville<\/p>\n<p>57200 Sarreguemines<\/p>\n<p>&#x27a1;&#xfe0f; 30 mai 2024<\/p>\n<p><b>\u00ab\u00a0Concert des Lyc\u00e9es 2024\u00a0: <em>Carmen<\/em>\u00a0\u00bb<\/b><\/p>\n<p>Arsenal (grande salle)<\/p>\n<p>57000 Metz<\/p>\n<p>&#x27a1;&#xfe0f; 30 et 31 mai 2024<\/p>\n<p><strong>\u00ab\u00a0Voyage, Voyage\u00a0\u00bb<\/strong><\/p>\n<p>Centre Culturel Paul Perrin<\/p>\n<p>88440 Nomexy<\/p>\n<p>&#x27a1;&#xfe0f; 6 juin 2024<\/p>\n<p><strong>\u00ab\u00a0En duo\u00a0\u00bb<\/strong><\/p>\n<p>Espace Georges Sadoul<\/p>\n<p>88100 Saint-Di\u00e9-des-Vosges<\/p>\n<p>&#x27a1;&#xfe0f; 7 juin 2024<\/p>\n<p><b>\u00ab\u00a0Amiti\u00e9(s)\u00a0\u00bb<\/b><\/p>\n<p>Centre culturel Pablo Picasso<\/p>\n<p>54310 Hom\u00e9court<\/p>\n<p>&#x27a1;&#xfe0f; 7 juin 2024<\/p>\n<p><b>\u00ab\u00a0Chants divers et vari\u00e9s\u00a0\u00bb<\/b><\/p>\n<p>Salle L\u2019\u00c9tincelle<\/p>\n<p>57440 Algrange<\/p>\n<p>&#x27a1;&#xfe0f; 10 juin 2024<\/p>\n<p><b>\u00ab\u00a0Autour du r\u00eave et de la vie de ch\u00e2teau\u00a0\u00bb<\/b><\/p>\n<p>Centre culturel Jean L\u2019H\u00f4te<\/p>\n<p>54230 Neuves-Maisons<\/p>\n<p>&#x27a1;&#xfe0f; 10 juin 2024<\/p>\n<p><b>\u00ab\u00a0Hakuna matata\u00a0\u00bb<\/b><\/p>\n<p>La D\u00e9livrance \u2013 Salines Royales de Dieuze<\/p>\n<p>57260 Dieuze<\/p>\n<p>&#x27a1;&#xfe0f; 18 juin 2024<\/p>\n<p><b>\u00ab\u00a0Faire des pieds et des mains \u00e0 15 ans\u00a0\u00bb<\/b><\/p>\n<p>Foyer culturel G\u00e9rard L\u00e9onard<\/p>\n<p>54130 Saint-Max<\/p>\n","protected":false},"excerpt":{"rendered":"<p>Concerts 2024 &#x27a1;&#xfe0f; 28 mars 2024 \u00ab\u00a0Concert des Lyc\u00e9es 2024\u00a0: Carmen\u00a0\u00bb Th\u00e9\u00e2tre 57600 Forbach &#x27a1;&#xfe0f; 9 avril 2024 \u00ab\u00a0Vieni, vieni ! Canzoni italiane\u00a0\u00bb Grands Salons de l\u2019H\u00f4tel de ville Place Stanislas 54000 Nancy &#x27a1;&#xfe0f; 16 et 17 mai 2024 \u00ab\u00a0La Danse\u00a0\u00bb L\u2019AmphY 57970 Yutz &#x27a1;&#xfe0f; 21 mai 2024 \u00ab\u00a0Mozart l\u2019Op\u00e9ra Rock\u00a0\u00bb Espace Gaudel 54290 Bayon [&hellip;]<\/p>\n","protected":false},"author":1,"featured_media":0,"parent":771,"menu_order":0,"comment_status":"closed","ping_status":"closed","template":"","meta":{"footnotes":""},"class_list":["post-2814","page","type-page","status-publish","hentry"],"yoast_head":"<!-- This site is optimized with the Yoast SEO plugin v27.3 - https:\/\/yoast.com\/product\/yoast-seo-wordpress\/ -->\n<title>Concerts ALCEMS 2024 - Education musicale et chant choral<\/title>\n<meta name=\"robots\" content=\"index, follow, max-snippet:-1, max-image-preview:large, max-video-preview:-1\" \/>\n<link rel=\"canonical\" href=\"https:\/\/sites.ac-nancy-metz.fr\/education-musicale\/chant-choral\/alcems\/concerts-2024\/\" \/>\n<meta property=\"og:locale\" content=\"fr_FR\" \/>\n<meta property=\"og:type\" content=\"article\" \/>\n<meta property=\"og:title\" content=\"Concerts ALCEMS 2024 - Education musicale et chant choral\" \/>\n<meta property=\"og:description\" content=\"Concerts 2024 &#x27a1;&#xfe0f; 28 mars 2024 \u00ab\u00a0Concert des Lyc\u00e9es 2024\u00a0: Carmen\u00a0\u00bb Th\u00e9\u00e2tre 57600 Forbach &#x27a1;&#xfe0f; 9 avril 2024 \u00ab\u00a0Vieni, vieni ! Canzoni italiane\u00a0\u00bb Grands Salons de l\u2019H\u00f4tel de ville Place Stanislas 54000 Nancy &#x27a1;&#xfe0f; 16 et 17 mai 2024 \u00ab\u00a0La Danse\u00a0\u00bb L\u2019AmphY 57970 Yutz &#x27a1;&#xfe0f; 21 mai 2024 \u00ab\u00a0Mozart l\u2019Op\u00e9ra Rock\u00a0\u00bb Espace Gaudel 54290 Bayon [&hellip;]\" \/>\n<meta property=\"og:url\" content=\"https:\/\/sites.ac-nancy-metz.fr\/education-musicale\/chant-choral\/alcems\/concerts-2024\/\" \/>\n<meta property=\"og:site_name\" content=\"Education musicale et chant choral\" \/>\n<meta property=\"article:modified_time\" content=\"2024-08-21T12:30:08+00:00\" \/>\n<meta property=\"og:image\" content=\"https:\/\/sites.ac-nancy-metz.fr\/education-musicale\/chant-choral\/wp-content\/uploads\/2023\/05\/cropped-Logo2023.png\" \/>\n\t<meta property=\"og:image:width\" content=\"225\" \/>\n\t<meta property=\"og:image:height\" content=\"96\" \/>\n\t<meta property=\"og:image:type\" content=\"image\/png\" \/>\n<meta name=\"twitter:card\" content=\"summary_large_image\" \/>\n<meta name=\"twitter:label1\" content=\"Dur\u00e9e de lecture estim\u00e9e\" \/>\n\t<meta name=\"twitter:data1\" content=\"2 minutes\" \/>\n<script type=\"application\/ld+json\" class=\"yoast-schema-graph\">{\"@context\":\"https:\\\/\\\/schema.org\",\"@graph\":[{\"@type\":\"WebPage\",\"@id\":\"https:\\\/\\\/sites.ac-nancy-metz.fr\\\/education-musicale\\\/chant-choral\\\/alcems\\\/concerts-2024\\\/\",\"url\":\"https:\\\/\\\/sites.ac-nancy-metz.fr\\\/education-musicale\\\/chant-choral\\\/alcems\\\/concerts-2024\\\/\",\"name\":\"Concerts ALCEMS 2024 - Education musicale et chant choral\",\"isPartOf\":{\"@id\":\"https:\\\/\\\/sites.ac-nancy-metz.fr\\\/education-musicale\\\/chant-choral\\\/#website\"},\"datePublished\":\"2024-08-21T12:28:56+00:00\",\"dateModified\":\"2024-08-21T12:30:08+00:00\",\"breadcrumb\":{\"@id\":\"https:\\\/\\\/sites.ac-nancy-metz.fr\\\/education-musicale\\\/chant-choral\\\/alcems\\\/concerts-2024\\\/#breadcrumb\"},\"inLanguage\":\"fr-FR\",\"potentialAction\":[{\"@type\":\"ReadAction\",\"target\":[\"https:\\\/\\\/sites.ac-nancy-metz.fr\\\/education-musicale\\\/chant-choral\\\/alcems\\\/concerts-2024\\\/\"]}]},{\"@type\":\"BreadcrumbList\",\"@id\":\"https:\\\/\\\/sites.ac-nancy-metz.fr\\\/education-musicale\\\/chant-choral\\\/alcems\\\/concerts-2024\\\/#breadcrumb\",\"itemListElement\":[{\"@type\":\"ListItem\",\"position\":1,\"name\":\"Accueil\",\"item\":\"https:\\\/\\\/sites.ac-nancy-metz.fr\\\/education-musicale\\\/chant-choral\\\/\"},{\"@type\":\"ListItem\",\"position\":2,\"name\":\"ALCEMS\",\"item\":\"https:\\\/\\\/sites.ac-nancy-metz.fr\\\/education-musicale\\\/chant-choral\\\/alcems\\\/\"},{\"@type\":\"ListItem\",\"position\":3,\"name\":\"Concerts ALCEMS 2024\"}]},{\"@type\":\"WebSite\",\"@id\":\"https:\\\/\\\/sites.ac-nancy-metz.fr\\\/education-musicale\\\/chant-choral\\\/#website\",\"url\":\"https:\\\/\\\/sites.ac-nancy-metz.fr\\\/education-musicale\\\/chant-choral\\\/\",\"name\":\"\u00c9ducation musicale et chant choral Acad\u00e9mie Nancy-Metz\",\"description\":\"Acad\u00e9mie de Nancy-Metz\",\"publisher\":{\"@id\":\"https:\\\/\\\/sites.ac-nancy-metz.fr\\\/education-musicale\\\/chant-choral\\\/#organization\"},\"potentialAction\":[{\"@type\":\"SearchAction\",\"target\":{\"@type\":\"EntryPoint\",\"urlTemplate\":\"https:\\\/\\\/sites.ac-nancy-metz.fr\\\/education-musicale\\\/chant-choral\\\/?s={search_term_string}\"},\"query-input\":{\"@type\":\"PropertyValueSpecification\",\"valueRequired\":true,\"valueName\":\"search_term_string\"}}],\"inLanguage\":\"fr-FR\"},{\"@type\":\"Organization\",\"@id\":\"https:\\\/\\\/sites.ac-nancy-metz.fr\\\/education-musicale\\\/chant-choral\\\/#organization\",\"name\":\"\u00c9ducation musicale et chant choral Acad\u00e9mie Nancy-Metz\",\"url\":\"https:\\\/\\\/sites.ac-nancy-metz.fr\\\/education-musicale\\\/chant-choral\\\/\",\"logo\":{\"@type\":\"ImageObject\",\"inLanguage\":\"fr-FR\",\"@id\":\"https:\\\/\\\/sites.ac-nancy-metz.fr\\\/education-musicale\\\/chant-choral\\\/#\\\/schema\\\/logo\\\/image\\\/\",\"url\":\"https:\\\/\\\/sites.ac-nancy-metz.fr\\\/education-musicale\\\/chant-choral\\\/wp-content\\\/uploads\\\/2023\\\/12\\\/cropped-cropped-Banniere-site.png\",\"contentUrl\":\"https:\\\/\\\/sites.ac-nancy-metz.fr\\\/education-musicale\\\/chant-choral\\\/wp-content\\\/uploads\\\/2023\\\/12\\\/cropped-cropped-Banniere-site.png\",\"width\":3146,\"height\":601,\"caption\":\"\u00c9ducation musicale et chant choral Acad\u00e9mie Nancy-Metz\"},\"image\":{\"@id\":\"https:\\\/\\\/sites.ac-nancy-metz.fr\\\/education-musicale\\\/chant-choral\\\/#\\\/schema\\\/logo\\\/image\\\/\"}}]}<\/script>\n<!-- \/ Yoast SEO plugin. -->","yoast_head_json":{"title":"Concerts ALCEMS 2024 - Education musicale et chant choral","robots":{"index":"index","follow":"follow","max-snippet":"max-snippet:-1","max-image-preview":"max-image-preview:large","max-video-preview":"max-video-preview:-1"},"canonical":"https:\/\/sites.ac-nancy-metz.fr\/education-musicale\/chant-choral\/alcems\/concerts-2024\/","og_locale":"fr_FR","og_type":"article","og_title":"Concerts ALCEMS 2024 - Education musicale et chant choral","og_description":"Concerts 2024 &#x27a1;&#xfe0f; 28 mars 2024 \u00ab\u00a0Concert des Lyc\u00e9es 2024\u00a0: Carmen\u00a0\u00bb Th\u00e9\u00e2tre 57600 Forbach &#x27a1;&#xfe0f; 9 avril 2024 \u00ab\u00a0Vieni, vieni ! Canzoni italiane\u00a0\u00bb Grands Salons de l\u2019H\u00f4tel de ville Place Stanislas 54000 Nancy &#x27a1;&#xfe0f; 16 et 17 mai 2024 \u00ab\u00a0La Danse\u00a0\u00bb L\u2019AmphY 57970 Yutz &#x27a1;&#xfe0f; 21 mai 2024 \u00ab\u00a0Mozart l\u2019Op\u00e9ra Rock\u00a0\u00bb Espace Gaudel 54290 Bayon [&hellip;]","og_url":"https:\/\/sites.ac-nancy-metz.fr\/education-musicale\/chant-choral\/alcems\/concerts-2024\/","og_site_name":"Education musicale et chant choral","article_modified_time":"2024-08-21T12:30:08+00:00","og_image":[{"width":225,"height":96,"url":"https:\/\/sites.ac-nancy-metz.fr\/education-musicale\/chant-choral\/wp-content\/uploads\/2023\/05\/cropped-Logo2023.png","type":"image\/png"}],"twitter_card":"summary_large_image","twitter_misc":{"Dur\u00e9e de lecture estim\u00e9e":"2 minutes"},"schema":{"@context":"https:\/\/schema.org","@graph":[{"@type":"WebPage","@id":"https:\/\/sites.ac-nancy-metz.fr\/education-musicale\/chant-choral\/alcems\/concerts-2024\/","url":"https:\/\/sites.ac-nancy-metz.fr\/education-musicale\/chant-choral\/alcems\/concerts-2024\/","name":"Concerts ALCEMS 2024 - Education musicale et chant choral","isPartOf":{"@id":"https:\/\/sites.ac-nancy-metz.fr\/education-musicale\/chant-choral\/#website"},"datePublished":"2024-08-21T12:28:56+00:00","dateModified":"2024-08-21T12:30:08+00:00","breadcrumb":{"@id":"https:\/\/sites.ac-nancy-metz.fr\/education-musicale\/chant-choral\/alcems\/concerts-2024\/#breadcrumb"},"inLanguage":"fr-FR","potentialAction":[{"@type":"ReadAction","target":["https:\/\/sites.ac-nancy-metz.fr\/education-musicale\/chant-choral\/alcems\/concerts-2024\/"]}]},{"@type":"BreadcrumbList","@id":"https:\/\/sites.ac-nancy-metz.fr\/education-musicale\/chant-choral\/alcems\/concerts-2024\/#breadcrumb","itemListElement":[{"@type":"ListItem","position":1,"name":"Accueil","item":"https:\/\/sites.ac-nancy-metz.fr\/education-musicale\/chant-choral\/"},{"@type":"ListItem","position":2,"name":"ALCEMS","item":"https:\/\/sites.ac-nancy-metz.fr\/education-musicale\/chant-choral\/alcems\/"},{"@type":"ListItem","position":3,"name":"Concerts ALCEMS 2024"}]},{"@type":"WebSite","@id":"https:\/\/sites.ac-nancy-metz.fr\/education-musicale\/chant-choral\/#website","url":"https:\/\/sites.ac-nancy-metz.fr\/education-musicale\/chant-choral\/","name":"\u00c9ducation musicale et chant choral Acad\u00e9mie Nancy-Metz","description":"Acad\u00e9mie de Nancy-Metz","publisher":{"@id":"https:\/\/sites.ac-nancy-metz.fr\/education-musicale\/chant-choral\/#organization"},"potentialAction":[{"@type":"SearchAction","target":{"@type":"EntryPoint","urlTemplate":"https:\/\/sites.ac-nancy-metz.fr\/education-musicale\/chant-choral\/?s={search_term_string}"},"query-input":{"@type":"PropertyValueSpecification","valueRequired":true,"valueName":"search_term_string"}}],"inLanguage":"fr-FR"},{"@type":"Organization","@id":"https:\/\/sites.ac-nancy-metz.fr\/education-musicale\/chant-choral\/#organization","name":"\u00c9ducation musicale et chant choral Acad\u00e9mie Nancy-Metz","url":"https:\/\/sites.ac-nancy-metz.fr\/education-musicale\/chant-choral\/","logo":{"@type":"ImageObject","inLanguage":"fr-FR","@id":"https:\/\/sites.ac-nancy-metz.fr\/education-musicale\/chant-choral\/#\/schema\/logo\/image\/","url":"https:\/\/sites.ac-nancy-metz.fr\/education-musicale\/chant-choral\/wp-content\/uploads\/2023\/12\/cropped-cropped-Banniere-site.png","contentUrl":"https:\/\/sites.ac-nancy-metz.fr\/education-musicale\/chant-choral\/wp-content\/uploads\/2023\/12\/cropped-cropped-Banniere-site.png","width":3146,"height":601,"caption":"\u00c9ducation musicale et chant choral Acad\u00e9mie Nancy-Metz"},"image":{"@id":"https:\/\/sites.ac-nancy-metz.fr\/education-musicale\/chant-choral\/#\/schema\/logo\/image\/"}}]}},"_links":{"self":[{"href":"https:\/\/sites.ac-nancy-metz.fr\/education-musicale\/chant-choral\/wp-json\/wp\/v2\/pages\/2814","targetHints":{"allow":["GET"]}}],"collection":[{"href":"https:\/\/sites.ac-nancy-metz.fr\/education-musicale\/chant-choral\/wp-json\/wp\/v2\/pages"}],"about":[{"href":"https:\/\/sites.ac-nancy-metz.fr\/education-musicale\/chant-choral\/wp-json\/wp\/v2\/types\/page"}],"author":[{"embeddable":true,"href":"https:\/\/sites.ac-nancy-metz.fr\/education-musicale\/chant-choral\/wp-json\/wp\/v2\/users\/1"}],"replies":[{"embeddable":true,"href":"https:\/\/sites.ac-nancy-metz.fr\/education-musicale\/chant-choral\/wp-json\/wp\/v2\/comments?post=2814"}],"version-history":[{"count":2,"href":"https:\/\/sites.ac-nancy-metz.fr\/education-musicale\/chant-choral\/wp-json\/wp\/v2\/pages\/2814\/revisions"}],"predecessor-version":[{"id":3209,"href":"https:\/\/sites.ac-nancy-metz.fr\/education-musicale\/chant-choral\/wp-json\/wp\/v2\/pages\/2814\/revisions\/3209"}],"up":[{"embeddable":true,"href":"https:\/\/sites.ac-nancy-metz.fr\/education-musicale\/chant-choral\/wp-json\/wp\/v2\/pages\/771"}],"wp:attachment":[{"href":"https:\/\/sites.ac-nancy-metz.fr\/education-musicale\/chant-choral\/wp-json\/wp\/v2\/media?parent=2814"}],"curies":[{"name":"wp","href":"https:\/\/api.w.org\/{rel}","templated":true}]}}