{"id":3520,"date":"2026-02-08T15:08:43","date_gmt":"2026-02-08T14:08:43","guid":{"rendered":"https:\/\/sites.ac-nancy-metz.fr\/education-musicale\/chant-choral\/?page_id=3520"},"modified":"2026-02-08T15:10:09","modified_gmt":"2026-02-08T14:10:09","slug":"concerts-alcems-2026","status":"publish","type":"page","link":"https:\/\/sites.ac-nancy-metz.fr\/education-musicale\/chant-choral\/alcems\/concerts-alcems-2026\/","title":{"rendered":"Concerts ALCEMS 2026"},"content":{"rendered":"<p><strong>Concerts ALCEMS 2026<\/strong><br \/>\nRetrouvez ci-dessous la liste des concerts 2026 (Les horaires suppos\u00e9s: <strong>20h00<\/strong> (\u00e0 v\u00e9rifier pour chaque concert)).<\/p>\n<p>Acc\u00e8s rapide :<br \/>\n<a href=\"#meurthe-et-moselle\">Meurthe-et-Moselle<\/a> \u00b7<br \/>\n<a href=\"#moselle\">Moselle<\/a> \u00b7<br \/>\n<a href=\"#vosges\">Vosges<\/a><\/p>\n<hr \/>\n<h2 id=\"meurthe-et-moselle\">Meurthe-et-Moselle<\/h2>\n<ul>\n<li><strong>1 avril 2026 \u2014 Nancy \u2014 \u00ab Mille chemins (Musiques du monde) \u00bb<\/strong><br \/>\nGrand salon de l&rsquo;H\u00f4tel de ville, Place Stanislas 54000 \u2014 Nancy<br \/>\nCoordinateur ALCEMS groupe 548 : H\u00e9l\u00e8ne Wagner<br \/>\n<a href=\"https:\/\/calendar.google.com\/calendar\/render?action=TEMPLATE&amp;text=ALCEMS%202026%20%E2%80%94%20%C2%AB%20Mille%20chemins%20%28Musiques%20du%20monde%29%20%C2%BB&amp;dates=20260401T200000%2F20260401T213000&amp;details=Concert%20ALCEMS%202026.%0AProgramme%20%3A%20Mille%20chemins%20%28Musiques%20du%20monde%29%0ACoordinateur%20ALCEMS%20groupe%20548%20%3A%20H%C3%A9l%C3%A8ne%20Wagner&amp;location=Grand%20salon%20de%20l%27H%C3%B4tel%20de%20ville%2C%20Place%20Stanislas%2054000%2C%20Nancy&amp;ctz=Europe%2FParis\" target=\"_blank\" rel=\"noopener\"><br \/>\nAjouter au calendrier \u2013 1 avril 2026<\/a>&nbsp;<\/li>\n<\/ul>\n<hr \/>\n<ul>\n<li><strong>22 mai 2026 \u2014 Hom\u00e9court \u2014 \u00ab Moi, Monstre et M\u00e9chant \u00bb<\/strong><br \/>\nSalle Pablo Picasso \u2014 Hom\u00e9court<br \/>\nCoordinateur ALCEMS groupe 549 : Fr\u00e9d\u00e9rique Mathurin<br \/>\n<a href=\"https:\/\/calendar.google.com\/calendar\/render?action=TEMPLATE&amp;text=ALCEMS%202026%20%E2%80%94%20%C2%AB%20Moi%2C%20Monstre%20et%20M%C3%A9chant%20%C2%BB&amp;dates=20260522T200000%2F20260522T213000&amp;details=Concert%20ALCEMS%202026.%0AProgramme%20%3A%20Moi%2C%20Monstre%20et%20M%C3%A9chant%0ACoordinateur%20ALCEMS%20groupe%20549%20%3A%20Fr%C3%A9d%C3%A9rique%20Mathurin&amp;location=Salle%20Pablo%20Picasso%2C%20Hom%C3%A9court&amp;ctz=Europe%2FParis\" target=\"_blank\" rel=\"noopener\"><br \/>\nAjouter au calendrier \u2013 22 mai 2026<\/a>&nbsp;<\/li>\n<\/ul>\n<hr \/>\n<ul>\n<li><strong>2 juin 2026 \u2014 Dieulouard \u2014 \u00ab NOCTURNE \u00bb<\/strong><br \/>\nCentre Socio Culturel \u2014 Dieulouard<br \/>\nCoordinateur ALCEMS groupe 5414 : Maud Gigleux-Przybylski<br \/>\n<a href=\"https:\/\/calendar.google.com\/calendar\/render?action=TEMPLATE&amp;text=ALCEMS%202026%20%E2%80%94%20%C2%AB%20NOCTURNE%20%C2%BB&amp;dates=20260602T200000%2F20260602T213000&amp;details=Concert%20ALCEMS%202026.%0AProgramme%20%3A%20NOCTURNE%0ACoordinateur%20ALCEMS%20groupe%205414%20%3A%20Maud%20Gigleux-Przybylski&amp;location=Centre%20Socio%20Culturel%2C%20Dieulouard&amp;ctz=Europe%2FParis\" target=\"_blank\" rel=\"noopener\"><br \/>\nAjouter au calendrier \u2013 2 juin 2026<\/a>&nbsp;<\/li>\n<\/ul>\n<hr \/>\n<ul>\n<li><strong>4 &amp; 5 juin 2026 \u2014 Ville-en-Vermois \u2014 \u00ab Com\u00e9die Musicale : PINOCCH&rsquo;26 \u00bb<\/strong><br \/>\nSalle Marl\u00e8ne COLAS, 10 rue des \u00e9coles \u2014 Ville-en-Vermois<br \/>\nCoordinateur ALCEMS groupe 545 : Marco Montanti<br \/>\n<a href=\"https:\/\/calendar.google.com\/calendar\/render?action=TEMPLATE&amp;text=ALCEMS%202026%20%E2%80%94%20%C2%AB%20Com%C3%A9die%20Musicale%20%3A%20PINOCCH%2726%20%C2%BB&amp;dates=20260604T200000%2F20260604T213000&amp;details=Concert%20ALCEMS%202026.%0AProgramme%20%3A%20Com%C3%A9die%20Musicale%20%3A%20PINOCCH%2726%0ACoordinateur%20ALCEMS%20groupe%20545%20%3A%20Marco%20Montanti&amp;location=Salle%20Marl%C3%A8ne%20COLAS%2C%2010%20rue%20des%20%C3%A9coles%2C%20Ville-en-Vermois&amp;ctz=Europe%2FParis\" target=\"_blank\" rel=\"noopener\"><br \/>\nAjouter au calendrier \u2013 4 juin 2026<\/a><br \/>\n<a href=\"https:\/\/calendar.google.com\/calendar\/render?action=TEMPLATE&amp;text=ALCEMS%202026%20%E2%80%94%20%C2%AB%20Com%C3%A9die%20Musicale%20%3A%20PINOCCH%2726%20%C2%BB&amp;dates=20260605T200000%2F20260605T213000&amp;details=Concert%20ALCEMS%202026.%0AProgramme%20%3A%20Com%C3%A9die%20Musicale%20%3A%20PINOCCH%2726%0ACoordinateur%20ALCEMS%20groupe%20545%20%3A%20Marco%20Montanti&amp;location=Salle%20Marl%C3%A8ne%20COLAS%2C%2010%20rue%20des%20%C3%A9coles%2C%20Ville-en-Vermois&amp;ctz=Europe%2FParis\" target=\"_blank\" rel=\"noopener\"><br \/>\nAjouter au calendrier \u2013 5 juin 2026<\/p>\n<p><\/a><\/li>\n<\/ul>\n<hr \/>\n<ul>\n<li><strong>15 &amp; 16 juin 2026 \u2014 Bayon \u2014 \u00ab Tu es mon autre \u00bb<\/strong><br \/>\nEspace Gaudel, 10 rue des Hauts Foss\u00e9s \u2014 Bayon<br \/>\nCoordinateur ALCEMS groupe 544 : Fabrice Dardinier<br \/>\n<a href=\"https:\/\/calendar.google.com\/calendar\/render?action=TEMPLATE&amp;text=ALCEMS%202026%20%E2%80%94%20%C2%AB%20Tu%20es%20mon%20autre%20%C2%BB&amp;dates=20260615T200000%2F20260615T213000&amp;details=Concert%20ALCEMS%202026.%0AProgramme%20%3A%20Tu%20es%20mon%20autre%0ACoordinateur%20ALCEMS%20groupe%20544%20%3A%20Fabrice%20Dardinier&amp;location=Espace%20Gaudel%2C%2010%20rue%20des%20Hauts%20Foss%C3%A9s%2C%20Bayon&amp;ctz=Europe%2FParis\" target=\"_blank\" rel=\"noopener\"><br \/>\nAjouter au calendrier \u2013 15 juin 2026<\/a><br \/>\n<a href=\"https:\/\/calendar.google.com\/calendar\/render?action=TEMPLATE&amp;text=ALCEMS%202026%20%E2%80%94%20%C2%AB%20Tu%20es%20mon%20autre%20%C2%BB&amp;dates=20260616T200000%2F20260616T213000&amp;details=Concert%20ALCEMS%202026.%0AProgramme%20%3A%20Tu%20es%20mon%20autre%0ACoordinateur%20ALCEMS%20groupe%20544%20%3A%20Fabrice%20Dardinier&amp;location=Espace%20Gaudel%2C%2010%20rue%20des%20Hauts%20Foss%C3%A9s%2C%20Bayon&amp;ctz=Europe%2FParis\" target=\"_blank\" rel=\"noopener\"><br \/>\nAjouter au calendrier \u2013 16 juin 2026<\/p>\n<p><\/a><\/li>\n<\/ul>\n<hr \/>\n<ul>\n<li><strong>16 juin 2026 \u2014 Saint-Max \u2014 \u00ab Chanter pour dire \u00bb<\/strong><br \/>\nFoyer culturel G\u00e9rard L\u00e9onard, Place de l&rsquo;Europe 54130 \u2014 Saint-Max<br \/>\nCoordinateur ALCEMS groupe 5412 : Anne DHUICQ<br \/>\n<a href=\"https:\/\/calendar.google.com\/calendar\/render?action=TEMPLATE&amp;text=ALCEMS%202026%20%E2%80%94%20%C2%AB%20Chanter%20pour%20dire%20%C2%BB&amp;dates=20260616T200000%2F20260616T213000&amp;details=Concert%20ALCEMS%202026.%0AProgramme%20%3A%20Chanter%20pour%20dire%0ACoordinateur%20ALCEMS%20groupe%205412%20%3A%20Anne%20DHUICQ&amp;location=Foyer%20culturel%20G%C3%A9rard%20L%C3%A9onard%2C%20Place%20de%20l%27Europe%2054130%2C%20Saint-Max&amp;ctz=Europe%2FParis\" target=\"_blank\" rel=\"noopener\"><br \/>\nAjouter au calendrier \u2013 16 juin 2026<\/a>&nbsp;<\/li>\n<\/ul>\n<hr \/>\n<ul>\n<li><strong>23 juin 2026 \u2014 Nancy \u2014 \u00ab Un Monde de m\u00e9chants \u00bb<\/strong><br \/>\nSalle Poirel \u2014 Nancy<br \/>\nCoordinateur ALCEMS groupe 542 : Christine Schuh-Benini<br \/>\n<a href=\"https:\/\/calendar.google.com\/calendar\/render?action=TEMPLATE&amp;text=ALCEMS%202026%20%E2%80%94%20%C2%AB%20Un%20Monde%20de%20m%C3%A9chants%20%C2%BB&amp;dates=20260623T200000%2F20260623T213000&amp;details=Concert%20ALCEMS%202026.%0AProgramme%20%3A%20Un%20Monde%20de%20m%C3%A9chants%0ACoordinateur%20ALCEMS%20groupe%20542%20%3A%20Christine%20Schuh-Benini&amp;location=Salle%20Poirel%2C%20Nancy&amp;ctz=Europe%2FParis\" target=\"_blank\" rel=\"noopener\"><br \/>\nAjouter au calendrier \u2013 23 juin 2026<\/p>\n<p><\/a><\/li>\n<\/ul>\n<hr \/>\n<h2 id=\"moselle\">Moselle<\/h2>\n<ul>\n<li><strong>8 avril 2026 \u2014 Metz \u2014 \u00ab Concert des Lyc\u00e9es 2026 \u00ab\u00a0Winds of Change\u00a0\u00bb \u00bb<\/strong><br \/>\nArsenal &#8211; Grande Salle &#8211; 3 Avenue Ney 57000 \u2014 Metz<br \/>\nCoordinateur ALCEMS groupe 572 : Emmanuel Trombowsky<br \/>\n<a href=\"https:\/\/calendar.google.com\/calendar\/render?action=TEMPLATE&amp;text=ALCEMS%202026%20%E2%80%94%20%C2%AB%20Concert%20des%20Lyc%C3%A9es%202026%20%22Winds%20of%20Change%22%20%C2%BB&amp;dates=20260408T200000%2F20260408T213000&amp;details=Concert%20ALCEMS%202026.%0AProgramme%20%3A%20Concert%20des%20Lyc%C3%A9es%202026%20%22Winds%20of%20Change%22%0ACoordinateur%20ALCEMS%20groupe%20572%20%3A%20Emmanuel%20Trombowsky&amp;location=Arsenal%20-%20Grande%20Salle%20-%203%20Avenue%20Ney%2057000%2C%20Metz&amp;ctz=Europe%2FParis\" target=\"_blank\" rel=\"noopener\"><br \/>\nAjouter au calendrier \u2013 8 avril 2026<\/a>&nbsp;<\/li>\n<\/ul>\n<hr \/>\n<ul>\n<li><strong>28 avril 2026 \u2014 Sarreguemines \u2014 \u00ab Concert des Lyc\u00e9es 2026 \u00ab\u00a0Winds of Change\u00a0\u00bb \u00bb<\/strong><br \/>\nSc\u00e8ne de l&rsquo;H\u00f4tel de Ville &#8211; 2 rue du Maire Massing 57200 \u2014 Sarreguemines<br \/>\nCoordinateur ALCEMS groupe 572 : Emmanuel Trombowsky<br \/>\n<a href=\"https:\/\/calendar.google.com\/calendar\/render?action=TEMPLATE&amp;text=ALCEMS%202026%20%E2%80%94%20%C2%AB%20Concert%20des%20Lyc%C3%A9es%202026%20%22Winds%20of%20Change%22%20%C2%BB&amp;dates=20260428T200000%2F20260428T213000&amp;details=Concert%20ALCEMS%202026.%0AProgramme%20%3A%20Concert%20des%20Lyc%C3%A9es%202026%20%22Winds%20of%20Change%22%0ACoordinateur%20ALCEMS%20groupe%20572%20%3A%20Emmanuel%20Trombowsky&amp;location=Sc%C3%A8ne%20de%20l%27H%C3%B4tel%20de%20Ville%20-%202%20rue%20du%20Maire%20Massing%2057200%2C%20Sarreguemines&amp;ctz=Europe%2FParis\" target=\"_blank\" rel=\"noopener\"><br \/>\nAjouter au calendrier \u2013 28 avril 2026<\/a>&nbsp;<\/li>\n<\/ul>\n<hr \/>\n<ul>\n<li><strong>21 &amp; 22 mai 2026 \u2014 Yutz \u2014 \u00ab Le temps \u00bb<\/strong><br \/>\nEspace culturel l&rsquo;Amphy, 126 Rue de la R\u00e9publique 57970 \u2014 Yutz<br \/>\nCoordinateur ALCEMS groupe 574 : Sylvain Paris<br \/>\n<a href=\"https:\/\/calendar.google.com\/calendar\/render?action=TEMPLATE&amp;text=ALCEMS%202026%20%E2%80%94%20%C2%AB%20Le%20temps%20%C2%BB&amp;dates=20260521T200000%2F20260521T213000&amp;details=Concert%20ALCEMS%202026.%0AProgramme%20%3A%20Le%20temps%0ACoordinateur%20ALCEMS%20groupe%20574%20%3A%20Sylvain%20Paris&amp;location=Espace%20culturel%20l%27Amphy%2C%20126%20Rue%20de%20la%20R%C3%A9publique%2057970%2C%20Yutz&amp;ctz=Europe%2FParis\" target=\"_blank\" rel=\"noopener\"><br \/>\nAjouter au calendrier \u2013 21 mai 2026<\/a><br \/>\n<a href=\"https:\/\/calendar.google.com\/calendar\/render?action=TEMPLATE&amp;text=ALCEMS%202026%20%E2%80%94%20%C2%AB%20Le%20temps%20%C2%BB&amp;dates=20260522T200000%2F20260522T213000&amp;details=Concert%20ALCEMS%202026.%0AProgramme%20%3A%20Le%20temps%0ACoordinateur%20ALCEMS%20groupe%20574%20%3A%20Sylvain%20Paris&amp;location=Espace%20culturel%20l%27Amphy%2C%20126%20Rue%20de%20la%20R%C3%A9publique%2057970%2C%20Yutz&amp;ctz=Europe%2FParis\" target=\"_blank\" rel=\"noopener\"><br \/>\nAjouter au calendrier \u2013 22 mai 2026<\/a>&nbsp;<\/li>\n<\/ul>\n<hr \/>\n<ul>\n<li><strong>29 mai 2026 \u2014 Hayange \u2014 \u00ab Chants divers et vari\u00e9s \u00bb<\/strong><br \/>\nSalle Molitor, Place de la R\u00e9sistance 57700 \u2014 Hayange<br \/>\nCoordinateur ALCEMS groupe 576 : Nathalie Katola<br \/>\n<a href=\"https:\/\/calendar.google.com\/calendar\/render?action=TEMPLATE&amp;text=ALCEMS%202026%20%E2%80%94%20%C2%AB%20Chants%20divers%20et%20vari%C3%A9s%20%C2%BB&amp;dates=20260529T200000%2F20260529T213000&amp;details=Concert%20ALCEMS%202026.%0AProgramme%20%3A%20Chants%20divers%20et%20vari%C3%A9s%0ACoordinateur%20ALCEMS%20groupe%20576%20%3A%20Nathalie%20Katola&amp;location=Salle%20Molitor%2C%20Place%20de%20la%20R%C3%A9sistance%2057700%2C%20Hayange&amp;ctz=Europe%2FParis\" target=\"_blank\" rel=\"noopener\"><br \/>\nAjouter au calendrier \u2013 29 mai 2026<\/a>&nbsp;<\/li>\n<\/ul>\n<hr \/>\n<ul>\n<li><strong>3 &amp; 4 juin 2026 \u2014 Sarreguemines \u2014 \u00ab Le ch\u0153ur prend l&rsquo;eau \u00bb<\/strong><br \/>\nSc\u00e8ne de l&rsquo;H\u00f4tel de Ville, rue du Maire Massing \u2014 Sarreguemines<br \/>\nCoordinateur ALCEMS groupe 571 : Val\u00e9rie Koch<br \/>\n<a href=\"https:\/\/calendar.google.com\/calendar\/render?action=TEMPLATE&amp;text=ALCEMS%202026%20%E2%80%94%20%C2%AB%20Le%20ch%C5%93ur%20prend%20l%27eau%20%C2%BB&amp;dates=20260603T200000%2F20260603T213000&amp;details=Concert%20ALCEMS%202026.%0AProgramme%20%3A%20Le%20ch%C5%93ur%20prend%20l%27eau%0ACoordinateur%20ALCEMS%20groupe%20571%20%3A%20Val%C3%A9rie%20Koch&amp;location=Sc%C3%A8ne%20de%20l%27H%C3%B4tel%20de%20Ville%2C%20rue%20du%20Maire%20Massing%2C%20Sarreguemines&amp;ctz=Europe%2FParis\" target=\"_blank\" rel=\"noopener\"><br \/>\nAjouter au calendrier \u2013 3 juin 2026<\/a><br \/>\n<a href=\"https:\/\/calendar.google.com\/calendar\/render?action=TEMPLATE&amp;text=ALCEMS%202026%20%E2%80%94%20%C2%AB%20Le%20ch%C5%93ur%20prend%20l%27eau%20%C2%BB&amp;dates=20260604T200000%2F20260604T213000&amp;details=Concert%20ALCEMS%202026.%0AProgramme%20%3A%20Le%20ch%C5%93ur%20prend%20l%27eau%0ACoordinateur%20ALCEMS%20groupe%20571%20%3A%20Val%C3%A9rie%20Koch&amp;location=Sc%C3%A8ne%20de%20l%27H%C3%B4tel%20de%20Ville%2C%20rue%20du%20Maire%20Massing%2C%20Sarreguemines&amp;ctz=Europe%2FParis\" target=\"_blank\" rel=\"noopener\"><br \/>\nAjouter au calendrier \u2013 4 juin 2026<\/a>&nbsp;<\/li>\n<\/ul>\n<hr \/>\n<h2 id=\"vosges\">Vosges<\/h2>\n<ul>\n<li><strong>21 &amp; 22 mai 2026 \u2014 Nomexy \u2014 \u00ab Radio Chorus \u00bb<\/strong><br \/>\nCentre Culturel Paul Perrin, 31 Rue de l&rsquo;Estrey 88440 \u2014 Nomexy<br \/>\nCoordinateur ALCEMS groupe 882 : Fabrice Guerre<br \/>\n<a href=\"https:\/\/calendar.google.com\/calendar\/render?action=TEMPLATE&amp;text=ALCEMS%202026%20%E2%80%94%20%C2%AB%20Radio%20Chorus%20%C2%BB&amp;dates=20260521T200000%2F20260521T213000&amp;details=Concert%20ALCEMS%202026.%0AProgramme%20%3A%20Radio%20Chorus%0ACoordinateur%20ALCEMS%20groupe%20882%20%3A%20Fabrice%20Guerre&amp;location=Centre%20Culturel%20Paul%20Perrin%2C%2031%20Rue%20de%20l%27Estrey%2088440%2C%20Nomexy&amp;ctz=Europe%2FParis\" target=\"_blank\" rel=\"noopener\"><br \/>\nAjouter au calendrier \u2013 21 mai 2026<\/a><br \/>\n<a href=\"https:\/\/calendar.google.com\/calendar\/render?action=TEMPLATE&amp;text=ALCEMS%202026%20%E2%80%94%20%C2%AB%20Radio%20Chorus%20%C2%BB&amp;dates=20260522T200000%2F20260522T213000&amp;details=Concert%20ALCEMS%202026.%0AProgramme%20%3A%20Radio%20Chorus%0ACoordinateur%20ALCEMS%20groupe%20882%20%3A%20Fabrice%20Guerre&amp;location=Centre%20Culturel%20Paul%20Perrin%2C%2031%20Rue%20de%20l%27Estrey%2088440%2C%20Nomexy&amp;ctz=Europe%2FParis\" target=\"_blank\" rel=\"noopener\"><br \/>\nAjouter au calendrier \u2013 22 mai 2026<\/a>&nbsp;<\/li>\n<\/ul>\n<hr \/>\n<ul>\n<li><strong>2 juin 2026 \u2014 Saint-Di\u00e9-des-Vosges \u2014 \u00ab Club Th\u00e9\u00e2tre \/ \u00ab\u00a0Monsieur Madame\u00a0\u00bb \u00bb<\/strong><br \/>\nEspace Georges SADOUL, 26-28 quai Sadi Carnot 88100 \u2014 Saint-Di\u00e9-des-Vosges<br \/>\nCoordinateur ALCEMS groupe 885 : Michel Freyburger<br \/>\n<a href=\"https:\/\/calendar.google.com\/calendar\/render?action=TEMPLATE&amp;text=ALCEMS%202026%20%E2%80%94%20%C2%AB%20Club%20Th%C3%A9%C3%A2tre%20%2F%20%22Monsieur%20Madame%22%20%C2%BB&amp;dates=20260602T200000%2F20260602T213000&amp;details=Concert%20ALCEMS%202026.%0AProgramme%20%3A%20Club%20Th%C3%A9%C3%A2tre%20%2F%20%22Monsieur%20Madame%22%0ACoordinateur%20ALCEMS%20groupe%20885%20%3A%20Michel%20Freyburger&amp;location=Espace%20Georges%20SADOUL%2C%2026-28%20quai%20Sadi%20Carnot%2088100%2C%20Saint-Di%C3%A9-des-Vosges&amp;ctz=Europe%2FParis\" target=\"_blank\" rel=\"noopener\"><br \/>\nAjouter au calendrier \u2013 2 juin 2026<br \/>\n<\/a><\/li>\n<\/ul>\n","protected":false},"excerpt":{"rendered":"<p>Concerts ALCEMS 2026 Retrouvez ci-dessous la liste des concerts 2026 (Les horaires suppos\u00e9s: 20h00 (\u00e0 v\u00e9rifier pour chaque concert)). Acc\u00e8s rapide : Meurthe-et-Moselle \u00b7 Moselle \u00b7 Vosges Meurthe-et-Moselle 1 avril 2026 \u2014 Nancy \u2014 \u00ab Mille chemins (Musiques du monde) \u00bb Grand salon de l&rsquo;H\u00f4tel de ville, Place Stanislas 54000 \u2014 Nancy Coordinateur ALCEMS groupe [&hellip;]<\/p>\n","protected":false},"author":4,"featured_media":0,"parent":771,"menu_order":0,"comment_status":"closed","ping_status":"closed","template":"","meta":{"footnotes":""},"class_list":["post-3520","page","type-page","status-publish","hentry"],"yoast_head":"<!-- This site is optimized with the Yoast SEO plugin v27.4 - https:\/\/yoast.com\/product\/yoast-seo-wordpress\/ -->\n<title>Concerts ALCEMS 2026 - Education musicale et chant choral<\/title>\n<meta name=\"robots\" content=\"index, follow, max-snippet:-1, max-image-preview:large, max-video-preview:-1\" \/>\n<link rel=\"canonical\" href=\"https:\/\/sites.ac-nancy-metz.fr\/education-musicale\/chant-choral\/alcems\/concerts-alcems-2026\/\" \/>\n<meta property=\"og:locale\" content=\"fr_FR\" \/>\n<meta property=\"og:type\" content=\"article\" \/>\n<meta property=\"og:title\" content=\"Concerts ALCEMS 2026 - Education musicale et chant choral\" \/>\n<meta property=\"og:description\" content=\"Concerts ALCEMS 2026 Retrouvez ci-dessous la liste des concerts 2026 (Les horaires suppos\u00e9s: 20h00 (\u00e0 v\u00e9rifier pour chaque concert)). Acc\u00e8s rapide : Meurthe-et-Moselle \u00b7 Moselle \u00b7 Vosges Meurthe-et-Moselle 1 avril 2026 \u2014 Nancy \u2014 \u00ab Mille chemins (Musiques du monde) \u00bb Grand salon de l&rsquo;H\u00f4tel de ville, Place Stanislas 54000 \u2014 Nancy Coordinateur ALCEMS groupe [&hellip;]\" \/>\n<meta property=\"og:url\" content=\"https:\/\/sites.ac-nancy-metz.fr\/education-musicale\/chant-choral\/alcems\/concerts-alcems-2026\/\" \/>\n<meta property=\"og:site_name\" content=\"Education musicale et chant choral\" \/>\n<meta property=\"article:modified_time\" content=\"2026-02-08T14:10:09+00:00\" \/>\n<meta property=\"og:image\" content=\"https:\/\/sites.ac-nancy-metz.fr\/education-musicale\/chant-choral\/wp-content\/uploads\/2023\/05\/cropped-Logo2023.png\" \/>\n\t<meta property=\"og:image:width\" content=\"225\" \/>\n\t<meta property=\"og:image:height\" content=\"96\" \/>\n\t<meta property=\"og:image:type\" content=\"image\/png\" \/>\n<meta name=\"twitter:card\" content=\"summary_large_image\" \/>\n<meta name=\"twitter:label1\" content=\"Dur\u00e9e de lecture estim\u00e9e\" \/>\n\t<meta name=\"twitter:data1\" content=\"3 minutes\" \/>\n<script type=\"application\/ld+json\" class=\"yoast-schema-graph\">{\"@context\":\"https:\\\/\\\/schema.org\",\"@graph\":[{\"@type\":\"WebPage\",\"@id\":\"https:\\\/\\\/sites.ac-nancy-metz.fr\\\/education-musicale\\\/chant-choral\\\/alcems\\\/concerts-alcems-2026\\\/\",\"url\":\"https:\\\/\\\/sites.ac-nancy-metz.fr\\\/education-musicale\\\/chant-choral\\\/alcems\\\/concerts-alcems-2026\\\/\",\"name\":\"Concerts ALCEMS 2026 - Education musicale et chant choral\",\"isPartOf\":{\"@id\":\"https:\\\/\\\/sites.ac-nancy-metz.fr\\\/education-musicale\\\/chant-choral\\\/#website\"},\"datePublished\":\"2026-02-08T14:08:43+00:00\",\"dateModified\":\"2026-02-08T14:10:09+00:00\",\"breadcrumb\":{\"@id\":\"https:\\\/\\\/sites.ac-nancy-metz.fr\\\/education-musicale\\\/chant-choral\\\/alcems\\\/concerts-alcems-2026\\\/#breadcrumb\"},\"inLanguage\":\"fr-FR\",\"potentialAction\":[{\"@type\":\"ReadAction\",\"target\":[\"https:\\\/\\\/sites.ac-nancy-metz.fr\\\/education-musicale\\\/chant-choral\\\/alcems\\\/concerts-alcems-2026\\\/\"]}]},{\"@type\":\"BreadcrumbList\",\"@id\":\"https:\\\/\\\/sites.ac-nancy-metz.fr\\\/education-musicale\\\/chant-choral\\\/alcems\\\/concerts-alcems-2026\\\/#breadcrumb\",\"itemListElement\":[{\"@type\":\"ListItem\",\"position\":1,\"name\":\"Accueil\",\"item\":\"https:\\\/\\\/sites.ac-nancy-metz.fr\\\/education-musicale\\\/chant-choral\\\/\"},{\"@type\":\"ListItem\",\"position\":2,\"name\":\"ALCEMS\",\"item\":\"https:\\\/\\\/sites.ac-nancy-metz.fr\\\/education-musicale\\\/chant-choral\\\/alcems\\\/\"},{\"@type\":\"ListItem\",\"position\":3,\"name\":\"Concerts ALCEMS 2026\"}]},{\"@type\":\"WebSite\",\"@id\":\"https:\\\/\\\/sites.ac-nancy-metz.fr\\\/education-musicale\\\/chant-choral\\\/#website\",\"url\":\"https:\\\/\\\/sites.ac-nancy-metz.fr\\\/education-musicale\\\/chant-choral\\\/\",\"name\":\"\u00c9ducation musicale et chant choral Acad\u00e9mie Nancy-Metz\",\"description\":\"Acad\u00e9mie de Nancy-Metz\",\"publisher\":{\"@id\":\"https:\\\/\\\/sites.ac-nancy-metz.fr\\\/education-musicale\\\/chant-choral\\\/#organization\"},\"potentialAction\":[{\"@type\":\"SearchAction\",\"target\":{\"@type\":\"EntryPoint\",\"urlTemplate\":\"https:\\\/\\\/sites.ac-nancy-metz.fr\\\/education-musicale\\\/chant-choral\\\/?s={search_term_string}\"},\"query-input\":{\"@type\":\"PropertyValueSpecification\",\"valueRequired\":true,\"valueName\":\"search_term_string\"}}],\"inLanguage\":\"fr-FR\"},{\"@type\":\"Organization\",\"@id\":\"https:\\\/\\\/sites.ac-nancy-metz.fr\\\/education-musicale\\\/chant-choral\\\/#organization\",\"name\":\"\u00c9ducation musicale et chant choral Acad\u00e9mie Nancy-Metz\",\"url\":\"https:\\\/\\\/sites.ac-nancy-metz.fr\\\/education-musicale\\\/chant-choral\\\/\",\"logo\":{\"@type\":\"ImageObject\",\"inLanguage\":\"fr-FR\",\"@id\":\"https:\\\/\\\/sites.ac-nancy-metz.fr\\\/education-musicale\\\/chant-choral\\\/#\\\/schema\\\/logo\\\/image\\\/\",\"url\":\"https:\\\/\\\/sites.ac-nancy-metz.fr\\\/education-musicale\\\/chant-choral\\\/wp-content\\\/uploads\\\/2023\\\/12\\\/cropped-cropped-Banniere-site.png\",\"contentUrl\":\"https:\\\/\\\/sites.ac-nancy-metz.fr\\\/education-musicale\\\/chant-choral\\\/wp-content\\\/uploads\\\/2023\\\/12\\\/cropped-cropped-Banniere-site.png\",\"width\":3146,\"height\":601,\"caption\":\"\u00c9ducation musicale et chant choral Acad\u00e9mie Nancy-Metz\"},\"image\":{\"@id\":\"https:\\\/\\\/sites.ac-nancy-metz.fr\\\/education-musicale\\\/chant-choral\\\/#\\\/schema\\\/logo\\\/image\\\/\"}}]}<\/script>\n<!-- \/ Yoast SEO plugin. -->","yoast_head_json":{"title":"Concerts ALCEMS 2026 - Education musicale et chant choral","robots":{"index":"index","follow":"follow","max-snippet":"max-snippet:-1","max-image-preview":"max-image-preview:large","max-video-preview":"max-video-preview:-1"},"canonical":"https:\/\/sites.ac-nancy-metz.fr\/education-musicale\/chant-choral\/alcems\/concerts-alcems-2026\/","og_locale":"fr_FR","og_type":"article","og_title":"Concerts ALCEMS 2026 - Education musicale et chant choral","og_description":"Concerts ALCEMS 2026 Retrouvez ci-dessous la liste des concerts 2026 (Les horaires suppos\u00e9s: 20h00 (\u00e0 v\u00e9rifier pour chaque concert)). Acc\u00e8s rapide : Meurthe-et-Moselle \u00b7 Moselle \u00b7 Vosges Meurthe-et-Moselle 1 avril 2026 \u2014 Nancy \u2014 \u00ab Mille chemins (Musiques du monde) \u00bb Grand salon de l&rsquo;H\u00f4tel de ville, Place Stanislas 54000 \u2014 Nancy Coordinateur ALCEMS groupe [&hellip;]","og_url":"https:\/\/sites.ac-nancy-metz.fr\/education-musicale\/chant-choral\/alcems\/concerts-alcems-2026\/","og_site_name":"Education musicale et chant choral","article_modified_time":"2026-02-08T14:10:09+00:00","og_image":[{"width":225,"height":96,"url":"https:\/\/sites.ac-nancy-metz.fr\/education-musicale\/chant-choral\/wp-content\/uploads\/2023\/05\/cropped-Logo2023.png","type":"image\/png"}],"twitter_card":"summary_large_image","twitter_misc":{"Dur\u00e9e de lecture estim\u00e9e":"3 minutes"},"schema":{"@context":"https:\/\/schema.org","@graph":[{"@type":"WebPage","@id":"https:\/\/sites.ac-nancy-metz.fr\/education-musicale\/chant-choral\/alcems\/concerts-alcems-2026\/","url":"https:\/\/sites.ac-nancy-metz.fr\/education-musicale\/chant-choral\/alcems\/concerts-alcems-2026\/","name":"Concerts ALCEMS 2026 - Education musicale et chant choral","isPartOf":{"@id":"https:\/\/sites.ac-nancy-metz.fr\/education-musicale\/chant-choral\/#website"},"datePublished":"2026-02-08T14:08:43+00:00","dateModified":"2026-02-08T14:10:09+00:00","breadcrumb":{"@id":"https:\/\/sites.ac-nancy-metz.fr\/education-musicale\/chant-choral\/alcems\/concerts-alcems-2026\/#breadcrumb"},"inLanguage":"fr-FR","potentialAction":[{"@type":"ReadAction","target":["https:\/\/sites.ac-nancy-metz.fr\/education-musicale\/chant-choral\/alcems\/concerts-alcems-2026\/"]}]},{"@type":"BreadcrumbList","@id":"https:\/\/sites.ac-nancy-metz.fr\/education-musicale\/chant-choral\/alcems\/concerts-alcems-2026\/#breadcrumb","itemListElement":[{"@type":"ListItem","position":1,"name":"Accueil","item":"https:\/\/sites.ac-nancy-metz.fr\/education-musicale\/chant-choral\/"},{"@type":"ListItem","position":2,"name":"ALCEMS","item":"https:\/\/sites.ac-nancy-metz.fr\/education-musicale\/chant-choral\/alcems\/"},{"@type":"ListItem","position":3,"name":"Concerts ALCEMS 2026"}]},{"@type":"WebSite","@id":"https:\/\/sites.ac-nancy-metz.fr\/education-musicale\/chant-choral\/#website","url":"https:\/\/sites.ac-nancy-metz.fr\/education-musicale\/chant-choral\/","name":"\u00c9ducation musicale et chant choral Acad\u00e9mie Nancy-Metz","description":"Acad\u00e9mie de Nancy-Metz","publisher":{"@id":"https:\/\/sites.ac-nancy-metz.fr\/education-musicale\/chant-choral\/#organization"},"potentialAction":[{"@type":"SearchAction","target":{"@type":"EntryPoint","urlTemplate":"https:\/\/sites.ac-nancy-metz.fr\/education-musicale\/chant-choral\/?s={search_term_string}"},"query-input":{"@type":"PropertyValueSpecification","valueRequired":true,"valueName":"search_term_string"}}],"inLanguage":"fr-FR"},{"@type":"Organization","@id":"https:\/\/sites.ac-nancy-metz.fr\/education-musicale\/chant-choral\/#organization","name":"\u00c9ducation musicale et chant choral Acad\u00e9mie Nancy-Metz","url":"https:\/\/sites.ac-nancy-metz.fr\/education-musicale\/chant-choral\/","logo":{"@type":"ImageObject","inLanguage":"fr-FR","@id":"https:\/\/sites.ac-nancy-metz.fr\/education-musicale\/chant-choral\/#\/schema\/logo\/image\/","url":"https:\/\/sites.ac-nancy-metz.fr\/education-musicale\/chant-choral\/wp-content\/uploads\/2023\/12\/cropped-cropped-Banniere-site.png","contentUrl":"https:\/\/sites.ac-nancy-metz.fr\/education-musicale\/chant-choral\/wp-content\/uploads\/2023\/12\/cropped-cropped-Banniere-site.png","width":3146,"height":601,"caption":"\u00c9ducation musicale et chant choral Acad\u00e9mie Nancy-Metz"},"image":{"@id":"https:\/\/sites.ac-nancy-metz.fr\/education-musicale\/chant-choral\/#\/schema\/logo\/image\/"}}]}},"_links":{"self":[{"href":"https:\/\/sites.ac-nancy-metz.fr\/education-musicale\/chant-choral\/wp-json\/wp\/v2\/pages\/3520","targetHints":{"allow":["GET"]}}],"collection":[{"href":"https:\/\/sites.ac-nancy-metz.fr\/education-musicale\/chant-choral\/wp-json\/wp\/v2\/pages"}],"about":[{"href":"https:\/\/sites.ac-nancy-metz.fr\/education-musicale\/chant-choral\/wp-json\/wp\/v2\/types\/page"}],"author":[{"embeddable":true,"href":"https:\/\/sites.ac-nancy-metz.fr\/education-musicale\/chant-choral\/wp-json\/wp\/v2\/users\/4"}],"replies":[{"embeddable":true,"href":"https:\/\/sites.ac-nancy-metz.fr\/education-musicale\/chant-choral\/wp-json\/wp\/v2\/comments?post=3520"}],"version-history":[{"count":11,"href":"https:\/\/sites.ac-nancy-metz.fr\/education-musicale\/chant-choral\/wp-json\/wp\/v2\/pages\/3520\/revisions"}],"predecessor-version":[{"id":3531,"href":"https:\/\/sites.ac-nancy-metz.fr\/education-musicale\/chant-choral\/wp-json\/wp\/v2\/pages\/3520\/revisions\/3531"}],"up":[{"embeddable":true,"href":"https:\/\/sites.ac-nancy-metz.fr\/education-musicale\/chant-choral\/wp-json\/wp\/v2\/pages\/771"}],"wp:attachment":[{"href":"https:\/\/sites.ac-nancy-metz.fr\/education-musicale\/chant-choral\/wp-json\/wp\/v2\/media?parent=3520"}],"curies":[{"name":"wp","href":"https:\/\/api.w.org\/{rel}","templated":true}]}}