{"id":885,"date":"2019-03-02T20:01:50","date_gmt":"2019-03-02T19:01:50","guid":{"rendered":"\/education-musicale\/chant-choral\/?page_id=885"},"modified":"2024-09-17T23:01:06","modified_gmt":"2024-09-17T21:01:06","slug":"personnes-ressources","status":"publish","type":"page","link":"https:\/\/sites.ac-nancy-metz.fr\/education-musicale\/chant-choral\/personnes-ressources\/","title":{"rendered":"Personnes Ressources"},"content":{"rendered":"<h3>Personnes ressources<\/h3>\n<p>&nbsp;<\/p>\n<p><a href=\"#Missions\"><strong>Charg\u00e9s de mission<\/strong><\/a><br \/>\n<a href=\"#Formateurs\"><strong>Professeurs Formateurs Acad\u00e9miques<\/strong><\/a><br \/>\n<a href=\"#Numerique\"><strong>Accompagnateurs au num\u00e9rique<\/strong><\/a> \/ <a href=\"#Webmaster\"><strong>Webmestre<\/strong><\/a><br \/>\n<a href=\"#Canope\"><strong>R\u00e9f\u00e9rents CANOPE<\/strong><\/a><br \/>\n<a href=\"#conseillersecole\"><strong>Conseillers p\u00e9dagogiques d\u00e9partementaux en \u00c9ducation musicale (1<sup>er<\/sup> degr\u00e9)<\/strong><\/a><\/p>\n<hr \/>\n<p><a id=\"Missions\"><\/a><strong>Charg\u00e9s de mission d&rsquo;inspection<\/strong><\/p>\n<p><u>Marie OBERLE<\/u> <span class=\"texte\">Coll\u00e8ge Embanie, DOMBASLES-SUR-MEURTHE<\/span><br \/>\nCourriel : <a href=\"mailto:Marie-Eve.Le-Masle@ac-nancy-metz.fr\">Marie-Eve.Le-Masle@ac-nancy-metz.fr<\/a><br \/>\n<u>Emmanuel TROMBOWSKY<\/u> <span class=\"texte\">Lyc\u00e9e Fabert, METZ<\/span><br \/>\nCourriel : <a href=\"mailto:Emmanuel.Trombowsky@ac-nancy-metz.fr\">Emmanuel.Trombowsky@ac-nancy-metz.fr<\/a><\/p>\n<p><strong>Charg\u00e9e de mission d&rsquo;inspection pour les chorales<\/strong><\/p>\n<p><u>Fr\u00e9d\u00e9rique MATHURIN<\/u> <span class=\"texte\">Coll\u00e8ge Jules Ferry, BRIEY et coll\u00e8ge Louis Aragon, JARNY<\/span><br \/>\nCourriel : <a href=\"mailto:frederique.mathurin@ac-nancy-metz.fr\">frederique.mathurin@ac-nancy-metz.fr<\/a><\/p>\n<p><strong>Charg\u00e9 de mission pour l&rsquo;ALCEMS<\/strong><\/p>\n<p><u>Sylvain PARIS<\/u> Coll\u00e8ge Charles Peguy, CATTENOM<br \/>\nCourriel : <a href=\"mailto:Sylvain-Etienne.Paris@ac-nancy-metz.fr\">Sylvain-Etienne.Paris@ac-nancy-metz.fr<\/a><\/p>\n<p><strong>Charg\u00e9e de mission en service \u00e9ducatif<\/strong><\/p>\n<p>Op\u00e9ra National de Lorraine<br \/>\n<u>Pierre-Emmanuel KUNTZ<\/u> Coll\u00e8ge Alfred M\u00e9zi\u00e8res, NANCY<br \/>\nCourriel : <a href=\"mailto:Pierre-Emmanuel.Kuntz@ac-nancy-metz.fr\">Pierre-Emmanuel.Kuntz@ac-nancy-metz.fr<\/a><\/p>\n<hr \/>\n<p><a id=\"Formateurs\"><\/a><strong>Professeurs Formateurs Acad\u00e9miques<\/strong><\/p>\n<p><u>Marie OBERLE<\/u> <span class=\"texte\">Coll\u00e8ge Embanie, DOMBASLES-SUR-MEURTHE<\/span><br \/>\nCourriel : <a href=\"mailto:Marie-Eve.Le-Masle@ac-nancy-metz.fr\">Marie-Eve.Le-Masle@ac-nancy-metz.fr<\/a><br \/>\n<u>Gautier ADAM<\/u> <span class=\"texte\">Coll\u00e8ge Callot, VANDOEUVRE<\/span><br \/>\nCourriel : <a href=\"mailto:Gautier.Adam@ac-nancy-metz.fr\">Gautier.Adam@ac-nancy-metz.fr<\/a><\/p>\n<hr \/>\n<p><strong><a id=\"Numerique\"><\/a>Interlocutrice Acad\u00e9mique pour le Num\u00e9rique (IAN)<\/strong><\/p>\n<p><u>G\u00e9raldine ROSSIGNOL<\/u>\u00a0Coll\u00e8ge <span class=\"texte\">La Craffe, NANCY<\/span><br \/>\nCourriel : <a href=\"mailto:Geraldine.Rossignol@ac-nancy-metz.fr\">geradine.rossignol@ac-nancy-metz.fr<\/a><\/p>\n<hr \/>\n<p><strong>Correspondante Formation Continue EMCC<\/strong><\/p>\n<p><u>St\u00e9phanie REVOLON<\/u><br \/>\nCourriel : <a href=\"mailto:stephanie.revolon@ac-nancy-metz.fr\">stephanie.revolon@ac-nancy-metz.fr<\/a><\/p>\n<hr \/>\n<p><strong><a id=\"conseillersecole\"><\/a>Conseillers p\u00e9dagogiques d\u00e9partementaux en \u00c9ducation musicale (1<sup>er<\/sup> degr\u00e9)<\/strong><\/p>\n<p><em>54<\/em> : <u>Anne MANGEOT<\/u><br \/>\nCourriel : <a href=\"mailto:Anne.Mangeot@ac-nancy-metz.fr\">Anne.Mangeot@ac-nancy-metz.fr<\/a><br \/>\n<em>55<\/em> : <u>Emeline COLARDELLE<\/u><br \/>\nCourriel : <a href=\"mailto:Emeline.Colardelle@ac-nancy-metz.fr\">Emeline.Colardelle@ac-nancy-metz.fr<\/a><br \/>\n<em>57<\/em>: <u>Elisabeth BOCK<\/u><br \/>\nCourriel : <a href=\"mailto:Elisabeth.Bock@gmail.com\">Elisabeth.Bock@gmail.com<\/a><br \/>\n<u>Aur\u00e9lien MEYER<\/u><br \/>\nCourriel : <a href=\"mailto:Aurelien.Meyer@ac-nancy-metz.fr\">Aurelien.Meyer@ac-nancy-metz.fr<\/a><br \/>\n<u>Aur\u00e9lien ROBINET<\/u><br \/>\nCourriel : <a href=\"mailto:Aurelien.Robinet@gmail.com\">Aurelien.Robinet@gmail.com<\/a><br \/>\n<em>88<\/em> : <u>Philippe BONNARD<\/u><br \/>\nCourriel : <a href=\"mailto:Philippe.Bonnard@ac-nancy-metz.fr\">Philippe.Bonnard@ac-nancy-metz.fr<\/a><\/p>\n<p>&nbsp;<\/p>\n","protected":false},"excerpt":{"rendered":"<p>Personnes ressources &nbsp; Charg\u00e9s de mission Professeurs Formateurs Acad\u00e9miques Accompagnateurs au num\u00e9rique \/ Webmestre R\u00e9f\u00e9rents CANOPE Conseillers p\u00e9dagogiques d\u00e9partementaux en \u00c9ducation musicale (1er degr\u00e9) Charg\u00e9s de mission d&rsquo;inspection Marie OBERLE Coll\u00e8ge Embanie, DOMBASLES-SUR-MEURTHE Courriel : Marie-Eve.Le-Masle@ac-nancy-metz.fr Emmanuel TROMBOWSKY Lyc\u00e9e Fabert, METZ Courriel : Emmanuel.Trombowsky@ac-nancy-metz.fr Charg\u00e9e de mission d&rsquo;inspection pour les chorales Fr\u00e9d\u00e9rique MATHURIN Coll\u00e8ge Jules [&hellip;]<\/p>\n","protected":false},"author":1,"featured_media":0,"parent":0,"menu_order":0,"comment_status":"closed","ping_status":"closed","template":"","meta":{"footnotes":""},"class_list":["post-885","page","type-page","status-publish","hentry"],"yoast_head":"<!-- This site is optimized with the Yoast SEO plugin v27.3 - https:\/\/yoast.com\/product\/yoast-seo-wordpress\/ -->\n<title>Personnes Ressources - Education musicale et chant choral<\/title>\n<meta name=\"robots\" content=\"index, follow, max-snippet:-1, max-image-preview:large, max-video-preview:-1\" \/>\n<link rel=\"canonical\" href=\"https:\/\/sites.ac-nancy-metz.fr\/education-musicale\/chant-choral\/personnes-ressources\/\" \/>\n<meta property=\"og:locale\" content=\"fr_FR\" \/>\n<meta property=\"og:type\" content=\"article\" \/>\n<meta property=\"og:title\" content=\"Personnes Ressources - Education musicale et chant choral\" \/>\n<meta property=\"og:description\" content=\"Personnes ressources &nbsp; Charg\u00e9s de mission Professeurs Formateurs Acad\u00e9miques Accompagnateurs au num\u00e9rique \/ Webmestre R\u00e9f\u00e9rents CANOPE Conseillers p\u00e9dagogiques d\u00e9partementaux en \u00c9ducation musicale (1er degr\u00e9) Charg\u00e9s de mission d&rsquo;inspection Marie OBERLE Coll\u00e8ge Embanie, DOMBASLES-SUR-MEURTHE Courriel : Marie-Eve.Le-Masle@ac-nancy-metz.fr Emmanuel TROMBOWSKY Lyc\u00e9e Fabert, METZ Courriel : Emmanuel.Trombowsky@ac-nancy-metz.fr Charg\u00e9e de mission d&rsquo;inspection pour les chorales Fr\u00e9d\u00e9rique MATHURIN Coll\u00e8ge Jules [&hellip;]\" \/>\n<meta property=\"og:url\" content=\"https:\/\/sites.ac-nancy-metz.fr\/education-musicale\/chant-choral\/personnes-ressources\/\" \/>\n<meta property=\"og:site_name\" content=\"Education musicale et chant choral\" \/>\n<meta property=\"article:modified_time\" content=\"2024-09-17T21:01:06+00:00\" \/>\n<meta property=\"og:image\" content=\"https:\/\/sites.ac-nancy-metz.fr\/education-musicale\/chant-choral\/wp-content\/uploads\/2023\/05\/cropped-Logo2023.png\" \/>\n\t<meta property=\"og:image:width\" content=\"225\" \/>\n\t<meta property=\"og:image:height\" content=\"96\" \/>\n\t<meta property=\"og:image:type\" content=\"image\/png\" \/>\n<meta name=\"twitter:card\" content=\"summary_large_image\" \/>\n<meta name=\"twitter:label1\" content=\"Dur\u00e9e de lecture estim\u00e9e\" \/>\n\t<meta name=\"twitter:data1\" content=\"1 minute\" \/>\n<script type=\"application\/ld+json\" class=\"yoast-schema-graph\">{\"@context\":\"https:\\\/\\\/schema.org\",\"@graph\":[{\"@type\":\"WebPage\",\"@id\":\"https:\\\/\\\/sites.ac-nancy-metz.fr\\\/education-musicale\\\/chant-choral\\\/personnes-ressources\\\/\",\"url\":\"https:\\\/\\\/sites.ac-nancy-metz.fr\\\/education-musicale\\\/chant-choral\\\/personnes-ressources\\\/\",\"name\":\"Personnes Ressources - Education musicale et chant choral\",\"isPartOf\":{\"@id\":\"https:\\\/\\\/sites.ac-nancy-metz.fr\\\/education-musicale\\\/chant-choral\\\/#website\"},\"datePublished\":\"2019-03-02T19:01:50+00:00\",\"dateModified\":\"2024-09-17T21:01:06+00:00\",\"breadcrumb\":{\"@id\":\"https:\\\/\\\/sites.ac-nancy-metz.fr\\\/education-musicale\\\/chant-choral\\\/personnes-ressources\\\/#breadcrumb\"},\"inLanguage\":\"fr-FR\",\"potentialAction\":[{\"@type\":\"ReadAction\",\"target\":[\"https:\\\/\\\/sites.ac-nancy-metz.fr\\\/education-musicale\\\/chant-choral\\\/personnes-ressources\\\/\"]}]},{\"@type\":\"BreadcrumbList\",\"@id\":\"https:\\\/\\\/sites.ac-nancy-metz.fr\\\/education-musicale\\\/chant-choral\\\/personnes-ressources\\\/#breadcrumb\",\"itemListElement\":[{\"@type\":\"ListItem\",\"position\":1,\"name\":\"Accueil\",\"item\":\"https:\\\/\\\/sites.ac-nancy-metz.fr\\\/education-musicale\\\/chant-choral\\\/\"},{\"@type\":\"ListItem\",\"position\":2,\"name\":\"Personnes Ressources\"}]},{\"@type\":\"WebSite\",\"@id\":\"https:\\\/\\\/sites.ac-nancy-metz.fr\\\/education-musicale\\\/chant-choral\\\/#website\",\"url\":\"https:\\\/\\\/sites.ac-nancy-metz.fr\\\/education-musicale\\\/chant-choral\\\/\",\"name\":\"\u00c9ducation musicale et chant choral Acad\u00e9mie Nancy-Metz\",\"description\":\"Acad\u00e9mie de Nancy-Metz\",\"publisher\":{\"@id\":\"https:\\\/\\\/sites.ac-nancy-metz.fr\\\/education-musicale\\\/chant-choral\\\/#organization\"},\"potentialAction\":[{\"@type\":\"SearchAction\",\"target\":{\"@type\":\"EntryPoint\",\"urlTemplate\":\"https:\\\/\\\/sites.ac-nancy-metz.fr\\\/education-musicale\\\/chant-choral\\\/?s={search_term_string}\"},\"query-input\":{\"@type\":\"PropertyValueSpecification\",\"valueRequired\":true,\"valueName\":\"search_term_string\"}}],\"inLanguage\":\"fr-FR\"},{\"@type\":\"Organization\",\"@id\":\"https:\\\/\\\/sites.ac-nancy-metz.fr\\\/education-musicale\\\/chant-choral\\\/#organization\",\"name\":\"\u00c9ducation musicale et chant choral Acad\u00e9mie Nancy-Metz\",\"url\":\"https:\\\/\\\/sites.ac-nancy-metz.fr\\\/education-musicale\\\/chant-choral\\\/\",\"logo\":{\"@type\":\"ImageObject\",\"inLanguage\":\"fr-FR\",\"@id\":\"https:\\\/\\\/sites.ac-nancy-metz.fr\\\/education-musicale\\\/chant-choral\\\/#\\\/schema\\\/logo\\\/image\\\/\",\"url\":\"https:\\\/\\\/sites.ac-nancy-metz.fr\\\/education-musicale\\\/chant-choral\\\/wp-content\\\/uploads\\\/2023\\\/12\\\/cropped-cropped-Banniere-site.png\",\"contentUrl\":\"https:\\\/\\\/sites.ac-nancy-metz.fr\\\/education-musicale\\\/chant-choral\\\/wp-content\\\/uploads\\\/2023\\\/12\\\/cropped-cropped-Banniere-site.png\",\"width\":3146,\"height\":601,\"caption\":\"\u00c9ducation musicale et chant choral Acad\u00e9mie Nancy-Metz\"},\"image\":{\"@id\":\"https:\\\/\\\/sites.ac-nancy-metz.fr\\\/education-musicale\\\/chant-choral\\\/#\\\/schema\\\/logo\\\/image\\\/\"}}]}<\/script>\n<!-- \/ Yoast SEO plugin. -->","yoast_head_json":{"title":"Personnes Ressources - Education musicale et chant choral","robots":{"index":"index","follow":"follow","max-snippet":"max-snippet:-1","max-image-preview":"max-image-preview:large","max-video-preview":"max-video-preview:-1"},"canonical":"https:\/\/sites.ac-nancy-metz.fr\/education-musicale\/chant-choral\/personnes-ressources\/","og_locale":"fr_FR","og_type":"article","og_title":"Personnes Ressources - Education musicale et chant choral","og_description":"Personnes ressources &nbsp; Charg\u00e9s de mission Professeurs Formateurs Acad\u00e9miques Accompagnateurs au num\u00e9rique \/ Webmestre R\u00e9f\u00e9rents CANOPE Conseillers p\u00e9dagogiques d\u00e9partementaux en \u00c9ducation musicale (1er degr\u00e9) Charg\u00e9s de mission d&rsquo;inspection Marie OBERLE Coll\u00e8ge Embanie, DOMBASLES-SUR-MEURTHE Courriel : Marie-Eve.Le-Masle@ac-nancy-metz.fr Emmanuel TROMBOWSKY Lyc\u00e9e Fabert, METZ Courriel : Emmanuel.Trombowsky@ac-nancy-metz.fr Charg\u00e9e de mission d&rsquo;inspection pour les chorales Fr\u00e9d\u00e9rique MATHURIN Coll\u00e8ge Jules [&hellip;]","og_url":"https:\/\/sites.ac-nancy-metz.fr\/education-musicale\/chant-choral\/personnes-ressources\/","og_site_name":"Education musicale et chant choral","article_modified_time":"2024-09-17T21:01:06+00:00","og_image":[{"width":225,"height":96,"url":"https:\/\/sites.ac-nancy-metz.fr\/education-musicale\/chant-choral\/wp-content\/uploads\/2023\/05\/cropped-Logo2023.png","type":"image\/png"}],"twitter_card":"summary_large_image","twitter_misc":{"Dur\u00e9e de lecture estim\u00e9e":"1 minute"},"schema":{"@context":"https:\/\/schema.org","@graph":[{"@type":"WebPage","@id":"https:\/\/sites.ac-nancy-metz.fr\/education-musicale\/chant-choral\/personnes-ressources\/","url":"https:\/\/sites.ac-nancy-metz.fr\/education-musicale\/chant-choral\/personnes-ressources\/","name":"Personnes Ressources - Education musicale et chant choral","isPartOf":{"@id":"https:\/\/sites.ac-nancy-metz.fr\/education-musicale\/chant-choral\/#website"},"datePublished":"2019-03-02T19:01:50+00:00","dateModified":"2024-09-17T21:01:06+00:00","breadcrumb":{"@id":"https:\/\/sites.ac-nancy-metz.fr\/education-musicale\/chant-choral\/personnes-ressources\/#breadcrumb"},"inLanguage":"fr-FR","potentialAction":[{"@type":"ReadAction","target":["https:\/\/sites.ac-nancy-metz.fr\/education-musicale\/chant-choral\/personnes-ressources\/"]}]},{"@type":"BreadcrumbList","@id":"https:\/\/sites.ac-nancy-metz.fr\/education-musicale\/chant-choral\/personnes-ressources\/#breadcrumb","itemListElement":[{"@type":"ListItem","position":1,"name":"Accueil","item":"https:\/\/sites.ac-nancy-metz.fr\/education-musicale\/chant-choral\/"},{"@type":"ListItem","position":2,"name":"Personnes Ressources"}]},{"@type":"WebSite","@id":"https:\/\/sites.ac-nancy-metz.fr\/education-musicale\/chant-choral\/#website","url":"https:\/\/sites.ac-nancy-metz.fr\/education-musicale\/chant-choral\/","name":"\u00c9ducation musicale et chant choral Acad\u00e9mie Nancy-Metz","description":"Acad\u00e9mie de Nancy-Metz","publisher":{"@id":"https:\/\/sites.ac-nancy-metz.fr\/education-musicale\/chant-choral\/#organization"},"potentialAction":[{"@type":"SearchAction","target":{"@type":"EntryPoint","urlTemplate":"https:\/\/sites.ac-nancy-metz.fr\/education-musicale\/chant-choral\/?s={search_term_string}"},"query-input":{"@type":"PropertyValueSpecification","valueRequired":true,"valueName":"search_term_string"}}],"inLanguage":"fr-FR"},{"@type":"Organization","@id":"https:\/\/sites.ac-nancy-metz.fr\/education-musicale\/chant-choral\/#organization","name":"\u00c9ducation musicale et chant choral Acad\u00e9mie Nancy-Metz","url":"https:\/\/sites.ac-nancy-metz.fr\/education-musicale\/chant-choral\/","logo":{"@type":"ImageObject","inLanguage":"fr-FR","@id":"https:\/\/sites.ac-nancy-metz.fr\/education-musicale\/chant-choral\/#\/schema\/logo\/image\/","url":"https:\/\/sites.ac-nancy-metz.fr\/education-musicale\/chant-choral\/wp-content\/uploads\/2023\/12\/cropped-cropped-Banniere-site.png","contentUrl":"https:\/\/sites.ac-nancy-metz.fr\/education-musicale\/chant-choral\/wp-content\/uploads\/2023\/12\/cropped-cropped-Banniere-site.png","width":3146,"height":601,"caption":"\u00c9ducation musicale et chant choral Acad\u00e9mie Nancy-Metz"},"image":{"@id":"https:\/\/sites.ac-nancy-metz.fr\/education-musicale\/chant-choral\/#\/schema\/logo\/image\/"}}]}},"_links":{"self":[{"href":"https:\/\/sites.ac-nancy-metz.fr\/education-musicale\/chant-choral\/wp-json\/wp\/v2\/pages\/885","targetHints":{"allow":["GET"]}}],"collection":[{"href":"https:\/\/sites.ac-nancy-metz.fr\/education-musicale\/chant-choral\/wp-json\/wp\/v2\/pages"}],"about":[{"href":"https:\/\/sites.ac-nancy-metz.fr\/education-musicale\/chant-choral\/wp-json\/wp\/v2\/types\/page"}],"author":[{"embeddable":true,"href":"https:\/\/sites.ac-nancy-metz.fr\/education-musicale\/chant-choral\/wp-json\/wp\/v2\/users\/1"}],"replies":[{"embeddable":true,"href":"https:\/\/sites.ac-nancy-metz.fr\/education-musicale\/chant-choral\/wp-json\/wp\/v2\/comments?post=885"}],"version-history":[{"count":10,"href":"https:\/\/sites.ac-nancy-metz.fr\/education-musicale\/chant-choral\/wp-json\/wp\/v2\/pages\/885\/revisions"}],"predecessor-version":[{"id":3238,"href":"https:\/\/sites.ac-nancy-metz.fr\/education-musicale\/chant-choral\/wp-json\/wp\/v2\/pages\/885\/revisions\/3238"}],"wp:attachment":[{"href":"https:\/\/sites.ac-nancy-metz.fr\/education-musicale\/chant-choral\/wp-json\/wp\/v2\/media?parent=885"}],"curies":[{"name":"wp","href":"https:\/\/api.w.org\/{rel}","templated":true}]}}