{"id":1017,"date":"2026-04-29T08:08:09","date_gmt":"2026-04-29T06:08:09","guid":{"rendered":"https:\/\/sites.ac-nancy-metz.fr\/histoire-des-arts\/?post_type=tribe_events&#038;p=1017"},"modified":"2026-04-29T08:10:19","modified_gmt":"2026-04-29T06:10:19","slug":"lancement-de-saison-2026-2027-au-centre-pompidou-metz","status":"publish","type":"tribe_events","link":"https:\/\/sites.ac-nancy-metz.fr\/histoire-des-arts\/event\/lancement-de-saison-2026-2027-au-centre-pompidou-metz\/","title":{"rendered":"Lancement de saison 2026\/2027 au Centre Pompidou-Metz"},"content":{"rendered":"<p><strong>LANCEMENT DE SAISON 2026\/2027<\/strong><\/p>\n<p><strong>Mercredi 3 juin 2026 \u00e0 18h30 au Centre Pompidou-Metz<\/strong><\/p>\n<p>Tout savoir sur la programmation \u00e0 venir ! Un lancement de saison est pr\u00e9vu le mercredi 3 juin 2026 \u00e0<br \/>\n18h30 dans l\u2019Auditorium Wendel du Centre Pompidou-Metz. Ce sera l\u2019occasion de d\u00e9couvrir la<br \/>\nprogrammation 2026\/2027 et de pr\u00e9senter les projets d\u2019\u00e9ducation artistique et culturelle \u00e0 venir.<br \/>\nUne collation sera pr\u00e9vue en fin de s\u00e9ance pour \u00e9changer, discuter, faire connaissance.<br \/>\nPour s\u2019inscrire : envoyer un mail \u00e0 Anne Oster, charg\u00e9e des actions \u00e9ducatives et de m\u00e9diation en<br \/>\npr\u00e9cisant le nom de votre \u00e9tablissement et votre niveau de classe : anne.oster@centrepompidou-metz.fr<\/p>\n<p>&nbsp;<\/p>\n","protected":false},"excerpt":{"rendered":"<p>LANCEMENT DE SAISON 2026\/2027 Mercredi 3 juin 2026 \u00e0 18h30 au Centre Pompidou-Metz Tout savoir sur la programmation \u00e0 venir ! Un lancement de saison est pr\u00e9vu le mercredi 3 [&hellip;]<\/p>\n","protected":false},"author":2,"featured_media":380,"template":"","meta":{"_tribe_events_status":"","_tribe_events_status_reason":"","footnotes":""},"tags":[],"tribe_events_cat":[],"class_list":["post-1017","tribe_events","type-tribe_events","status-publish","has-post-thumbnail","hentry"],"_links":{"self":[{"href":"https:\/\/sites.ac-nancy-metz.fr\/histoire-des-arts\/wp-json\/wp\/v2\/tribe_events\/1017","targetHints":{"allow":["GET"]}}],"collection":[{"href":"https:\/\/sites.ac-nancy-metz.fr\/histoire-des-arts\/wp-json\/wp\/v2\/tribe_events"}],"about":[{"href":"https:\/\/sites.ac-nancy-metz.fr\/histoire-des-arts\/wp-json\/wp\/v2\/types\/tribe_events"}],"author":[{"embeddable":true,"href":"https:\/\/sites.ac-nancy-metz.fr\/histoire-des-arts\/wp-json\/wp\/v2\/users\/2"}],"version-history":[{"count":2,"href":"https:\/\/sites.ac-nancy-metz.fr\/histoire-des-arts\/wp-json\/wp\/v2\/tribe_events\/1017\/revisions"}],"predecessor-version":[{"id":1019,"href":"https:\/\/sites.ac-nancy-metz.fr\/histoire-des-arts\/wp-json\/wp\/v2\/tribe_events\/1017\/revisions\/1019"}],"wp:featuredmedia":[{"embeddable":true,"href":"https:\/\/sites.ac-nancy-metz.fr\/histoire-des-arts\/wp-json\/wp\/v2\/media\/380"}],"wp:attachment":[{"href":"https:\/\/sites.ac-nancy-metz.fr\/histoire-des-arts\/wp-json\/wp\/v2\/media?parent=1017"}],"wp:term":[{"taxonomy":"post_tag","embeddable":true,"href":"https:\/\/sites.ac-nancy-metz.fr\/histoire-des-arts\/wp-json\/wp\/v2\/tags?post=1017"},{"taxonomy":"tribe_events_cat","embeddable":true,"href":"https:\/\/sites.ac-nancy-metz.fr\/histoire-des-arts\/wp-json\/wp\/v2\/tribe_events_cat?post=1017"}],"curies":[{"name":"wp","href":"https:\/\/api.w.org\/{rel}","templated":true}]}}

<p><strong>LANCEMENT DE SAISON 2026/2027</strong></p>
<p><strong>Mercredi 3 juin 2026 à 18h30 au Centre Pompidou-Metz</strong></p>
<p>Tout savoir sur la programmation à venir ! Un lancement de saison est prévu le mercredi 3 juin 2026 à<br />
18h30 dans l’Auditorium Wendel du Centre Pompidou-Metz. Ce sera l’occasion de découvrir la<br />
programmation 2026/2027 et de présenter les projets d’éducation artistique et culturelle à venir.<br />
Une collation sera prévue en fin de séance pour échanger, discuter, faire connaissance.<br />
Pour s’inscrire : envoyer un mail à Anne Oster, chargée des actions éducatives et de médiation en<br />
précisant le nom de votre établissement et votre niveau de classe : anne.oster@centrepompidou-metz.fr</p>
<p>&nbsp;</p>

<p>LANCEMENT DE SAISON 2026/2027 Mercredi 3 juin 2026 à 18h30 au Centre Pompidou-Metz Tout savoir sur la programmation à venir ! Un lancement de saison est prévu le mercredi 3 [&hellip;]</p>
