{"id":102,"date":"2024-08-28T11:41:56","date_gmt":"2024-08-28T09:41:56","guid":{"rendered":"https:\/\/sites.ac-nancy-metz.fr\/histoiresdesarts-rombas\/?page_id=102"},"modified":"2024-12-09T22:09:00","modified_gmt":"2024-12-09T21:09:00","slug":"premiere-de-specialite","status":"publish","type":"page","link":"https:\/\/sites.ac-nancy-metz.fr\/histoiresdesarts-rombas\/premiere-de-specialite\/","title":{"rendered":"Premi\u00e8re de Sp\u00e9cialit\u00e9"},"content":{"rendered":"\n<p>Cet enseignement consiste en 4 heures de cours hebdomadaires par trois professeurs : Lettres, EPS, Histoire-G\u00e9ographie et des interventions ponctuelles par des enseignants ayant des comp\u00e9tences en musique, en th\u00e9\u00e2tre, en danse, en gravure notamment. L&rsquo;approche est donc riche puisqu&rsquo;elle mobilise une \u00e9quipe \u00e9largie d&rsquo;enseignants. <\/p>\n\n\n\n<div class=\"wp-block-media-text is-stacked-on-mobile\"><figure class=\"wp-block-media-text__media\"><img loading=\"lazy\" decoding=\"async\" width=\"637\" height=\"383\" src=\"https:\/\/sites.ac-nancy-metz.fr\/histoiresdesarts-rombas\/wp-content\/uploads\/2024\/08\/Guernica-enfant.jpg\" alt=\"\" class=\"wp-image-103 size-full\" srcset=\"https:\/\/sites.ac-nancy-metz.fr\/histoiresdesarts-rombas\/wp-content\/uploads\/2024\/08\/Guernica-enfant.jpg 637w, https:\/\/sites.ac-nancy-metz.fr\/histoiresdesarts-rombas\/wp-content\/uploads\/2024\/08\/Guernica-enfant-300x180.jpg 300w\" sizes=\"auto, (max-width: 637px) 100vw, 637px\" \/><\/figure><div class=\"wp-block-media-text__content\">\n<p>Une approche sensible des oeuvres puis apprendre \u00e0 regarder, poser des mots pour analyser et interpr\u00e9ter. <\/p>\n\n\n\n<p><\/p>\n\n\n\n<p>Enfant devant<em> Guernica<\/em>, Picasso, 1936, Mus\u00e9e de la reine Sofia, Madrid.<\/p>\n\n\n\n<p><\/p>\n<\/div><\/div>\n\n\n\n<div class=\"wp-block-buttons is-layout-flex wp-block-buttons-is-layout-flex\">\n<div class=\"wp-block-button\"><a class=\"wp-block-button__link wp-element-button\">En savoir plus<\/a><\/div>\n<\/div>\n\n\n\n<details class=\"wp-block-details is-layout-flow wp-block-details-is-layout-flow\"><summary>Un programme qui s&rsquo;articule autour de 6 th\u00e8mes <\/summary>\n<p>Cette composante du programme de Premi\u00e8re est organis\u00e9e en six th\u00e8mes, trait\u00e9s<br>s\u00e9par\u00e9ment, permettant d\u2019explorer les grandes questions li\u00e9es \u00e0 la cr\u00e9ation artistique :<br>I. les mati\u00e8res, les techniques et les formes : production et reproduction des \u0153uvres<br>uniques ou multiples <br>II. l\u2019artiste : le cr\u00e9ateur, individuel, collectif ou anonyme <br>III. les lieux de l\u2019art : mus\u00e9es, institutions, \u00e9v\u00e9nements ; leur histoire, leur organisation,<br>leurs limites, etc. <br>IV. la r\u00e9ception de l&rsquo;art : commanditaires, critiques, public, post\u00e9rit\u00e9 <br>V. la valeur \u00e9conomique de l\u2019art : le march\u00e9, l\u2019\u00e9conomie, leurs lieux et leurs acteurs <br>VI. la circulation des \u0153uvres et les \u00e9changes artistiques<\/p>\n\n\n\n<p><\/p>\n\n\n\n<p><\/p>\n<\/details>\n\n\n\n<p><a href=\"https:\/\/sites.ac-nancy-metz.fr\/histoiresdesarts-rombas\/2024\/12\/09\/atelier-photographie\/\" data-type=\"post\" data-id=\"190\">ATELIER PHOTOGRAPHIE au collodion humide<\/a><\/p>\n\n\n\n<p><\/p>\n\n\n\n<figure class=\"wp-block-image size-large is-resized\"><a href=\"https:\/\/sites.ac-nancy-metz.fr\/histoiresdesarts-rombas\/2024\/12\/09\/atelier-photographie\/\"><img loading=\"lazy\" decoding=\"async\" width=\"951\" height=\"1024\" src=\"https:\/\/sites.ac-nancy-metz.fr\/histoiresdesarts-rombas\/wp-content\/uploads\/2024\/12\/Atelier-Col-951x1024.jpg\" alt=\"\" class=\"wp-image-188\" style=\"width:133px;height:auto\" srcset=\"https:\/\/sites.ac-nancy-metz.fr\/histoiresdesarts-rombas\/wp-content\/uploads\/2024\/12\/Atelier-Col-951x1024.jpg 951w, https:\/\/sites.ac-nancy-metz.fr\/histoiresdesarts-rombas\/wp-content\/uploads\/2024\/12\/Atelier-Col-279x300.jpg 279w, https:\/\/sites.ac-nancy-metz.fr\/histoiresdesarts-rombas\/wp-content\/uploads\/2024\/12\/Atelier-Col-768x827.jpg 768w, https:\/\/sites.ac-nancy-metz.fr\/histoiresdesarts-rombas\/wp-content\/uploads\/2024\/12\/Atelier-Col-1427x1536.jpg 1427w, https:\/\/sites.ac-nancy-metz.fr\/histoiresdesarts-rombas\/wp-content\/uploads\/2024\/12\/Atelier-Col.jpg 1504w\" sizes=\"auto, (max-width: 951px) 100vw, 951px\" \/><\/a><\/figure>\n\n\n\n<p><\/p>\n","protected":false},"excerpt":{"rendered":"<p>Cet enseignement consiste en 4 heures de cours hebdomadaires par trois professeurs : Lettres, EPS, Histoire-G\u00e9ographie et des interventions ponctuelles<\/p>\n","protected":false},"author":1,"featured_media":0,"parent":0,"menu_order":0,"comment_status":"closed","ping_status":"closed","template":"","meta":{"footnotes":""},"class_list":["post-102","page","type-page","status-publish","hentry"],"_links":{"self":[{"href":"https:\/\/sites.ac-nancy-metz.fr\/histoiresdesarts-rombas\/wp-json\/wp\/v2\/pages\/102","targetHints":{"allow":["GET"]}}],"collection":[{"href":"https:\/\/sites.ac-nancy-metz.fr\/histoiresdesarts-rombas\/wp-json\/wp\/v2\/pages"}],"about":[{"href":"https:\/\/sites.ac-nancy-metz.fr\/histoiresdesarts-rombas\/wp-json\/wp\/v2\/types\/page"}],"author":[{"embeddable":true,"href":"https:\/\/sites.ac-nancy-metz.fr\/histoiresdesarts-rombas\/wp-json\/wp\/v2\/users\/1"}],"replies":[{"embeddable":true,"href":"https:\/\/sites.ac-nancy-metz.fr\/histoiresdesarts-rombas\/wp-json\/wp\/v2\/comments?post=102"}],"version-history":[{"count":6,"href":"https:\/\/sites.ac-nancy-metz.fr\/histoiresdesarts-rombas\/wp-json\/wp\/v2\/pages\/102\/revisions"}],"predecessor-version":[{"id":199,"href":"https:\/\/sites.ac-nancy-metz.fr\/histoiresdesarts-rombas\/wp-json\/wp\/v2\/pages\/102\/revisions\/199"}],"wp:attachment":[{"href":"https:\/\/sites.ac-nancy-metz.fr\/histoiresdesarts-rombas\/wp-json\/wp\/v2\/media?parent=102"}],"curies":[{"name":"wp","href":"https:\/\/api.w.org\/{rel}","templated":true}]}}