{"id":78,"date":"2024-08-27T11:36:05","date_gmt":"2024-08-27T09:36:05","guid":{"rendered":"https:\/\/sites.ac-nancy-metz.fr\/histoiresdesarts-rombas\/?page_id=78"},"modified":"2025-02-04T22:13:39","modified_gmt":"2025-02-04T21:13:39","slug":"projets","status":"publish","type":"page","link":"https:\/\/sites.ac-nancy-metz.fr\/histoiresdesarts-rombas\/projets\/","title":{"rendered":"PROJETS"},"content":{"rendered":"\n<p><\/p>\n\n\n\n<div class=\"wp-block-media-text is-stacked-on-mobile\"><figure class=\"wp-block-media-text__media\"><img loading=\"lazy\" decoding=\"async\" width=\"718\" height=\"402\" src=\"https:\/\/sites.ac-nancy-metz.fr\/histoiresdesarts-rombas\/wp-content\/uploads\/2024\/08\/Annette.jpg\" alt=\"\" class=\"wp-image-81 size-full\" srcset=\"https:\/\/sites.ac-nancy-metz.fr\/histoiresdesarts-rombas\/wp-content\/uploads\/2024\/08\/Annette.jpg 718w, https:\/\/sites.ac-nancy-metz.fr\/histoiresdesarts-rombas\/wp-content\/uploads\/2024\/08\/Annette-300x168.jpg 300w\" sizes=\"auto, (max-width: 718px) 100vw, 718px\" \/><\/figure><div class=\"wp-block-media-text__content\">\n<p>L&rsquo;enseignement de l&rsquo;histoire des arts s&rsquo;appuie aussi sur des projets : voyages, rencontres, sorties, expositions \u00e0 visiter mais aussi \u00e0 concevoir dans le cadre du L.A.C du lyc\u00e9e.<\/p>\n\n\n\n<p><\/p>\n\n\n\n<p><\/p>\n\n\n\n<p class=\"has-small-font-size\">Annette Messager, <em>Les Spectres des couturi\u00e8re<\/em>s, 2015 .<br>\u00a9 Annette Messager, Adagp, 2017. Courtesy Collection Marin Karmitz, Paris<\/p>\n<\/div><\/div>\n\n\n\n<p><\/p>\n\n\n\n<p><strong>Les projets <\/strong>2024-2025<\/p>\n\n\n\n<ul class=\"wp-block-list\">\n<li><a href=\"https:\/\/sites.ac-nancy-metz.fr\/histoiresdesarts-rombas\/2025\/01\/12\/latelier-gravure-hida-de-francois-drapier\/\" data-type=\"link\" data-id=\"https:\/\/sites.ac-nancy-metz.fr\/histoiresdesarts-rombas\/2025\/01\/12\/latelier-gravure-hida-de-francois-drapier\/\">Pr\u00e9paration d&rsquo;une exposition \u00e0 Ste Croix des Arts avec l&rsquo;artiste Fran\u00e7ois DRAPIER<\/a> sur la libert\u00e9 d&rsquo;expression<\/li>\n\n\n\n<li><a href=\"https:\/\/sites.ac-nancy-metz.fr\/histoiresdesarts-rombas\/transcorps\/\" data-type=\"page\" data-id=\"349\">Exposition au LAC de Philippe BUIATI <\/a>: sc\u00e9nographie propos\u00e9e par les \u00e9l\u00e8ves d&rsquo;HIDA \/ <a href=\"https:\/\/sites.ac-nancy-metz.fr\/histoiresdesarts-rombas\/2025\/01\/26\/les-cartels-augmentes-de-lexpo-trans-corps-de-philippe-buiatti\/\" data-type=\"link\" data-id=\"https:\/\/sites.ac-nancy-metz.fr\/histoiresdesarts-rombas\/2025\/01\/26\/les-cartels-augmentes-de-lexpo-trans-corps-de-philippe-buiatti\/\">des cartels augment\u00e9s <\/a><\/li>\n\n\n\n<li>Ouverture du LAC : identit\u00e9, un visuel<\/li>\n\n\n\n<li>Intervention du professeur de musique : Richard Wagner et l&rsquo;op\u00e9ra<\/li>\n\n\n\n<li>Cycle danse <\/li>\n<\/ul>\n\n\n\n<p><\/p>\n","protected":false},"excerpt":{"rendered":"<p>L&rsquo;enseignement de l&rsquo;histoire des arts s&rsquo;appuie aussi sur des projets : voyages, rencontres, sorties, expositions \u00e0 visiter mais aussi \u00e0<\/p>\n","protected":false},"author":1,"featured_media":0,"parent":0,"menu_order":0,"comment_status":"closed","ping_status":"closed","template":"","meta":{"footnotes":""},"class_list":["post-78","page","type-page","status-publish","hentry"],"_links":{"self":[{"href":"https:\/\/sites.ac-nancy-metz.fr\/histoiresdesarts-rombas\/wp-json\/wp\/v2\/pages\/78","targetHints":{"allow":["GET"]}}],"collection":[{"href":"https:\/\/sites.ac-nancy-metz.fr\/histoiresdesarts-rombas\/wp-json\/wp\/v2\/pages"}],"about":[{"href":"https:\/\/sites.ac-nancy-metz.fr\/histoiresdesarts-rombas\/wp-json\/wp\/v2\/types\/page"}],"author":[{"embeddable":true,"href":"https:\/\/sites.ac-nancy-metz.fr\/histoiresdesarts-rombas\/wp-json\/wp\/v2\/users\/1"}],"replies":[{"embeddable":true,"href":"https:\/\/sites.ac-nancy-metz.fr\/histoiresdesarts-rombas\/wp-json\/wp\/v2\/comments?post=78"}],"version-history":[{"count":10,"href":"https:\/\/sites.ac-nancy-metz.fr\/histoiresdesarts-rombas\/wp-json\/wp\/v2\/pages\/78\/revisions"}],"predecessor-version":[{"id":364,"href":"https:\/\/sites.ac-nancy-metz.fr\/histoiresdesarts-rombas\/wp-json\/wp\/v2\/pages\/78\/revisions\/364"}],"wp:attachment":[{"href":"https:\/\/sites.ac-nancy-metz.fr\/histoiresdesarts-rombas\/wp-json\/wp\/v2\/media?parent=78"}],"curies":[{"name":"wp","href":"https:\/\/api.w.org\/{rel}","templated":true}]}}