{"id":991,"date":"2016-06-15T17:10:01","date_gmt":"2016-06-15T16:10:01","guid":{"rendered":"https:\/\/sites.ac-nancy-metz.fr\/lettres-hist-geo-lp\/?page_id=991"},"modified":"2024-06-26T22:31:55","modified_gmt":"2024-06-26T21:31:55","slug":"cap-textes-officiels","status":"publish","type":"page","link":"https:\/\/sites.ac-nancy-metz.fr\/lettres-hist-geo-lp\/textes-officiels\/cap-textes-officiels\/","title":{"rendered":"CAP"},"content":{"rendered":"<div class=\"su-box su-box-style-soft\" id=\"\" style=\"border-color:#093d8b;border-radius:3px;max-width:none\"><div class=\"su-box-title\" style=\"background-color:#3c70be;color:#FFFFFF;border-top-left-radius:1px;border-top-right-radius:1px\">Les programmes d'enseignement de l'histoire-g\u00e9ographie-\u00e9ducation civique et de fran\u00e7ais.<\/div><div class=\"su-box-content su-u-clearfix su-u-trim\" style=\"border-bottom-left-radius:1px;border-bottom-right-radius:1px\">\n<p style=\"text-align: justify;\">Les programmes d&rsquo;enseignement de l&rsquo;histoire-g\u00e9ographie, EMC et de fran\u00e7ais.<\/p>\n<hr \/>\n<p style=\"text-align: justify;\"><img loading=\"lazy\" decoding=\"async\" class=\"alignnone size-full wp-image-1098\" src=\"https:\/\/sites.ac-nancy-metz.fr\/lettres-hist-geo-lp\/wp-content\/uploads\/puce-1.gif\" alt=\"\" width=\"15\" height=\"14\" \/>\u00a0HISTOIRE, G\u00c9OGRAPHIE :\u00a0<a href=\"https:\/\/cache.media.eduscol.education.fr\/file\/SP5-MEN-11-4-2019\/40\/9\/spe626_annexe_1104409.pdf\" target=\"_blank\" rel=\"noopener\">https:\/\/cache.media.eduscol.education.fr\/file\/SP5-MEN-11-4-2019\/40\/9\/spe626_annexe_1104409.pdf<\/a><\/p>\n<p><img loading=\"lazy\" decoding=\"async\" class=\"alignnone size-full wp-image-1098\" src=\"https:\/\/sites.ac-nancy-metz.fr\/lettres-hist-geo-lp\/wp-content\/uploads\/puce-1.gif\" alt=\"\" width=\"15\" height=\"14\" \/>\u00a0FRAN\u00c7AIS : <a href=\"https:\/\/cache.media.eduscol.education.fr\/file\/SP5-MEN-11-4-2019\/09\/9\/spe624_annexe_1105099.pdf\" target=\"_blank\" rel=\"noopener\">https:\/\/cache.media.eduscol.education.fr\/file\/SP5-MEN-11-4-2019\/09\/9\/spe624_annexe_1105099.pdf<\/a><\/p>\n<p><img loading=\"lazy\" decoding=\"async\" class=\"alignnone size-full wp-image-1098\" src=\"https:\/\/sites.ac-nancy-metz.fr\/lettres-hist-geo-lp\/wp-content\/uploads\/puce-1.gif\" alt=\"\" width=\"15\" height=\"14\" \/> EMC :\u00a0<a href=\"https:\/\/eduscol.education.fr\/1761\/programmes-et-ressources-en-enseignement-moral-et-civique-voie-professionnelle\">h<\/a><a href=\"https:\/\/eduscol.education.fr\/1761\/programmes-et-ressources-en-enseignement-moral-et-civique-voie-professionnelle\">ttps:\/\/eduscol.education.fr\/1761\/programmes-et-ressources-en-enseignement-moral-et-civique-voie-professionnelle<\/a><\/p>\n<p style=\"text-align: justify;\"><\/div><\/div>\n<div class=\"su-box su-box-style-soft\" id=\"\" style=\"border-color:#093d8b;border-radius:3px;max-width:none\"><div class=\"su-box-title\" style=\"background-color:#3c70be;color:#FFFFFF;border-top-left-radius:1px;border-top-right-radius:1px\">Les fiches d'\u00e9valuation nationales<\/div><div class=\"su-box-content su-u-clearfix su-u-trim\" style=\"border-bottom-left-radius:1px;border-bottom-right-radius:1px\">\n<p style=\"text-align: justify;\">L&rsquo;arr\u00eat\u00e9 du 30 ao\u00fbt 2019 fixant les unit\u00e9s g\u00e9n\u00e9rales du certificat d&rsquo;aptitude professionnelle et d\u00e9finissant les modalit\u00e9s d&rsquo;\u00e9valuation des \u00e9preuves d&rsquo;enseignement g\u00e9n\u00e9ral pr\u00e9voit, \u00e0 l&rsquo;article 5, la publication par note de service des documents supports d&rsquo;\u00e9valuation et de notation des unit\u00e9s g\u00e9n\u00e9rales de certificat d&rsquo;aptitude professionnelle (CAP).<\/p>\n<hr \/>\n<p style=\"text-align: justify;\"><img loading=\"lazy\" decoding=\"async\" class=\"alignnone size-full wp-image-1098\" src=\"https:\/\/sites.ac-nancy-metz.fr\/lettres-hist-geo-lp\/wp-content\/uploads\/puce-1.gif\" alt=\"\" width=\"15\" height=\"14\" \/>\u00a0<a href=\"https:\/\/www.education.gouv.fr\/bo\/20\/Hebdo26\/MENE2014838N.htm\" target=\"_blank\" rel=\"noopener\">https:\/\/www.education.gouv.fr\/bo\/20\/Hebdo26\/MENE2014838N.htm<\/a><\/p>\n<p style=\"text-align: justify;\"><\/div><\/div>\n","protected":false},"excerpt":{"rendered":"","protected":false},"author":1,"featured_media":0,"parent":969,"menu_order":0,"comment_status":"closed","ping_status":"closed","template":"","meta":{"footnotes":""},"class_list":["post-991","page","type-page","status-publish","hentry"],"_links":{"self":[{"href":"https:\/\/sites.ac-nancy-metz.fr\/lettres-hist-geo-lp\/wp-json\/wp\/v2\/pages\/991","targetHints":{"allow":["GET"]}}],"collection":[{"href":"https:\/\/sites.ac-nancy-metz.fr\/lettres-hist-geo-lp\/wp-json\/wp\/v2\/pages"}],"about":[{"href":"https:\/\/sites.ac-nancy-metz.fr\/lettres-hist-geo-lp\/wp-json\/wp\/v2\/types\/page"}],"author":[{"embeddable":true,"href":"https:\/\/sites.ac-nancy-metz.fr\/lettres-hist-geo-lp\/wp-json\/wp\/v2\/users\/1"}],"replies":[{"embeddable":true,"href":"https:\/\/sites.ac-nancy-metz.fr\/lettres-hist-geo-lp\/wp-json\/wp\/v2\/comments?post=991"}],"version-history":[{"count":7,"href":"https:\/\/sites.ac-nancy-metz.fr\/lettres-hist-geo-lp\/wp-json\/wp\/v2\/pages\/991\/revisions"}],"predecessor-version":[{"id":3129,"href":"https:\/\/sites.ac-nancy-metz.fr\/lettres-hist-geo-lp\/wp-json\/wp\/v2\/pages\/991\/revisions\/3129"}],"up":[{"embeddable":true,"href":"https:\/\/sites.ac-nancy-metz.fr\/lettres-hist-geo-lp\/wp-json\/wp\/v2\/pages\/969"}],"wp:attachment":[{"href":"https:\/\/sites.ac-nancy-metz.fr\/lettres-hist-geo-lp\/wp-json\/wp\/v2\/media?parent=991"}],"curies":[{"name":"wp","href":"https:\/\/api.w.org\/{rel}","templated":true}]}}