{"id":430,"date":"2019-07-08T17:10:12","date_gmt":"2019-07-08T15:10:12","guid":{"rendered":"http:\/\/www4.ac-nancy-metz.fr\/lettres\/new\/?page_id=430"},"modified":"2019-07-08T17:10:12","modified_gmt":"2019-07-08T15:10:12","slug":"epi","status":"publish","type":"page","link":"https:\/\/sites.ac-nancy-metz.fr\/lettres\/college\/epi\/","title":{"rendered":"E.P.I."},"content":{"rendered":"\n<h3 class=\"wp-block-heading\"><strong>Principes g\u00e9n\u00e9raux et objectifs<\/strong>&nbsp;des&nbsp;Enseignements Pratiques Interdisciplinaires<br><\/h3>\n\n\n\n<h4 class=\"wp-block-heading\">1- Statut<\/h4>\n\n\n\n<ul class=\"wp-block-list\"><li>Les Enseignements Pratiques Interdisciplinaires concernent le coll\u00e8ge \u00e0 partir de la 6\u00e8.&nbsp;<\/li><li>Avec l&rsquo;Accompagnement Personnalis\u00e9, les EPI font partie des \u00ab\u00a0Enseignements compl\u00e9mentaires\u00a0\u00bb.&nbsp;<\/li><li>Ils ne s&rsquo;ajoutent pas aux enseignements communs ; il ne s&rsquo;agit donc pas d&rsquo;un enseignement suppl\u00e9mentaire, mais d&rsquo;une \u00ab\u00a0nouvelle modalit\u00e9 d&rsquo;enseignement\u00a0\u00bb.&nbsp;<\/li><li>Les EPI font l&rsquo;objet d&rsquo;une \u00e9valuation prise en compte dans le cadre du Dipl\u00f4me National du Brevet &#8211; DNB.&nbsp;<\/li><\/ul>\n\n\n\n<h4 class=\"wp-block-heading\">2 &#8211; Caract\u00e9ristiques<strong> <\/strong><\/h4>\n\n\n\n<ul class=\"wp-block-list\"><li>Ils s&rsquo;inscrivent n\u00e9cessairement dans le cadre des programmes disciplinaires.<\/li><li>Les EPI peuvent s&rsquo;inscrire dans l&rsquo;un des huit th\u00e8mes de travail suivants :&nbsp;Corps, sant\u00e9, bien-\u00eatre, s\u00e9curit\u00e9 &#8211; Culture et cr\u00e9ation artistique &#8211; Transition \u00e9cologique et d\u00e9veloppement durable &#8211; Information, communication, citoyennet\u00e9 &#8211; Langues et cultures de l&rsquo;Antiquit\u00e9 &#8211; Langues et cultures \u00e9trang\u00e8res ou r\u00e9gionales &#8211; Monde \u00e9conomique et professionnel &#8211; Sciences, technologie et soci\u00e9t\u00e9.<br><\/li><li>Ils n&rsquo;ont plus de th\u00e9matique, ni de nombre impos\u00e9s &#8211; chaque \u00e9l\u00e8ve doit au moins en avoir fait un au terme du cycle 4.<br><\/li><\/ul>\n\n\n\n<h4 class=\"wp-block-heading\">3 &#8211; Principes du travail<strong> <\/strong><\/h4>\n\n\n\n<ul class=\"wp-block-list\"><li>L&rsquo;interdisciplinarit\u00e9.&nbsp;<\/li><li>La p\u00e9dagogie de projet.&nbsp;<\/li><li>Un travail collectif ou individuel, en classe enti\u00e8re ou en petit groupe.&nbsp;<\/li><li>Un temps favorisant l&rsquo;usage des outils num\u00e9riques, la pratique de l&rsquo;expression orale, l&rsquo;esprit cr\u00e9atif et la participation.&nbsp;<\/li><\/ul>\n\n\n\n<h4 class=\"wp-block-heading\">4 &#8211; R\u00e9f\u00e9rence<\/h4>\n\n\n\n<p>Arr\u00eat\u00e9 du 16 juin 2017 &#8211; J.O. du 18 juin 2018<br><\/p>\n","protected":false},"excerpt":{"rendered":"<p>Principes g\u00e9n\u00e9raux et objectifs&nbsp;des&nbsp;Enseignements Pratiques Interdisciplinaires 1- Statut Les Enseignements Pratiques Interdisciplinaires concernent le coll\u00e8ge \u00e0 partir de la 6\u00e8.&nbsp; Avec l&rsquo;Accompagnement Personnalis\u00e9, les EPI font partie des \u00ab\u00a0Enseignements compl\u00e9mentaires\u00a0\u00bb.&nbsp; Ils ne s&rsquo;ajoutent pas aux enseignements communs ; il ne s&rsquo;agit donc pas d&rsquo;un enseignement suppl\u00e9mentaire, mais d&rsquo;une \u00ab\u00a0nouvelle modalit\u00e9 d&rsquo;enseignement\u00a0\u00bb.&nbsp; Les EPI font l&rsquo;objet [&hellip;]<\/p>\n","protected":false},"author":1,"featured_media":2542,"parent":9,"menu_order":10,"comment_status":"closed","ping_status":"closed","template":"","meta":{"footnotes":""},"class_list":["post-430","page","type-page","status-publish","has-post-thumbnail","czr-hentry"],"_links":{"self":[{"href":"https:\/\/sites.ac-nancy-metz.fr\/lettres\/wp-json\/wp\/v2\/pages\/430","targetHints":{"allow":["GET"]}}],"collection":[{"href":"https:\/\/sites.ac-nancy-metz.fr\/lettres\/wp-json\/wp\/v2\/pages"}],"about":[{"href":"https:\/\/sites.ac-nancy-metz.fr\/lettres\/wp-json\/wp\/v2\/types\/page"}],"author":[{"embeddable":true,"href":"https:\/\/sites.ac-nancy-metz.fr\/lettres\/wp-json\/wp\/v2\/users\/1"}],"replies":[{"embeddable":true,"href":"https:\/\/sites.ac-nancy-metz.fr\/lettres\/wp-json\/wp\/v2\/comments?post=430"}],"version-history":[{"count":0,"href":"https:\/\/sites.ac-nancy-metz.fr\/lettres\/wp-json\/wp\/v2\/pages\/430\/revisions"}],"up":[{"embeddable":true,"href":"https:\/\/sites.ac-nancy-metz.fr\/lettres\/wp-json\/wp\/v2\/pages\/9"}],"wp:featuredmedia":[{"embeddable":true,"href":"https:\/\/sites.ac-nancy-metz.fr\/lettres\/wp-json\/wp\/v2\/media\/2542"}],"wp:attachment":[{"href":"https:\/\/sites.ac-nancy-metz.fr\/lettres\/wp-json\/wp\/v2\/media?parent=430"}],"curies":[{"name":"wp","href":"https:\/\/api.w.org\/{rel}","templated":true}]}}