{"id":83,"date":"2018-12-17T21:31:41","date_gmt":"2018-12-17T20:31:41","guid":{"rendered":"http:\/\/www4.ac-nancy-metz.fr\/lettres\/new\/?page_id=83"},"modified":"2025-06-12T09:10:04","modified_gmt":"2025-06-12T07:10:04","slug":"du-bac-professionnel-au-bts","status":"publish","type":"page","link":"https:\/\/sites.ac-nancy-metz.fr\/lettres\/bts\/du-bac-professionnel-au-bts\/","title":{"rendered":"Du bac professionnel au BTS"},"content":{"rendered":"\n<p>Les programmes du Baccalaur\u00e9at Professionnel et du BTS sont con\u00e7us dans une perspective de continuit\u00e9 ; il convient donc que chacun en tienne compte : \u00e0 la fois les enseignants de Baccalaur\u00e9at Professionnel dont un des objectifs est d\u2019accompagner au mieux leurs \u00e9l\u00e8ves vers le BTS mais \u00e9galement les enseignants de BTS qui accueillent des \u00e9tudiants aux acquis vari\u00e9s \u00e0 approfondir durant la formation en BTS. Cette page tend donc \u00e0 pr\u00e9senter des d\u00e9marches de travail de l\u2019une et l\u2019autre voies, largement \u00e9voqu\u00e9es dans le&nbsp;<a href=\"https:\/\/sites.ac-nancy-metz.fr\/lettres\/wp-content\/uploads\/2023\/06\/Guide-liaison-BAC-PRO-BTS-GTP-Lettres-LP-2015.pdf\"><em><strong>Guide de pr\u00e9paration en amont de la Premi\u00e8re STS<\/strong><\/em>.<\/a><\/p>\n\n\n\n<div style=\"height:8px\" aria-hidden=\"true\" class=\"wp-block-spacer\"><\/div>\n\n\n\n<h3 class=\"wp-block-heading\">Retour d&rsquo;exp\u00e9rience<\/h3>\n\n\n\n<div class=\"wp-block-columns blue-block is-layout-flex wp-container-core-columns-is-layout-9d6595d7 wp-block-columns-is-layout-flex\">\n<div class=\"wp-block-column is-layout-flow wp-block-column-is-layout-flow\" style=\"flex-basis:33.33%\">\n<figure class=\"wp-block-image size-large\"><a href=\"https:\/\/sites.ac-nancy-metz.fr\/lettres\/wp-content\/uploads\/2025\/06\/Liaison-BCP_BTS-Culture-2025-Vultime.pdf\"><img loading=\"lazy\" decoding=\"async\" width=\"771\" height=\"1024\" src=\"https:\/\/sites.ac-nancy-metz.fr\/lettres\/wp-content\/uploads\/2025\/06\/Liaison-bac-pro-BTS-retex-771x1024.jpg\" alt=\"\" class=\"wp-image-9785\" srcset=\"https:\/\/sites.ac-nancy-metz.fr\/lettres\/wp-content\/uploads\/2025\/06\/Liaison-bac-pro-BTS-retex-771x1024.jpg 771w, https:\/\/sites.ac-nancy-metz.fr\/lettres\/wp-content\/uploads\/2025\/06\/Liaison-bac-pro-BTS-retex-226x300.jpg 226w, https:\/\/sites.ac-nancy-metz.fr\/lettres\/wp-content\/uploads\/2025\/06\/Liaison-bac-pro-BTS-retex-768x1019.jpg 768w, https:\/\/sites.ac-nancy-metz.fr\/lettres\/wp-content\/uploads\/2025\/06\/Liaison-bac-pro-BTS-retex.jpg 965w\" sizes=\"auto, (max-width: 771px) 100vw, 771px\" \/><\/a><\/figure>\n<\/div>\n\n\n\n<div class=\"wp-block-column is-layout-flow wp-block-column-is-layout-flow\" style=\"flex-basis:66.66%\"><div style=\"text-align: center;\">\n<iframe loading=\"lazy\" width=\"560\" height=\"315\"\n  src=\"https:\/\/www.youtube.com\/embed\/SlcrtEoOnbg?rel=0&#038;modestbranding=1&#038;autoplay=0&#038;controls=1\"\n  title=\"YouTube video player\"\n  frameborder=\"0\"\n  allow=\"accelerometer; autoplay; clipboard-write; encrypted-media; gyroscope; picture-in-picture\"\n  allowfullscreen><br \/>\n<\/iframe>\n<\/div>\n<\/div>\n<\/div>\n\n\n\n<h3 class=\"wp-block-heading\">Documents de r\u00e9f\u00e9rence<\/h3>\n\n\n\n<ul class=\"wp-block-list\">\n<li><a href=\"https:\/\/sites.ac-nancy-metz.fr\/lettres-hist-geo-lp\/\">Site acad\u00e9mique Lettres, Histoire-g\u00e9ographie et EMC<\/a><\/li>\n<\/ul>\n\n\n\n<h3 class=\"wp-block-heading\">Poursuite en BTS<\/h3>\n\n\n\n<ul class=\"wp-block-list\">\n<li><a href=\"https:\/\/sites.ac-nancy-metz.fr\/lettres\/wp-content\/uploads\/2021\/04\/Guide_preparation_poursuite_en_BTS-Francais_CGE_2021.pdf\">Guide de pr\u00e9paration \u00e0 la poursuite d&rsquo;\u00e9tudes en BTS, \u00e9dition 2021 : de l\u2019enseignement des Lettres en Baccalaur\u00e9at professionnel \u00e0 la Culture G\u00e9n\u00e9rale et Expression en BTS<\/a><\/li>\n<\/ul>\n\n\n\n<p><\/p>\n","protected":false},"excerpt":{"rendered":"<p>Les programmes du Baccalaur\u00e9at Professionnel et du BTS sont con\u00e7us dans une perspective de continuit\u00e9 ; il convient donc que chacun en tienne compte : \u00e0 la fois les enseignants de Baccalaur\u00e9at Professionnel dont un des objectifs est d\u2019accompagner au mieux leurs \u00e9l\u00e8ves vers le BTS mais \u00e9galement les enseignants de BTS qui accueillent des [&hellip;]<\/p>\n","protected":false},"author":1,"featured_media":8554,"parent":50,"menu_order":0,"comment_status":"closed","ping_status":"closed","template":"","meta":{"footnotes":""},"class_list":["post-83","page","type-page","status-publish","has-post-thumbnail","czr-hentry"],"_links":{"self":[{"href":"https:\/\/sites.ac-nancy-metz.fr\/lettres\/wp-json\/wp\/v2\/pages\/83","targetHints":{"allow":["GET"]}}],"collection":[{"href":"https:\/\/sites.ac-nancy-metz.fr\/lettres\/wp-json\/wp\/v2\/pages"}],"about":[{"href":"https:\/\/sites.ac-nancy-metz.fr\/lettres\/wp-json\/wp\/v2\/types\/page"}],"author":[{"embeddable":true,"href":"https:\/\/sites.ac-nancy-metz.fr\/lettres\/wp-json\/wp\/v2\/users\/1"}],"replies":[{"embeddable":true,"href":"https:\/\/sites.ac-nancy-metz.fr\/lettres\/wp-json\/wp\/v2\/comments?post=83"}],"version-history":[{"count":27,"href":"https:\/\/sites.ac-nancy-metz.fr\/lettres\/wp-json\/wp\/v2\/pages\/83\/revisions"}],"predecessor-version":[{"id":9810,"href":"https:\/\/sites.ac-nancy-metz.fr\/lettres\/wp-json\/wp\/v2\/pages\/83\/revisions\/9810"}],"up":[{"embeddable":true,"href":"https:\/\/sites.ac-nancy-metz.fr\/lettres\/wp-json\/wp\/v2\/pages\/50"}],"wp:featuredmedia":[{"embeddable":true,"href":"https:\/\/sites.ac-nancy-metz.fr\/lettres\/wp-json\/wp\/v2\/media\/8554"}],"wp:attachment":[{"href":"https:\/\/sites.ac-nancy-metz.fr\/lettres\/wp-json\/wp\/v2\/media?parent=83"}],"curies":[{"name":"wp","href":"https:\/\/api.w.org\/{rel}","templated":true}]}}