{"id":781,"date":"2018-06-18T21:45:28","date_gmt":"2018-06-18T19:45:28","guid":{"rendered":"http:\/\/sites.ac-nancy-metz.fr\/lyc-alfred-mezieres-longwy\/wp-content\/uploads\/2018\/06\/Longwy-emaux.jpg"},"modified":"2018-07-04T20:15:22","modified_gmt":"2018-07-04T18:15:22","slug":"longwy-emaux","status":"inherit","type":"attachment","link":"https:\/\/sites.ac-nancy-metz.fr\/lyc-alfred-mezieres-longwy\/longwy-emaux\/","title":{"rendered":"\u00c9maux de Longwy"},"author":1,"comment_status":"closed","ping_status":"closed","template":"","meta":{"_exactmetrics_skip_tracking":false,"_exactmetrics_sitenote_active":false,"_exactmetrics_sitenote_note":"","_exactmetrics_sitenote_category":0},"description":{"rendered":"<p class=\"attachment\"><a href='https:\/\/sites.ac-nancy-metz.fr\/lyc-alfred-mezieres-longwy\/wp-content\/uploads\/2018\/06\/Longwy-emaux.jpg'><img loading=\"lazy\" decoding=\"async\" width=\"300\" height=\"240\" src=\"https:\/\/sites.ac-nancy-metz.fr\/lyc-alfred-mezieres-longwy\/wp-content\/uploads\/2018\/06\/Longwy-emaux-300x240.jpg\" class=\"attachment-medium size-medium\" alt=\"\" srcset=\"https:\/\/sites.ac-nancy-metz.fr\/lyc-alfred-mezieres-longwy\/wp-content\/uploads\/2018\/06\/Longwy-emaux-300x240.jpg 300w, https:\/\/sites.ac-nancy-metz.fr\/lyc-alfred-mezieres-longwy\/wp-content\/uploads\/2018\/06\/Longwy-emaux.jpg 340w\" sizes=\"(max-width: 300px) 100vw, 300px\" \/><\/a><\/p>\n<p>Depuis plus d\u2019un si\u00e8cle, Longwy d\u00e9tient l\u2019exclusivit\u00e9 en France des \u00e9maux cloisonn\u00e9s au trait noir sur fa\u00efence. Cette technique d\u00e9licate consiste \u00e0 imprimer le d\u00e9cor en noir sur le &#8220;biscuit&#8221; brut, puis \u00e0 remplir goutte \u00e0 goutte chaque alv\u00e9ole ainsi cern\u00e9e avec un \u00e9mail color\u00e9. ( source : http:\/\/www.culture.gouv.fr )<\/p>\n"},"caption":{"rendered":"<p>\u00c9maux de Longwy<\/p>\n"},"alt_text":"","media_type":"image","mime_type":"image\/jpeg","media_details":{"width":340,"height":272,"file":"2018\/06\/Longwy-emaux.jpg","sizes":{"thumbnail":{"file":"Longwy-emaux-150x150.jpg","width":150,"height":150,"mime_type":"image\/jpeg","source_url":"https:\/\/sites.ac-nancy-metz.fr\/lyc-alfred-mezieres-longwy\/wp-content\/uploads\/2018\/06\/Longwy-emaux-150x150.jpg"},"medium":{"file":"Longwy-emaux-300x240.jpg","width":300,"height":240,"mime_type":"image\/jpeg","source_url":"https:\/\/sites.ac-nancy-metz.fr\/lyc-alfred-mezieres-longwy\/wp-content\/uploads\/2018\/06\/Longwy-emaux-300x240.jpg"},"colormag-highlighted-post":{"file":"Longwy-emaux-340x272.jpg","width":340,"height":272,"mime_type":"image\/jpeg","source_url":"https:\/\/sites.ac-nancy-metz.fr\/lyc-alfred-mezieres-longwy\/wp-content\/uploads\/2018\/06\/Longwy-emaux-340x272.jpg"},"colormag-featured-post-medium":{"file":"Longwy-emaux-340x205.jpg","width":340,"height":205,"mime_type":"image\/jpeg","source_url":"https:\/\/sites.ac-nancy-metz.fr\/lyc-alfred-mezieres-longwy\/wp-content\/uploads\/2018\/06\/Longwy-emaux-340x205.jpg"},"colormag-featured-post-small":{"file":"Longwy-emaux-130x90.jpg","width":130,"height":90,"mime_type":"image\/jpeg","source_url":"https:\/\/sites.ac-nancy-metz.fr\/lyc-alfred-mezieres-longwy\/wp-content\/uploads\/2018\/06\/Longwy-emaux-130x90.jpg"},"colormag-default-news":{"file":"Longwy-emaux-150x150.jpg","width":150,"height":150,"mime_type":"image\/jpeg","source_url":"https:\/\/sites.ac-nancy-metz.fr\/lyc-alfred-mezieres-longwy\/wp-content\/uploads\/2018\/06\/Longwy-emaux-150x150.jpg"},"full":{"file":"Longwy-emaux.jpg","width":340,"height":272,"mime_type":"image\/jpeg","source_url":"https:\/\/sites.ac-nancy-metz.fr\/lyc-alfred-mezieres-longwy\/wp-content\/uploads\/2018\/06\/Longwy-emaux.jpg"}},"image_meta":{"aperture":"0","credit":"","camera":"","caption":"","created_timestamp":"0","copyright":"","focal_length":"0","iso":"0","shutter_speed":"0","title":"","orientation":"0","keywords":[]}},"post":null,"source_url":"https:\/\/sites.ac-nancy-metz.fr\/lyc-alfred-mezieres-longwy\/wp-content\/uploads\/2018\/06\/Longwy-emaux.jpg","_links":{"self":[{"href":"https:\/\/sites.ac-nancy-metz.fr\/lyc-alfred-mezieres-longwy\/wp-json\/wp\/v2\/media\/781"}],"collection":[{"href":"https:\/\/sites.ac-nancy-metz.fr\/lyc-alfred-mezieres-longwy\/wp-json\/wp\/v2\/media"}],"about":[{"href":"https:\/\/sites.ac-nancy-metz.fr\/lyc-alfred-mezieres-longwy\/wp-json\/wp\/v2\/types\/attachment"}],"author":[{"embeddable":true,"href":"https:\/\/sites.ac-nancy-metz.fr\/lyc-alfred-mezieres-longwy\/wp-json\/wp\/v2\/users\/1"}],"replies":[{"embeddable":true,"href":"https:\/\/sites.ac-nancy-metz.fr\/lyc-alfred-mezieres-longwy\/wp-json\/wp\/v2\/comments?post=781"}]}}

Émaux de Longwy

<p class="attachment"><a href='https://sites.ac-nancy-metz.fr/lyc-alfred-mezieres-longwy/wp-content/uploads/2018/06/Longwy-emaux.jpg'><img loading="lazy" decoding="async" width="300" height="240" src="https://sites.ac-nancy-metz.fr/lyc-alfred-mezieres-longwy/wp-content/uploads/2018/06/Longwy-emaux-300x240.jpg" class="attachment-medium size-medium" alt="" srcset="https://sites.ac-nancy-metz.fr/lyc-alfred-mezieres-longwy/wp-content/uploads/2018/06/Longwy-emaux-300x240.jpg 300w, https://sites.ac-nancy-metz.fr/lyc-alfred-mezieres-longwy/wp-content/uploads/2018/06/Longwy-emaux.jpg 340w" sizes="(max-width: 300px) 100vw, 300px" /></a></p>
<p>Depuis plus d’un siècle, Longwy détient l’exclusivité en France des émaux cloisonnés au trait noir sur faïence. Cette technique délicate consiste à imprimer le décor en noir sur le &#8220;biscuit&#8221; brut, puis à remplir goutte à goutte chaque alvéole ainsi cernée avec un émail coloré. ( source : http://www.culture.gouv.fr )</p>

<p>Émaux de Longwy</p>
