{"id":1427,"date":"2019-03-22T19:29:57","date_gmt":"2019-03-22T18:29:57","guid":{"rendered":"http:\/\/sites.ac-nancy-metz.fr\/lyc-alfred-mezieres-longwy\/?page_id=1427"},"modified":"2025-12-11T11:57:58","modified_gmt":"2025-12-11T10:57:58","slug":"1427-2","status":"publish","type":"page","link":"https:\/\/sites.ac-nancy-metz.fr\/lyc-alfred-mezieres-longwy\/1427-2\/","title":{"rendered":"GRETA"},"content":{"rendered":"\n<p class=\"has-text-align-center has-vivid-green-cyan-color has-text-color has-large-font-size\"><strong>GRETA Lorraine Nord <\/strong><\/p>\n\n\n\n<figure class=\"wp-block-image size-large\"><img loading=\"lazy\" decoding=\"async\" width=\"1024\" height=\"284\" src=\"http:\/\/sites.ac-nancy-metz.fr\/lyc-alfred-mezieres-longwy\/wp-content\/uploads\/2025\/12\/Logo-GRETA-1024x284.jpg\" alt=\"\" class=\"wp-image-4353\" srcset=\"https:\/\/sites.ac-nancy-metz.fr\/lyc-alfred-mezieres-longwy\/wp-content\/uploads\/2025\/12\/Logo-GRETA-1024x284.jpg 1024w, https:\/\/sites.ac-nancy-metz.fr\/lyc-alfred-mezieres-longwy\/wp-content\/uploads\/2025\/12\/Logo-GRETA-300x83.jpg 300w, https:\/\/sites.ac-nancy-metz.fr\/lyc-alfred-mezieres-longwy\/wp-content\/uploads\/2025\/12\/Logo-GRETA-768x213.jpg 768w, https:\/\/sites.ac-nancy-metz.fr\/lyc-alfred-mezieres-longwy\/wp-content\/uploads\/2025\/12\/Logo-GRETA-560x155.jpg 560w, https:\/\/sites.ac-nancy-metz.fr\/lyc-alfred-mezieres-longwy\/wp-content\/uploads\/2025\/12\/Logo-GRETA.jpg 1117w\" sizes=\"(max-width: 1024px) 100vw, 1024px\" \/><\/figure>\n\n\n\n<figure class=\"wp-block-table aligncenter is-style-stripes\"><table class=\"has-fixed-layout\"><tbody><tr><td><strong>Maison de la Formation<\/strong><br>Centre Jean Monnet<br>54350 Longlaville<br><\/td><td><strong>Lyc\u00e9e Alfred M\u00e9zi\u00e8res<\/strong><br>3 Avenue Malraux<br>54400 Longwy<br><\/td><\/tr><tr><td>Lundi au vendredi<br>8h00-12h000 et 13h00-17h00<\/td><td>Lundi au vendredi<br>8h00-12h00 et 14h00-18h00<\/td><\/tr><tr><td>03 82 25 24 60<\/td><td>03 82 39 53 53<\/td><\/tr><tr><td><a href=\"https:\/\/www.greta-lorraine.fr\/lieu-formation\/\" target=\"_blank\" rel=\"noreferrer noopener\">Site Internet<\/a><br><\/td><td>Personne \u00e0 contacter :<br>Mme Chausset (DDFPT)<br><\/td><\/tr><\/tbody><\/table><\/figure>\n\n\n\n<div class=\"wp-block-file\"><a id=\"wp-block-file--media-4031fdaf-d121-4d1b-9b57-1ec64afead00\" href=\"http:\/\/sites.ac-nancy-metz.fr\/lyc-alfred-mezieres-longwy\/wp-content\/uploads\/2019\/03\/attestation-EDUFORM2.pdf\">Attestation EDUFORM<\/a><\/div>\n\n\n\n<div class=\"wp-block-file\"><a id=\"wp-block-file--media-1537ee67-58c6-4557-ab79-0972da36d22c\" href=\"http:\/\/sites.ac-nancy-metz.fr\/lyc-alfred-mezieres-longwy\/wp-content\/uploads\/2019\/03\/Charte-engagements-service-Eduform.pdf\">Charte engagements service Eduform<\/a><\/div>\n\n\n\n<div class=\"wp-block-file\"><a id=\"wp-block-file--media-1537ee67-58c6-4557-ab79-0972da36d22c\" href=\"http:\/\/sites.ac-nancy-metz.fr\/lyc-alfred-mezieres-longwy\/wp-content\/uploads\/2025\/12\/NANCY-METZ_2024_GRETA-Lorraine-Nord_Certificat-Eduform-4.pdf\">Certificat EDUFORM<\/a><\/div>\n\n\n\n<div class=\"wp-block-file\"><a id=\"wp-block-file--media-6499b40f-8476-4c43-8c93-62ce18622db5\" href=\"http:\/\/sites.ac-nancy-metz.fr\/lyc-alfred-mezieres-longwy\/wp-content\/uploads\/2019\/03\/Manuel-Qualite-GRETA-1.pdf\">Manuel Qualit\u00e9 GRETA<\/a><\/div>\n\n\n\n<div class=\"wp-block-file\"><a id=\"wp-block-file--media-5c0cb547-c6f3-411b-9cf2-b5ea03c9e3ef\" href=\"http:\/\/sites.ac-nancy-metz.fr\/lyc-alfred-mezieres-longwy\/wp-content\/uploads\/2019\/03\/Resultats-examens.pdf\">R\u00e9sultats examens GRETA<\/a><\/div>\n","protected":false},"excerpt":{"rendered":"<p>GRETA Lorraine Nord Maison de la FormationCentre Jean Monnet54350 Longlaville Lyc\u00e9e Alfred M\u00e9zi\u00e8res3 Avenue Malraux54400 Longwy Lundi au vendredi8h00-12h000 et<\/p>\n","protected":false},"author":1,"featured_media":0,"parent":0,"menu_order":0,"comment_status":"closed","ping_status":"closed","template":"","meta":{"_exactmetrics_skip_tracking":false,"_exactmetrics_sitenote_active":false,"_exactmetrics_sitenote_note":"","_exactmetrics_sitenote_category":0,"footnotes":""},"_links":{"self":[{"href":"https:\/\/sites.ac-nancy-metz.fr\/lyc-alfred-mezieres-longwy\/wp-json\/wp\/v2\/pages\/1427"}],"collection":[{"href":"https:\/\/sites.ac-nancy-metz.fr\/lyc-alfred-mezieres-longwy\/wp-json\/wp\/v2\/pages"}],"about":[{"href":"https:\/\/sites.ac-nancy-metz.fr\/lyc-alfred-mezieres-longwy\/wp-json\/wp\/v2\/types\/page"}],"author":[{"embeddable":true,"href":"https:\/\/sites.ac-nancy-metz.fr\/lyc-alfred-mezieres-longwy\/wp-json\/wp\/v2\/users\/1"}],"replies":[{"embeddable":true,"href":"https:\/\/sites.ac-nancy-metz.fr\/lyc-alfred-mezieres-longwy\/wp-json\/wp\/v2\/comments?post=1427"}],"version-history":[{"count":8,"href":"https:\/\/sites.ac-nancy-metz.fr\/lyc-alfred-mezieres-longwy\/wp-json\/wp\/v2\/pages\/1427\/revisions"}],"predecessor-version":[{"id":4368,"href":"https:\/\/sites.ac-nancy-metz.fr\/lyc-alfred-mezieres-longwy\/wp-json\/wp\/v2\/pages\/1427\/revisions\/4368"}],"wp:attachment":[{"href":"https:\/\/sites.ac-nancy-metz.fr\/lyc-alfred-mezieres-longwy\/wp-json\/wp\/v2\/media?parent=1427"}],"curies":[{"name":"wp","href":"https:\/\/api.w.org\/{rel}","templated":true}]}}