{"id":1102,"date":"2024-01-23T14:21:43","date_gmt":"2024-01-23T13:21:43","guid":{"rendered":"https:\/\/sites.ac-nancy-metz.fr\/lyc-arthur-varoquaux\/?page_id=1102"},"modified":"2025-04-13T17:37:58","modified_gmt":"2025-04-13T15:37:58","slug":"bts-biotechnologies","status":"publish","type":"page","link":"https:\/\/sites.ac-nancy-metz.fr\/lyc-arthur-varoquaux\/bts-biotechnologies\/","title":{"rendered":"BTS Biotechnologie en recherche et production"},"content":{"rendered":"\n<p>Le BTS Biotechnologie permet d&rsquo;acqu\u00e9rir les savoirs sp\u00e9cifiques dans les technologies transversales appliqu\u00e9es dans divers secteurs (industries pharmaceutiques, agro-alimentaires et cosm\u00e9tiques, agriculture, environnement, &#8230;). Les enseignements d\u00e9veloppent l&rsquo;acquisition de connaissances scientifiques du vivant. L&rsquo;enseignement professionnel comprend des cours th\u00e9oriques et pratiques permettant de ma\u00eetriser les diff\u00e9rentes techniques de laboratoire et de recherche en biochimie, microbiologie, g\u00e9nies enzymatique, g\u00e9n\u00e9tique et fermentaire, immunologie&#8230;&nbsp;Ce BTS forme \u00e0 une expertise technique fine, \u00e0 une technicit\u00e9 gestuelle fine (les \u00e9chantillons \u00e9talonn\u00e9s sont du micro-litre en micropipettes). Avec l&rsquo;omnipr\u00e9sence de l&rsquo;informatique dans les biotechnologies, la formation d\u00e9livre des savoirs et savoir-faire solides dans les diff\u00e9rentes composantes de cet outil, soit pour analyser ou traiter les donn\u00e9es (exploitation de bases de donn\u00e9es, num\u00e9risation), soit pour transmettre l&rsquo;information. L&rsquo;\u00e9tude de l&rsquo; anglais est n\u00e9cessaire pour pouvoir comprendre, exploiter les manuels et notices techniques essentiellement publi\u00e9es dans cette langue.&nbsp;<\/p>\n\n\n\n<object data=\"https:\/\/sites.ac-nancy-metz.fr\/lyc-arthur-varoquaux\/wp-content\/uploads\/2025\/03\/plaquette_BTS_Biotech_2025-1.pdf\" type=\"application\/pdf\" style=\"width:100%;height:600px\" aria-label=\"plaquette_BTS_Biotech_2025\"><\/object><a id=\"wp-block-file--media-725a192c-12e9-4691-8952-e2fb0fc2becb\" href=\"https:\/\/sites.ac-nancy-metz.fr\/lyc-arthur-varoquaux\/wp-content\/uploads\/2025\/03\/plaquette_BTS_Biotech_2025-1.pdf\">plaquette_BTS_Biotech_2025<\/a><a href=\"https:\/\/sites.ac-nancy-metz.fr\/lyc-arthur-varoquaux\/wp-content\/uploads\/2025\/03\/plaquette_BTS_Biotech_2025-1.pdf\" download aria-describedby=\"wp-block-file--media-725a192c-12e9-4691-8952-e2fb0fc2becb\">T\u00e9l\u00e9charger<\/a>\n\n\n\n<p>Pour en savoir plus ou visionner une vid\u00e9o, cliquez <a href=\"https:\/\/www.onisep.fr\/ressources\/univers-formation\/formations\/post-bac\/bts-biotechnologies\" data-type=\"link\" data-id=\"https:\/\/www.onisep.fr\/ressources\/univers-formation\/formations\/post-bac\/bts-biotechnologies\">ici<\/a>.<\/p>\n\n\n\n<div style=\"height:100px\" aria-hidden=\"true\" class=\"wp-block-spacer\"><\/div>\n\n\n\n<h3 class=\"wp-block-heading\">Salles de cours et de TP<\/h3>\n\n\n\n<figure style=\"width:600px;height:300px\" class=\"wp-block-algori-360-image-block-algori-360-image alignundefined\"><a-scene loading-screen=\"enabled: false;\" device-orientation-permission-ui=\"enabled: false\" embedded=\"\"><a-entity camera=\"\" look-controls=\"reverseMouseDrag: true\"><\/a-entity><a-sky src=\"https:\/\/sites.ac-nancy-metz.fr\/lyc-arthur-varoquaux\/wp-content\/uploads\/2025\/04\/BTS-Biotech-7033-scaled.jpg\"><\/a-sky><\/a-scene><\/figure>\n\n\n\n<figure style=\"width:600px;height:300px\" class=\"wp-block-algori-360-image-block-algori-360-image alignundefined\"><a-scene loading-screen=\"enabled: false;\" device-orientation-permission-ui=\"enabled: false\" embedded=\"\"><a-entity camera=\"\" look-controls=\"reverseMouseDrag: true\"><\/a-entity><a-sky src=\"https:\/\/sites.ac-nancy-metz.fr\/lyc-arthur-varoquaux\/wp-content\/uploads\/2025\/04\/BTS-Biotech-7027-scaled.jpg\"><\/a-sky><\/a-scene><\/figure>\n\n\n\n<div style=\"height:100px\" aria-hidden=\"true\" class=\"wp-block-spacer\"><\/div>\n","protected":false},"excerpt":{"rendered":"<p>Le BTS Biotechnologie permet d&rsquo;acqu\u00e9rir les savoirs sp\u00e9cifiques dans les technologies transversales appliqu\u00e9es dans divers secteurs (industries pharmaceutiques, agro-alimentaires et cosm\u00e9tiques, agriculture, environnement, &#8230;). Les enseignements d\u00e9veloppent l&rsquo;acquisition de connaissances scientifiques du vivant. L&rsquo;enseignement professionnel comprend des cours th\u00e9oriques et pratiques permettant de ma\u00eetriser les diff\u00e9rentes techniques de laboratoire et [&hellip;]<\/p>\n","protected":false},"author":1,"featured_media":0,"parent":0,"menu_order":0,"comment_status":"closed","ping_status":"closed","template":"","meta":{"_themeisle_gutenberg_block_has_review":false,"footnotes":""},"class_list":["post-1102","page","type-page","status-publish","hentry"],"_links":{"self":[{"href":"https:\/\/sites.ac-nancy-metz.fr\/lyc-arthur-varoquaux\/wp-json\/wp\/v2\/pages\/1102","targetHints":{"allow":["GET"]}}],"collection":[{"href":"https:\/\/sites.ac-nancy-metz.fr\/lyc-arthur-varoquaux\/wp-json\/wp\/v2\/pages"}],"about":[{"href":"https:\/\/sites.ac-nancy-metz.fr\/lyc-arthur-varoquaux\/wp-json\/wp\/v2\/types\/page"}],"author":[{"embeddable":true,"href":"https:\/\/sites.ac-nancy-metz.fr\/lyc-arthur-varoquaux\/wp-json\/wp\/v2\/users\/1"}],"replies":[{"embeddable":true,"href":"https:\/\/sites.ac-nancy-metz.fr\/lyc-arthur-varoquaux\/wp-json\/wp\/v2\/comments?post=1102"}],"version-history":[{"count":15,"href":"https:\/\/sites.ac-nancy-metz.fr\/lyc-arthur-varoquaux\/wp-json\/wp\/v2\/pages\/1102\/revisions"}],"predecessor-version":[{"id":1756,"href":"https:\/\/sites.ac-nancy-metz.fr\/lyc-arthur-varoquaux\/wp-json\/wp\/v2\/pages\/1102\/revisions\/1756"}],"wp:attachment":[{"href":"https:\/\/sites.ac-nancy-metz.fr\/lyc-arthur-varoquaux\/wp-json\/wp\/v2\/media?parent=1102"}],"curies":[{"name":"wp","href":"https:\/\/api.w.org\/{rel}","templated":true}]}}