{"id":1120,"date":"2024-05-21T11:52:46","date_gmt":"2024-05-21T09:52:46","guid":{"rendered":"https:\/\/sites.ac-nancy-metz.fr\/lyc-jean-prouve-nancy\/?page_id=1120"},"modified":"2024-06-17T16:29:45","modified_gmt":"2024-06-17T14:29:45","slug":"upe2a","status":"publish","type":"page","link":"https:\/\/sites.ac-nancy-metz.fr\/lyc-jean-prouve-nancy\/upe2a\/","title":{"rendered":"UPE2A"},"content":{"rendered":"\n<h1 class=\"has-text-color wp-block-heading\" style=\"color:#42a2a4\">Classe UPE2A<\/h1>\n\n\n\n<figure class=\"wp-block-gallery has-nested-images columns-default is-cropped wp-block-gallery-1 is-layout-flex wp-block-gallery-is-layout-flex\">\n<figure class=\"wp-block-image size-large\"><img loading=\"lazy\" decoding=\"async\" width=\"442\" height=\"331\" data-id=\"1480\" src=\"https:\/\/sites.ac-nancy-metz.fr\/lyc-jean-prouve-nancy\/wp-content\/uploads\/2024\/06\/Capture-decran-2024-06-14-160952.png\" alt=\"\" class=\"wp-image-1480\" srcset=\"https:\/\/sites.ac-nancy-metz.fr\/lyc-jean-prouve-nancy\/wp-content\/uploads\/2024\/06\/Capture-decran-2024-06-14-160952.png 442w, https:\/\/sites.ac-nancy-metz.fr\/lyc-jean-prouve-nancy\/wp-content\/uploads\/2024\/06\/Capture-decran-2024-06-14-160952-300x225.png 300w\" sizes=\"auto, (max-width: 442px) 100vw, 442px\" \/><\/figure>\n\n\n\n<figure class=\"wp-block-image size-large\"><img loading=\"lazy\" decoding=\"async\" width=\"351\" height=\"260\" data-id=\"1479\" src=\"https:\/\/sites.ac-nancy-metz.fr\/lyc-jean-prouve-nancy\/wp-content\/uploads\/2024\/06\/Capture-decran-2024-06-14-160859.png\" alt=\"\" class=\"wp-image-1479\" srcset=\"https:\/\/sites.ac-nancy-metz.fr\/lyc-jean-prouve-nancy\/wp-content\/uploads\/2024\/06\/Capture-decran-2024-06-14-160859.png 351w, https:\/\/sites.ac-nancy-metz.fr\/lyc-jean-prouve-nancy\/wp-content\/uploads\/2024\/06\/Capture-decran-2024-06-14-160859-300x222.png 300w\" sizes=\"auto, (max-width: 351px) 100vw, 351px\" \/><\/figure>\n\n\n\n<figure class=\"wp-block-image size-large\"><img loading=\"lazy\" decoding=\"async\" width=\"472\" height=\"352\" data-id=\"1481\" src=\"https:\/\/sites.ac-nancy-metz.fr\/lyc-jean-prouve-nancy\/wp-content\/uploads\/2024\/06\/Capture-decran-2024-06-14-160940.png\" alt=\"\" class=\"wp-image-1481\" srcset=\"https:\/\/sites.ac-nancy-metz.fr\/lyc-jean-prouve-nancy\/wp-content\/uploads\/2024\/06\/Capture-decran-2024-06-14-160940.png 472w, https:\/\/sites.ac-nancy-metz.fr\/lyc-jean-prouve-nancy\/wp-content\/uploads\/2024\/06\/Capture-decran-2024-06-14-160940-300x224.png 300w\" sizes=\"auto, (max-width: 472px) 100vw, 472px\" \/><\/figure>\n<\/figure>\n\n\n\n<p><\/p>\n\n\n\n<h2 class=\"has-text-color wp-block-heading\" style=\"color:#42a2a4\">Descriptif\u00a0:<\/h2>\n\n\n\n<p>La classe UPE2A du lyc\u00e9e Prouv\u00e9 accueille 15 \u00e9l\u00e8ves allophones. Ils sont \u00e2g\u00e9s de 16 \u00e0 18 ans.<\/p>\n\n\n\n<p>Ces \u00e9l\u00e8ves sont affect\u00e9s dans ce dispositif pour une dur\u00e9e d\u2019un an maximum.<\/p>\n\n\n\n<p>Pendant leur scolarit\u00e9 \u00e0 l\u2019UPE2A, les \u00e9l\u00e8ves devront progresser en fran\u00e7ais et travailler sur leur projet d\u2019orientation. En effet, la poursuite d\u2019\u00e9tudes dans le syst\u00e8me scolaire fran\u00e7ais est pr\u00e9conis\u00e9e.<\/p>\n\n\n\n<h2 class=\"has-text-color wp-block-heading\" style=\"color:#42a2a4\">Les moyens&nbsp;:<\/h2>\n\n\n\n<p>L\u2019emploi du temps hebdomadaire comprend 24 heures, selon la r\u00e9partition suivante&nbsp;:<\/p>\n\n\n\n<ul class=\"wp-block-list\"><li>13 heures de fran\u00e7ais<\/li><li>2 heures de math\u00e9matiques<\/li><li>2 heures d\u2019anglais<\/li><li>4 heures d\u2019histoire-g\u00e9ographie, d\u2019\u00e9ducation morale et civique et d\u2019activit\u00e9s culturelles<\/li><li>2 heures d\u2019EPS<\/li><li>1 heure d\u2019informatique<\/li><\/ul>\n\n\n\n<h2 class=\"has-text-color wp-block-heading\" style=\"color:#42a2a4\">Les activit\u00e9s&nbsp;:<\/h2>\n\n\n\n<p>Beaucoup d\u2019activit\u00e9s culturelles sont propos\u00e9es&nbsp;: visites de mus\u00e9es, atelier photographie, parcours op\u00e9ra\u2026<\/p>\n\n\n\n<p>Des activit\u00e9s sportives&nbsp;: sorties v\u00e9lo, UNSS\u2026<\/p>\n\n\n\n<p>Sorties \u00e0 la journ\u00e9e pour des parcours m\u00e9moriels&nbsp;: Verdun, le camp du Struthof.<\/p>\n\n\n\n<h2 class=\"has-text-color wp-block-heading\" style=\"color:#42a2a4\">Les dipl\u00f4mes&nbsp;et la pr\u00e9paration de l\u2019orientation&nbsp;:<\/h2>\n\n\n\n<p>En fin d\u2019ann\u00e9e scolaire, les \u00e9l\u00e8ves passent le DELF (Dipl\u00f4me d\u2019Etudes de Langue Fran\u00e7aise) et l\u2019ASSR2.<\/p>\n\n\n\n<p>Chaque \u00e9l\u00e8ve effectuera un stage d\u2019immersion dans un lyc\u00e9e ou un stage de d\u00e9couverte en entreprise pour d\u00e9finir son projet d\u2019orientation.<\/p>\n","protected":false},"excerpt":{"rendered":"<p>Classe UPE2A Descriptif\u00a0: La classe UPE2A du lyc\u00e9e Prouv\u00e9 accueille 15 \u00e9l\u00e8ves allophones. Ils sont \u00e2g\u00e9s de 16 \u00e0 18 ans. Ces \u00e9l\u00e8ves sont affect\u00e9s dans ce dispositif pour une dur\u00e9e d\u2019un an maximum. Pendant leur scolarit\u00e9 \u00e0 l\u2019UPE2A, les \u00e9l\u00e8ves devront progresser en fran\u00e7ais et travailler sur leur projet d\u2019orientation. En effet, la poursuite [&hellip;]<\/p>\n","protected":false},"author":4,"featured_media":0,"parent":0,"menu_order":0,"comment_status":"closed","ping_status":"closed","template":"","meta":{"footnotes":""},"class_list":["post-1120","page","type-page","status-publish","hentry","entry"],"_links":{"self":[{"href":"https:\/\/sites.ac-nancy-metz.fr\/lyc-jean-prouve-nancy\/wp-json\/wp\/v2\/pages\/1120","targetHints":{"allow":["GET"]}}],"collection":[{"href":"https:\/\/sites.ac-nancy-metz.fr\/lyc-jean-prouve-nancy\/wp-json\/wp\/v2\/pages"}],"about":[{"href":"https:\/\/sites.ac-nancy-metz.fr\/lyc-jean-prouve-nancy\/wp-json\/wp\/v2\/types\/page"}],"author":[{"embeddable":true,"href":"https:\/\/sites.ac-nancy-metz.fr\/lyc-jean-prouve-nancy\/wp-json\/wp\/v2\/users\/4"}],"replies":[{"embeddable":true,"href":"https:\/\/sites.ac-nancy-metz.fr\/lyc-jean-prouve-nancy\/wp-json\/wp\/v2\/comments?post=1120"}],"version-history":[{"count":7,"href":"https:\/\/sites.ac-nancy-metz.fr\/lyc-jean-prouve-nancy\/wp-json\/wp\/v2\/pages\/1120\/revisions"}],"predecessor-version":[{"id":1501,"href":"https:\/\/sites.ac-nancy-metz.fr\/lyc-jean-prouve-nancy\/wp-json\/wp\/v2\/pages\/1120\/revisions\/1501"}],"wp:attachment":[{"href":"https:\/\/sites.ac-nancy-metz.fr\/lyc-jean-prouve-nancy\/wp-json\/wp\/v2\/media?parent=1120"}],"curies":[{"name":"wp","href":"https:\/\/api.w.org\/{rel}","templated":true}]}}