{"id":1132,"date":"2024-05-21T13:57:42","date_gmt":"2024-05-21T11:57:42","guid":{"rendered":"https:\/\/sites.ac-nancy-metz.fr\/lyc-jean-prouve-nancy\/?page_id=1132"},"modified":"2024-06-24T14:36:41","modified_gmt":"2024-06-24T12:36:41","slug":"classe-relai","status":"publish","type":"page","link":"https:\/\/sites.ac-nancy-metz.fr\/lyc-jean-prouve-nancy\/classe-relai\/","title":{"rendered":"Classe relais"},"content":{"rendered":"\n<h1 class=\"has-text-color wp-block-heading\" style=\"color:#42a2a4\">Classe relais<br><\/h1>\n\n\n\n<figure class=\"wp-block-image size-full\"><img loading=\"lazy\" decoding=\"async\" width=\"700\" height=\"400\" src=\"https:\/\/sites.ac-nancy-metz.fr\/lyc-jean-prouve-nancy\/wp-content\/uploads\/2024\/06\/salle.png\" alt=\"\" class=\"wp-image-1486\" srcset=\"https:\/\/sites.ac-nancy-metz.fr\/lyc-jean-prouve-nancy\/wp-content\/uploads\/2024\/06\/salle.png 700w, https:\/\/sites.ac-nancy-metz.fr\/lyc-jean-prouve-nancy\/wp-content\/uploads\/2024\/06\/salle-300x171.png 300w\" sizes=\"auto, (max-width: 700px) 100vw, 700px\" \/><\/figure>\n\n\n\n<h2 class=\"has-text-color wp-block-heading\" style=\"color:#42a2a4\">Pr\u00e9sentation du dispositif<\/h2>\n\n\n\n<p>La classe relais est un dispositif d&rsquo;accueil des \u00e9l\u00e8ves en voie de d\u00e9crochage scolaire. Ce d\u00e9crochage peut \u00eatre caus\u00e9 par un absent\u00e9isme r\u00e9p\u00e9t\u00e9, une phobie scolaire ou plusieurs exclusions des \u00e9tablissements pr\u00e9c\u00e9demment fr\u00e9quent\u00e9s.<\/p>\n\n\n\n<p>Les \u00e9l\u00e8ves sont affect\u00e9s pour toute l&rsquo;ann\u00e9e scolaire dans le dispositif apr\u00e8s la d\u00e9cision d&rsquo;une commission qui se r\u00e9unit plusieurs fois dans l&rsquo;ann\u00e9e. Dans la classe, on trouve au maximum 12 \u00e9l\u00e8ves, filles ou gar\u00e7ons.<\/p>\n\n\n\n<h2 class=\"has-text-color wp-block-heading\" style=\"color:#42a2a4\">Objectifs du dispositif<\/h2>\n\n\n\n<p>Les \u00e9l\u00e8ves affect\u00e9s en classe relais ont des profils diff\u00e9rents mais ils se retrouvent tous dans des objectifs communs :<\/p>\n\n\n\n<ul class=\"wp-block-list\"><li>Reprendre le chemin de l&rsquo;\u00e9cole par la pr\u00e9sence et l&rsquo;implication.<\/li><li>Respecter des r\u00e8gles scolaires et sociales.<\/li><li>D\u00e9couvrir le monde professionnel et s&rsquo;orienter.<\/li><\/ul>\n\n\n\n<h2 class=\"has-text-color wp-block-heading\" style=\"color:#42a2a4\">Moyens du dispositif<\/h2>\n\n\n\n<p>Pour atteindre ces objectifs, le dispositif met en place plusieurs moyens diff\u00e9rents. Ces moyens font bien souvent appel \u00e0 des intervenants ext\u00e9rieurs.<\/p>\n\n\n\n<ul class=\"wp-block-list\"><li>Activit\u00e9s sportives (EPS, randonn\u00e9e, escalade, v\u00e9lo&#8230;)<\/li><li>Activit\u00e9s culturelles et artistiques<\/li><li>Activit\u00e9s associatives<\/li><li>Immersion dans les ateliers du lyc\u00e9e professionnel<\/li><li>Communication directe et fr\u00e9quente avec les familles (appels t\u00e9l\u00e9phoniques, r\u00e9unions, rencontres&#8230;)<\/li><li>P\u00e9riodes de stages en entreprise<\/li><\/ul>\n\n\n\n<p>De plus, l&rsquo;organisation de la classe est adapt\u00e9 au profil des \u00e9l\u00e8ves.<\/p>\n\n\n\n<ul class=\"wp-block-list\"><li>21 heures de pr\u00e9sence en cours<\/li><li>Enseignement adapt\u00e9 au niveau des \u00e9l\u00e8ves<\/li><li>Accompagnement adapt\u00e9 aux situations des \u00e9l\u00e8ves<\/li><\/ul>\n\n\n\n<h2 class=\"has-text-color wp-block-heading\" style=\"color:#42a2a4\">Personnels dans le dispositif<\/h2>\n\n\n\n<p>Le dispositif est coordonn\u00e9 par un enseignant r\u00e9f\u00e9rent. Elle est accompagn\u00e9e par une assistante d&rsquo;\u00e9ducation \u00e0 temps plein. Au sein du dispositif, un \u00e9ducateur PJJ intervient trois demi-journ\u00e9es dans la semaine.<\/p>\n\n\n\n<p>Le dispositif fait \u00e9galement intervenir d&rsquo;autres enseignants pour des immersions et des d\u00e9couvertes, ainsi que des intervenants ext\u00e9rieurs dans les cadres d&rsquo;activit\u00e9s sportives, artistiques, culturelles ou associatives.<\/p>\n\n\n\n<h2 class=\"has-text-color wp-block-heading\" style=\"color:#42a2a4\">Poursuites d&rsquo;\u00e9tudes<\/h2>\n\n\n\n<p>Les \u00e9l\u00e8ves affect\u00e9s en classe relais disposent de l&rsquo;ann\u00e9e scolaire pour construire ou consolider un projet professionnel. Le plus souvent, ce projet s&rsquo;oriente vers un CAP en apprentissage ou sous statut scolaire.<\/p>\n","protected":false},"excerpt":{"rendered":"<p>Classe relais Pr\u00e9sentation du dispositif La classe relais est un dispositif d&rsquo;accueil des \u00e9l\u00e8ves en voie de d\u00e9crochage scolaire. Ce d\u00e9crochage peut \u00eatre caus\u00e9 par un absent\u00e9isme r\u00e9p\u00e9t\u00e9, une phobie scolaire ou plusieurs exclusions des \u00e9tablissements pr\u00e9c\u00e9demment fr\u00e9quent\u00e9s. Les \u00e9l\u00e8ves sont affect\u00e9s pour toute l&rsquo;ann\u00e9e scolaire dans le dispositif apr\u00e8s la d\u00e9cision d&rsquo;une commission qui [&hellip;]<\/p>\n","protected":false},"author":4,"featured_media":0,"parent":0,"menu_order":0,"comment_status":"closed","ping_status":"closed","template":"","meta":{"footnotes":""},"class_list":["post-1132","page","type-page","status-publish","hentry","entry"],"_links":{"self":[{"href":"https:\/\/sites.ac-nancy-metz.fr\/lyc-jean-prouve-nancy\/wp-json\/wp\/v2\/pages\/1132","targetHints":{"allow":["GET"]}}],"collection":[{"href":"https:\/\/sites.ac-nancy-metz.fr\/lyc-jean-prouve-nancy\/wp-json\/wp\/v2\/pages"}],"about":[{"href":"https:\/\/sites.ac-nancy-metz.fr\/lyc-jean-prouve-nancy\/wp-json\/wp\/v2\/types\/page"}],"author":[{"embeddable":true,"href":"https:\/\/sites.ac-nancy-metz.fr\/lyc-jean-prouve-nancy\/wp-json\/wp\/v2\/users\/4"}],"replies":[{"embeddable":true,"href":"https:\/\/sites.ac-nancy-metz.fr\/lyc-jean-prouve-nancy\/wp-json\/wp\/v2\/comments?post=1132"}],"version-history":[{"count":3,"href":"https:\/\/sites.ac-nancy-metz.fr\/lyc-jean-prouve-nancy\/wp-json\/wp\/v2\/pages\/1132\/revisions"}],"predecessor-version":[{"id":1628,"href":"https:\/\/sites.ac-nancy-metz.fr\/lyc-jean-prouve-nancy\/wp-json\/wp\/v2\/pages\/1132\/revisions\/1628"}],"wp:attachment":[{"href":"https:\/\/sites.ac-nancy-metz.fr\/lyc-jean-prouve-nancy\/wp-json\/wp\/v2\/media?parent=1132"}],"curies":[{"name":"wp","href":"https:\/\/api.w.org\/{rel}","templated":true}]}}