{"id":625,"date":"2022-06-16T13:29:44","date_gmt":"2022-06-16T11:29:44","guid":{"rendered":"https:\/\/sites.ac-nancy-metz.fr\/lyc-jean-prouve-nancy\/?page_id=625"},"modified":"2024-07-05T14:04:14","modified_gmt":"2024-07-05T12:04:14","slug":"partenaire","status":"publish","type":"page","link":"https:\/\/sites.ac-nancy-metz.fr\/lyc-jean-prouve-nancy\/partenaire\/","title":{"rendered":"Partenaires"},"content":{"rendered":"\n<h1 class=\"has-text-align-center has-text-color wp-block-heading\" style=\"color:#42a2a4\">Partenaires<\/h1>\n\n\n\n<figure class=\"wp-block-gallery has-nested-images columns-5 is-cropped wp-block-gallery-1 is-layout-flex wp-block-gallery-is-layout-flex\"><\/figure>\n\n\n\n<p>Le lyc\u00e9e a eu le plaisir de collaborer directement&nbsp;<strong>avec de nombreux partenaires cette ann\u00e9e 2024-2025&nbsp; s<\/strong>ous l&rsquo;\u00e9gide en particulier de la Responsable du Bureau des Entreprises Madame LAINE, BDE nouvellement install\u00e9, ainsi que de l&rsquo;\u00e9quipe de direction en particulier le DDFPT, monsieur MARON Denis et de l&rsquo;\u00e9quipe p\u00e9dagogique du lyc\u00e9e&nbsp;dans le cadre notamment de diff\u00e9rents \u00e9v\u00e8nements : Parcours Avenir dont la Semaine de l&rsquo;Industrie, le Job Dating, la mise en place du CAP RICS ( R\u00e9alisation Industrielle en Chaudronnerie option Soudage), interventions dans le lyc\u00e9e, visites des \u00e9l\u00e8ves en entreprises.<\/p>\n\n\n\n<script>\nfunction toggleText(t){\n  var x = document.getElementById(t);\n  if (x.style.display === \"none\") {\n    x.style.display = \"block\";\n  } else {\n    x.style.display = \"none\";\n  }\n}\n<\/script>\n<style>\nh2:hover {\n  color: #42a2a4;\n}\n<\/style>\n<br>\n\n\n\n\n<span onclick=\"toggleText('part26')\"><a style=\"text-decoration: none;\"><h2>&rArr; AD CREATIVE<\/h2><\/a><\/span>\n<div id=\"part26\" style=\"display: none;\">\n\n\n\n<\/div>\n<span onclick=\"toggleText('part22')\"><a style=\"text-decoration: none;\"><h2>&rArr; ABR DENTAL<\/h2><\/a><\/span>\n<div id=\"part22\" style=\"display: none;\">\n\n\n\n<\/div>\n<span onclick=\"toggleText('part6')\"><a style=\"text-decoration: none;\"><h2>&rArr; AFF<\/h2><\/a><\/span>\n<div id=\"part6\" style=\"display: none;\">\n\n\n\n<p>Signature de la convention avec l\u2019AFF le 18 octobre 2013.<\/p>\n\n\n\n<\/div>\n<span onclick=\"toggleText('part20')\"><a style=\"text-decoration: none;\"><h2>&rArr; ART DENTAL<\/h2><\/a><\/span>\n<div id=\"part20\" style=\"display: none;\">\n\n\n\n<\/div>\n<span onclick=\"toggleText('part36')\"><a style=\"text-decoration: none;\"><h2>&rArr; C&rsquo;EST POSSIBLE GRAND EST<\/h2><\/a><\/span>\n<div id=\"part37\" style=\"display: none;\">\n\n\n\n<\/div>\n<span onclick=\"toggleText('part10')\"><a style=\"text-decoration: none;\"><h2>&rArr; CEPAL<\/h2><\/a><\/span>\n<div id=\"part10\" style=\"display: none;\">\n\n\n\n<\/div>\n<span onclick=\"toggleText('part13')\"><a style=\"text-decoration: none;\"><h2>&rArr; CIRCET<\/h2><\/a><\/span>\n<div id=\"part13\" style=\"display: none;\">\n\n\n\n<\/div>\n<span onclick=\"toggleText('part29')\"><a style=\"text-decoration: none;\"><h2>&rArr; CIRISI<\/h2><\/a><\/span>\n<div id=\"part29\" style=\"display: none;\">\n\n\n\n<\/div>\n<span onclick=\"toggleText('part18')\"><a style=\"text-decoration: none;\"><h2>&rArr; CLIMATAIR<\/h2><\/a><\/span>\n<div id=\"part18\" style=\"display: none;\">\n\n\n\n<\/div>\n<span onclick=\"toggleText('part35')\"><a style=\"text-decoration: none;\"><h2>&rArr; DALKIA<\/h2><\/a><\/span>\n<div id=\"part35\" style=\"display: none;\">\n\n\n\n<\/div>\n<span onclick=\"toggleText('part36')\"><a style=\"text-decoration: none;\"><h2>&rArr; DEPRA<\/h2><\/a><\/span>\n<div id=\"part38\" style=\"display: none;\">\n\n\n\n<\/div>\n<span onclick=\"toggleText('part14')\"><a style=\"text-decoration: none;\"><h2>&rArr; ENEDIS<\/h2><\/a><\/span>\n<div id=\"part14\" style=\"display: none;\">\n\n\n\n<p>Un partenariat a \u00e9t\u00e9 sign\u00e9 cette ann\u00e9e avec ce partenaire qui laisse pr\u00e9sager de fructueuses perspectives en termes de collaboration.<\/p>\n\n\n\n<\/div>\n<span onclick=\"toggleText('part16')\"><a style=\"text-decoration: none;\"><h2>&rArr; ENGIE<\/h2><\/a><\/span>\n<div id=\"part16\" style=\"display: none;\">\n\n\n\n<\/div>\n<span onclick=\"toggleText('part32')\"><a style=\"text-decoration: none;\"><h2>&rArr; ENGIE SOLUTIONS<\/h2><\/a><\/span>\n<div id=\"part32\" style=\"display: none;\">\n\n\n\n<\/div>\n<span onclick=\"toggleText('part27')\"><a style=\"text-decoration: none;\"><h2>&rArr; ERGALIS INTERIM<\/h2><\/a><\/span>\n<div id=\"part27\" style=\"display: none;\">\n\n\n\n<\/div>\n<span onclick=\"toggleText('part4')\"><a style=\"text-decoration: none;\"><h2>&rArr; Fives Nordon<\/h2><\/a><\/span>\n<div id=\"part4\" style=\"display: none;\">\n\n\n\n<figure class=\"wp-block-image size-full is-resized\"><img loading=\"lazy\" decoding=\"async\" src=\"https:\/\/sites.ac-nancy-metz.fr\/lyc-jean-prouve-nancy\/wp-content\/uploads\/2022\/06\/image-4.png\" alt=\"\" class=\"wp-image-639\" width=\"90\" height=\"48\"\/><\/figure>\n\n\n\n<p>Jeudi 8 f\u00e9vrier a eu lieu la r\u00e9union d\u2019\u00e9laboration d\u2019un projet en chaudronnerie pour l\u2019anniversaire des 120 ans de l\u2019entreprise Fives-NORDON.&nbsp;<\/p>\n\n\n\n<p>\u00c9taient pr\u00e9sents Monsieur MARON DDFPT, Monsieur DELORET et LUCAS professeurs&nbsp;de CI du LP JPROUVE et Madame                   DI SELVESTRO. repr\u00e9sentante du Pole Formation IUMM Lorraine accompagn\u00e9e de Monsieur CHAUVIN formateur en chaudronnerie industrielle.<\/p>\n\n\n\n<p>Monsieur BERNARD DIDIERJEAN&nbsp; ancien employ\u00e9 de NORDON, conseiller technique du Recteur et Madame BEAUDOING responsable projet\/communication de FIVES-NORDON participaient&nbsp;\u00e0 l\u2019\u00e9change.<\/p>\n\n\n\n<p>Il est act\u00e9 que l\u2019ensemble de ces personnes \u00e9laboreront&nbsp;un \u00e9difice pour l\u2019anniversaire des 120 ans de Fives-Nordon,&nbsp;\u00e9difice&nbsp;qui sera \u00e9difi\u00e9 pour le 15 juin 2024 dans l\u2019entreprise avec une couverture m\u00e9diatique qui devrait mettre en avant les deux unit\u00e9s&nbsp;de formation en CI.<\/p>\n\n\n\n<\/div>\n<span onclick=\"toggleText('part33')\"><a style=\"text-decoration: none;\"><h2>&rArr; GEOLIA<\/h2><\/a><\/span>\n<div id=\"part33\" style=\"display: none;\">\n\n\n\n<\/div>\n<span onclick=\"toggleText('part17')\"><a style=\"text-decoration: none;\"><h2>&rArr; HORIS<\/h2><\/a><\/span>\n<div id=\"part17\" style=\"display: none;\">\n\n\n\n<\/div>\n<span onclick=\"toggleText('part24')\"><a style=\"text-decoration: none;\"><h2>&rArr; IDEX ENERGIE<\/h2><\/a><\/span>\n<div id=\"part24\" style=\"display: none;\">\n\n\n\n<\/div>\n<span onclick=\"toggleText('part34')\"><a style=\"text-decoration: none;\"><h2>&rArr; KEP<\/h2><\/a><\/span>\n<div id=\"part34\" style=\"display: none;\">\n\n\n\n<\/div>\n<span onclick=\"toggleText('part31')\"><a style=\"text-decoration: none;\"><h2>&rArr; LMH<\/h2><\/a><\/span>\n<div id=\"part31\" style=\"display: none;\">\n\n\n\n<\/div>\n<span onclick=\"toggleText('part2')\"><a style=\"text-decoration: none;\"><h2>&rArr; Lyc\u00e9e Gustave Eiffel<\/h2><\/a><\/span>\n<div id=\"part2\" style=\"display: none;\">\n\n\n\n<figure class=\"wp-block-image size-full is-resized\"><img loading=\"lazy\" decoding=\"async\" src=\"https:\/\/sites.ac-nancy-metz.fr\/lyc-jean-prouve-nancy\/wp-content\/uploads\/2022\/06\/image.png\" alt=\"\" class=\"wp-image-635\" width=\"120\" height=\"72\"\/><\/figure>\n\n\n\n<p>Lyc\u00e9e des M\u00e9tiers Gustave Eiffel<\/p>\n\n\n\n<p>Un lyc\u00e9e, et particuli\u00e8rement un lyc\u00e9e professionnel, est par d\u00e9finition un lieu tourn\u00e9 vers l\u2019avenir.<\/p>\n\n\n\n<p>L\u2019\u00e9volution des m\u00e9tiers et des comp\u00e9tences \u00e0 d\u00e9velopper sont une probl\u00e9matique constante que nous partageons avec les entreprises. En effet, c\u2019est le monde professionnel de demain que nous pr\u00e9parons avec nos partenariats.<\/p>\n\n\n\n<p>Au Lyc\u00e9e Gustave Eiffel, ces perspectives structurent l\u2019action des \u00e9quipes. Qu\u2019il s\u2019agisse d\u2019accueillir les jeunes dans des locaux bien install\u00e9s et bien entretenus, de leur offrir l\u2019exemple de l\u2019excellence professionnelle dans les ateliers, ou de leur permettre de mener \u00e0 bien un travail scolaire exigeant, de l\u2019agent \u00e0 l\u2019enseignant en passant par l\u2019\u00e9quipe de vie scolaire, chacun, \u00e0 sa place, est pr\u00eat \u00e0 donner le meilleur pour la r\u00e9ussite des \u00e9l\u00e8ves.<\/p>\n\n\n\n<p>Pour cela, le lyc\u00e9e dispose de r\u00e9els atouts, un tr\u00e8s beau cadre de vie, des enseignants motiv\u00e9s, une r\u00e9elle vie citoyenne tant \u00e0 l\u2019externat qu\u2019\u00e0 l\u2019internat et des projets visant l\u2019enrichissement culturel des jeunes.<\/p>\n\n\n\n<p>Bienvenue au Lyc\u00e9e Gustave Eiffel&nbsp;!<\/p>\n\n\n\n<p>\u2026pour ce qui est de l\u2019avenir, il ne s\u2019agit pas de le pr\u00e9voir, mais de le rendre possible\u2026<br>Antoine de Saint Exup\u00e9ry<\/p>\n\n\n\n<p>Le label \u00ab&nbsp;lyc\u00e9e des m\u00e9tiers&nbsp;\u00bb<\/p>\n\n\n\n<p>Deux fois labellis\u00e9 \u00ab&nbsp;Lyc\u00e9e des M\u00e9tiers&nbsp;\u00bb pour la Chaudronnerie et les Structures M\u00e9talliques, ainsi que pour l\u2019Electrotechnique, le lyc\u00e9e Gustave Eiffel offre une palette \u00e9tendue de formations et de services, gr\u00e2ce notamment \u00e0 un partenariat actif, tant avec le milieu \u00e9conomique qu\u2019avec les collectivit\u00e9s territoriales, et en premier lieu la r\u00e9gion.<br>En effet, le label \u00ab&nbsp;lyc\u00e9e des m\u00e9tiers&nbsp;\u00bb met en \u00e9vidence la coh\u00e9rence d\u2019une offre de formation, la prise en compte des attentes des \u00e9l\u00e8ves et l\u2019adaptation aux besoins des employeurs. Il constitue un indicateur d\u2019excellence pour les voies technologique et professionnelle.<br>Cette labellisation s\u2019appuie sur des crit\u00e8res pr\u00e9cis qui sont autant d\u2019\u00e9l\u00e9ments clefs pour faciliter l\u2019insertion professionnelle des jeunes, par ailleurs la labellisation s\u2019obtient au terme d\u2019une proc\u00e9dure destin\u00e9e \u00e0 valider le travail des \u00e9quipes p\u00e9dagogiques. Ce label est attribu\u00e9 pour 5 ans et doit \u00eatre renouvel\u00e9 au cours d\u2019un audit charg\u00e9 d\u2019appr\u00e9cier l\u2019\u00e9volution de l\u2019\u00e9tablissement.<br>Les crit\u00e8res de labellisation&nbsp;:<br>\u2022 Avoir une offre de formations technologiques et professionnelles dont l\u2019identit\u00e9 est construite autour d\u2019un ensemble coh\u00e9rent de m\u00e9tiers.<br>\u2022 Accueillir des publics vari\u00e9s (statut scolaire, apprentis, formation continue)<br>\u2022 Pr\u00e9parer une gamme \u00e9tendue de dipl\u00f4mes et titres nationaux allant du CAP aux dipl\u00f4mes de l\u2019enseignement sup\u00e9rieur<br>\u2022 Participer \u00e0 la validation des acquis de l\u2019exp\u00e9rience,<br>\u2022 Mener des partenariats avec les collectivit\u00e9s et les milieux professionnels,<br>\u2022 Mettre en place des actions concernant l\u2019orientation des coll\u00e9giens,<br>\u2022 Disposer d\u2019une ouverture europ\u00e9enne<br>\u2022 Offrir des services d\u2019h\u00e9bergement<br>\u2022 Avoir un dispositif de suivi des sortants de formation<\/p>\n\n\n\n<\/div>\n<span onclick=\"toggleText('part9')\"><a style=\"text-decoration: none;\"><h2>&rArr; Lyc\u00e9e Hanzelet<\/h2><\/a><\/span>\n<div id=\"part9\" style=\"display: none;\">\n\n\n\n<p><a href=\"http:\/\/www4.ac-nancy-metz.fr\/lyc-hanzelet-pont-a-mousson\/\">Site Lyc\u00e9e Hanzelet<\/a><\/p>\n\n\n\n<\/div>\n<span onclick=\"toggleText('part8')\"><a style=\"text-decoration: none;\"><h2>&rArr; Lyc\u00e9e Meurthe et S\u00e2non<\/h2><\/a><\/span>\n<div id=\"part8\" style=\"display: none;\">\n\n\n\n<p>Lyc\u00e9e des m\u00e9tiers Entre Meurthe et S\u00e2non<\/p>\n\n\n\n<p><a href=\"http:\/\/www.entremeurtheetsanon.net\/\">Site du Lyc\u00e9e des m\u00e9tiers Entre Meurthe et S\u00e2non<\/a><\/p>\n\n\n\n<\/div>\n<span onclick=\"toggleText('part1')\"><a style=\"text-decoration: none;\"><h2>&rArr; Marine Nationale<\/h2><\/a><\/span>\n<div id=\"part1\" style=\"display: none;\">\n\n\n\n<figure class=\"wp-block-image size-full is-resized\"><img loading=\"lazy\" decoding=\"async\" src=\"https:\/\/sites.ac-nancy-metz.fr\/lyc-jean-prouve-nancy\/wp-content\/uploads\/2022\/06\/image-8.png\" alt=\"\" class=\"wp-image-644\" width=\"161\" height=\"206\"\/><\/figure>\n\n\n\n<p>Le minist\u00e8re de la D\u00e9fense renouvelle ses conventions de partenariat avec le minist\u00e8re de l\u2019\u00c9ducation.<\/p>\n\n\n\n<p>Signature de la convention Marine le 19 d\u00e9cembre 2012.<\/p>\n\n\n\n<h2 class=\"wp-block-heading\">Le partenariat Marine Nationale &#8211; lyc\u00e9e Jean Prouv\u00e9 augmente sa voilure<\/h2>\n\n\n\n<p><br>La direction du lyc\u00e9e Jean Prouv\u00e9, accompagn\u00e9e par la D\u00e9l\u00e9gu\u00e9e Acad\u00e9mique aux Enseignements Techniques aupr\u00e8s du Recteur a fait escale \u00e0 TOULON.<br><br>Dans le cadre de la convention avec la Marine Nationale, le lyc\u00e9e Jean Prouv\u00e9 a franchi un cap suppl\u00e9mentaire, celui de passer un partenariat avec la fr\u00e9gate \u00ab&nbsp;La Fayette&nbsp;\u00bb. Ce jumelage a pour but de permettre aux lyc\u00e9ens en section Bac pro Marine de d\u00e9couvrir la vie embarqu\u00e9e et les m\u00e9tiers de la Marine Nationale, par des \u00e9changes r\u00e9guliers \u00e0 bord du b\u00e2timent ou lors de d\u00e9placements de marins du \u00ab&nbsp;La Fayette&nbsp;\u00bb dans la r\u00e9gion. Les jeunes qui accompagnaient la d\u00e9l\u00e9gation ont pu faire banette, la veille, \u00e0 bord du bateau.<br><br>Les relations entre l\u2019\u00e9tablissement et la Marine Nationale sont ainsi plus fortement ancr\u00e9es d\u2019autant que le lieutenant de vaisseau de r\u00e9serve Philippe VALENTINI a \u00e9galement sign\u00e9 une convention similaire pour nos \u00e9l\u00e8ves inscrits en Pr\u00e9paration Militaire Marine.<br><br>Ce jumelage fut l\u2019occasion pour le capitaine de fr\u00e9gate Mackara OUK de faire lecture de l\u2019appel du 18 juin en pr\u00e9sence des jeunes stagiaires de la PMM lors de la c\u00e9r\u00e9monie militaire sur le pont de la fr\u00e9gate \u00ab&nbsp;La Fayette&nbsp;\u00bb.<br><br>Les circonstances ont permis d\u2019entendre cet appel alors que le porte-avions baptis\u00e9 du nom de celui qui lan\u00e7a cet appel \u00e9tait \u00e0 quelques bord\u00e9es du \u00ab&nbsp;La Fayette&nbsp;\u00bb<br><br>Gageons que ce partenariat am\u00e8ne de nouveaux horizons aux \u00e9l\u00e8ves scolaris\u00e9s au lyc\u00e9e Jean Prouv\u00e9.<\/p>\n\n\n\n<\/div>\n<span onclick=\"toggleText('part30')\"><a style=\"text-decoration: none;\"><h2>&rArr; MCI<\/h2><\/a><\/span>\n<div id=\"part30\" style=\"display: none;\">\n\n\n\n<\/div>\n<span onclick=\"toggleText('part11')\"><a style=\"text-decoration: none;\"><h2>&rArr; PJJ<\/h2><\/a><\/span>\n<div id=\"part11\" style=\"display: none;\">\n\n\n\n<p>Signature de la convention avec la PJJ le 24 septembre 2013<\/p>\n\n\n\n<\/div>\n<span onclick=\"toggleText('part7')\"><a style=\"text-decoration: none;\"><h2>&rArr; Randstad<\/h2><\/a><\/span>\n<div id=\"part7\" style=\"display: none;\">\n\n\n\n<p>Signature de la convention avec Randstad le 14 novembre 2013<\/p>\n\n\n\n<\/div>\n<span onclick=\"toggleText('part28')\"><a style=\"text-decoration: none;\"><h2>&rArr; RANSTAD INTERIM<\/h2><\/a><\/span>\n<div id=\"part28\" style=\"display: none;\">\n\n\n\n<\/div>\n<span onclick=\"toggleText('part3')\"><a style=\"text-decoration: none;\"><h2>&rArr; SNCT<\/h2><\/a><\/span>\n<div id=\"part3\" style=\"display: none;\">\n\n\n\n<figure class=\"wp-block-image size-full is-resized\"><img loading=\"lazy\" decoding=\"async\" src=\"https:\/\/sites.ac-nancy-metz.fr\/lyc-jean-prouve-nancy\/wp-content\/uploads\/2022\/06\/image-2.png\" alt=\"\" class=\"wp-image-637\" width=\"70\" height=\"65\"\/><\/figure>\n\n\n\n<\/div>\n<span onclick=\"toggleText('part23')\"><a style=\"text-decoration: none;\"><h2>&rArr; SOCIETE SCHUBB<\/h2><\/a><\/span>\n<div id=\"part23\" style=\"display: none;\">\n\n\n\n<\/div>\n<span onclick=\"toggleText('part21')\"><a style=\"text-decoration: none;\"><h2>&rArr; SOURIRE DIGITAL<\/h2><\/a><\/span>\n<div id=\"part21\" style=\"display: none;\">\n\n\n\n<\/div>\n<span onclick=\"toggleText('part36')\"><a style=\"text-decoration: none;\"><h2>&rArr; TCS METAL<\/h2><\/a><\/span>\n<div id=\"part36\" style=\"display: none;\">\n\n\n\n<\/div>\n<span onclick=\"toggleText('part25')\"><a style=\"text-decoration: none;\"><h2>&rArr; TECHNORAM<\/h2><\/a><\/span>\n<div id=\"part25\" style=\"display: none;\">\n\n\n\n<\/div>\n<span onclick=\"toggleText('part19')\"><a style=\"text-decoration: none;\"><h2>&rArr; TECHNOSOUD<\/h2><\/a><\/span>\n<div id=\"part19\" style=\"display: none;\">\n\n\n\n<\/div>\n<span onclick=\"toggleText('part15')\"><a style=\"text-decoration: none;\"><h2>&rArr; TRANE<\/h2><\/a><\/span>\n<div id=\"part15\" style=\"display: none;\">\n\n\n\n<\/div>\n<span onclick=\"toggleText('part12')\"><a style=\"text-decoration: none;\"><h2>&rArr; UIMM<\/h2><\/a><\/span>\n<div id=\"part12\" style=\"display: none;\">\n\n\n\n<figure class=\"wp-block-image size-full is-resized\"><img loading=\"lazy\" decoding=\"async\" src=\"https:\/\/sites.ac-nancy-metz.fr\/lyc-jean-prouve-nancy\/wp-content\/uploads\/2022\/06\/image-7.png\" alt=\"\" class=\"wp-image-642\" width=\"207\" height=\"137\" srcset=\"https:\/\/sites.ac-nancy-metz.fr\/lyc-jean-prouve-nancy\/wp-content\/uploads\/2022\/06\/image-7.png 413w, https:\/\/sites.ac-nancy-metz.fr\/lyc-jean-prouve-nancy\/wp-content\/uploads\/2022\/06\/image-7-300x198.png 300w\" sizes=\"auto, (max-width: 207px) 100vw, 207px\" \/><\/figure>\n\n\n\n<p>Union des Industries et M\u00e9tiers de la M\u00e9tallurgie<\/p>\n\n\n\n<p><\/p>\n\n\n\n<\/div>\n","protected":false},"excerpt":{"rendered":"<p>Partenaires Le lyc\u00e9e a eu le plaisir de collaborer directement&nbsp;avec de nombreux partenaires cette ann\u00e9e 2024-2025&nbsp; sous l&rsquo;\u00e9gide en particulier de la Responsable du Bureau des Entreprises Madame LAINE, BDE nouvellement install\u00e9, ainsi que de l&rsquo;\u00e9quipe de direction en particulier le DDFPT, monsieur MARON Denis et de l&rsquo;\u00e9quipe p\u00e9dagogique du lyc\u00e9e&nbsp;dans le cadre notamment de [&hellip;]<\/p>\n","protected":false},"author":2,"featured_media":0,"parent":0,"menu_order":0,"comment_status":"closed","ping_status":"closed","template":"","meta":{"footnotes":""},"class_list":["post-625","page","type-page","status-publish","hentry","entry"],"_links":{"self":[{"href":"https:\/\/sites.ac-nancy-metz.fr\/lyc-jean-prouve-nancy\/wp-json\/wp\/v2\/pages\/625","targetHints":{"allow":["GET"]}}],"collection":[{"href":"https:\/\/sites.ac-nancy-metz.fr\/lyc-jean-prouve-nancy\/wp-json\/wp\/v2\/pages"}],"about":[{"href":"https:\/\/sites.ac-nancy-metz.fr\/lyc-jean-prouve-nancy\/wp-json\/wp\/v2\/types\/page"}],"author":[{"embeddable":true,"href":"https:\/\/sites.ac-nancy-metz.fr\/lyc-jean-prouve-nancy\/wp-json\/wp\/v2\/users\/2"}],"replies":[{"embeddable":true,"href":"https:\/\/sites.ac-nancy-metz.fr\/lyc-jean-prouve-nancy\/wp-json\/wp\/v2\/comments?post=625"}],"version-history":[{"count":19,"href":"https:\/\/sites.ac-nancy-metz.fr\/lyc-jean-prouve-nancy\/wp-json\/wp\/v2\/pages\/625\/revisions"}],"predecessor-version":[{"id":1678,"href":"https:\/\/sites.ac-nancy-metz.fr\/lyc-jean-prouve-nancy\/wp-json\/wp\/v2\/pages\/625\/revisions\/1678"}],"wp:attachment":[{"href":"https:\/\/sites.ac-nancy-metz.fr\/lyc-jean-prouve-nancy\/wp-json\/wp\/v2\/media?parent=625"}],"curies":[{"name":"wp","href":"https:\/\/api.w.org\/{rel}","templated":true}]}}