{"id":752,"date":"2022-06-23T14:38:53","date_gmt":"2022-06-23T12:38:53","guid":{"rendered":"https:\/\/sites.ac-nancy-metz.fr\/lyc-jean-prouve-nancy\/?page_id=752"},"modified":"2024-07-04T14:43:30","modified_gmt":"2024-07-04T12:43:30","slug":"serrurerie-metallerie","status":"publish","type":"page","link":"https:\/\/sites.ac-nancy-metz.fr\/lyc-jean-prouve-nancy\/serrurerie-metallerie\/","title":{"rendered":"CAP M\u00e9tallerie"},"content":{"rendered":"\n<h1 class=\"has-text-color wp-block-heading\" style=\"color:#42a2a4\">CAP M\u00e9tallerie<a href=\"http:\/\/www4.ac-nancy-metz.fr\/lyc-jeanprouvenancy\/spip.php?article163\"><\/a><\/h1>\n\n\n\n<figure class=\"wp-block-image size-large\"><img loading=\"lazy\" decoding=\"async\" width=\"1024\" height=\"346\" src=\"https:\/\/sites.ac-nancy-metz.fr\/lyc-jean-prouve-nancy\/wp-content\/uploads\/2022\/06\/imageseru-1024x346.jpg\" alt=\"\" class=\"wp-image-920\" srcset=\"https:\/\/sites.ac-nancy-metz.fr\/lyc-jean-prouve-nancy\/wp-content\/uploads\/2022\/06\/imageseru-1024x346.jpg 1024w, https:\/\/sites.ac-nancy-metz.fr\/lyc-jean-prouve-nancy\/wp-content\/uploads\/2022\/06\/imageseru-300x101.jpg 300w, https:\/\/sites.ac-nancy-metz.fr\/lyc-jean-prouve-nancy\/wp-content\/uploads\/2022\/06\/imageseru-768x259.jpg 768w, https:\/\/sites.ac-nancy-metz.fr\/lyc-jean-prouve-nancy\/wp-content\/uploads\/2022\/06\/imageseru-1536x518.jpg 1536w, https:\/\/sites.ac-nancy-metz.fr\/lyc-jean-prouve-nancy\/wp-content\/uploads\/2022\/06\/imageseru-2048x691.jpg 2048w\" sizes=\"auto, (max-width: 1024px) 100vw, 1024px\" \/><\/figure>\n\n\n\n<h3 class=\"has-text-color wp-block-heading\" style=\"color:#42a2a4\">Formation en 2 ans<\/h3>\n\n\n\n<p>Le m\u00e9talier fa\u00e7onne essentiellement l\u2019acier, mais il peut \u00eatre amen\u00e9 \u00e0 travailler le bronze, l\u2019\u00e9tain, le cuivre ou encore l\u2019aluminium. Il cr\u00e9e des objets d\u00e9coratifs ou des \u00e9l\u00e9ments d\u2019am\u00e9nagement pour le b\u00e2timent.<br>Sur un chantier, le m\u00e9tallier prend les mesures des pi\u00e8ces \u00e0 r\u00e9aliser et d\u00e9cide des mat\u00e9riaux les plus appropri\u00e9s. Il dessine son ouvrage et effectue la d\u00e9coupe du m\u00e9tal, en lui donnant la forme d\u00e9sir\u00e9e notamment par pliage et cintrage.<\/p>\n\n\n\n<h3 class=\"has-text-color wp-block-heading\" style=\"color:#42a2a4\">Formation en milieu professionnel<\/h3>\n\n\n\n<p>La p\u00e9riode de formation en milieu professionnel est de 14 semaines sur 2 ans.<\/p>\n\n\n\n<h3 class=\"has-text-color wp-block-heading\" style=\"color:#42a2a4\">Aptitudes<\/h3>\n\n\n\n<p>Cr\u00e9atif<br>Habile<br>Rigoureux et m\u00e9thodique<\/p>\n\n\n\n<h3 class=\"has-text-color wp-block-heading\" style=\"color:#42a2a4\">Les conditions d\u2019admission<\/h3>\n\n\n\n<p>A partir de la troisi\u00e8me ou apr\u00e8s une seconde technologique<\/p>\n\n\n\n<h3 class=\"has-text-color wp-block-heading\" style=\"color:#42a2a4\">Mati\u00e8res enseign\u00e9es<\/h3>\n\n\n\n<ul class=\"wp-block-list\"><li>Fran\u00e7ais<\/li><li>Histoire \u2013 g\u00e9ographie<\/li><li>Math\u00e9matiques \/ Sciences<\/li><li>Anglais<\/li><li>Pr\u00e9vention sant\u00e9 environnement<\/li><li>Arts appliqu\u00e9s et Cultures Artistiques<\/li><li>Education physique et sportive<\/li><li>Education Civique Juridique et Sociale<\/li><li>Pr\u00e9vention Sant\u00e9 et Environnement<\/li><li>Construction<\/li><li>Enseignement professionnel<\/li><\/ul>\n\n\n\n<p class=\"has-text-color\" style=\"color:#42a2a4\"><strong>Les m\u00e9tiers<\/strong><\/p>\n\n\n\n<ul class=\"wp-block-list\"><li>Ouvrier m\u00e9tallier dans les entreprises du b\u00e2timent<\/li><li>Ferronier d\u2019art<\/li><\/ul>\n\n\n\n<p class=\"has-text-color\" style=\"color:#42a2a4\"><strong>Et apr\u00e8s quelques ann\u00e9es d\u2019exp\u00e9rience&nbsp;:<\/strong><\/p>\n\n\n\n<ul class=\"wp-block-list\"><li>Chef d\u2019\u00e9quipe<\/li><li>Artisan<\/li><\/ul>\n\n\n\n<p class=\"has-text-color\" style=\"color:#42a2a4\"><strong>Les poursuites d\u2019\u00e9tudes<\/strong><\/p>\n\n\n\n<ul class=\"wp-block-list\"><li>Mention Compl\u00e9mentaire Soudage<\/li><li>Bac professionnel Technicien en chaudronnerie Industrielle<\/li><li>Bac Professionnel Fonderie<\/li><\/ul>\n\n\n\n<h3 class=\"has-text-color wp-block-heading\" style=\"color:#42a2a4\">Fiche m\u00e9tier &amp; Vid\u00e9o<\/h3>\n\n\n\n<p><a href=\"http:\/\/www.onisep.fr\/Ressources\/Univers-Metier\/Metiers\/serrurier-iere-metallier-iere\/\">Video + Fiche Onisep<\/a><\/p>\n\n\n\n<h2 class=\"has-text-color wp-block-heading\" style=\"color:#42a2a4\">Documents joints<\/h2>\n\n\n\n<div class=\"wp-block-file\"><a id=\"wp-block-file--media-0e866a26-0c94-4ace-84f7-00bc7c366b45\" href=\"https:\/\/sites.ac-nancy-metz.fr\/lyc-jean-prouve-nancy\/wp-content\/uploads\/2022\/06\/cap_serrurier.pdf\">cap_serrurier<\/a><a href=\"https:\/\/sites.ac-nancy-metz.fr\/lyc-jean-prouve-nancy\/wp-content\/uploads\/2022\/06\/cap_serrurier.pdf\" class=\"wp-block-file__button\" download aria-describedby=\"wp-block-file--media-0e866a26-0c94-4ace-84f7-00bc7c366b45\">T\u00e9l\u00e9charger<\/a><\/div>\n","protected":false},"excerpt":{"rendered":"<p>CAP M\u00e9tallerie Formation en 2 ans Le m\u00e9talier fa\u00e7onne essentiellement l\u2019acier, mais il peut \u00eatre amen\u00e9 \u00e0 travailler le bronze, l\u2019\u00e9tain, le cuivre ou encore l\u2019aluminium. Il cr\u00e9e des objets d\u00e9coratifs ou des \u00e9l\u00e9ments d\u2019am\u00e9nagement pour le b\u00e2timent.Sur un chantier, le m\u00e9tallier prend les mesures des pi\u00e8ces \u00e0 r\u00e9aliser et d\u00e9cide des mat\u00e9riaux les plus [&hellip;]<\/p>\n","protected":false},"author":2,"featured_media":0,"parent":0,"menu_order":0,"comment_status":"closed","ping_status":"closed","template":"","meta":{"footnotes":""},"class_list":["post-752","page","type-page","status-publish","hentry","entry"],"_links":{"self":[{"href":"https:\/\/sites.ac-nancy-metz.fr\/lyc-jean-prouve-nancy\/wp-json\/wp\/v2\/pages\/752","targetHints":{"allow":["GET"]}}],"collection":[{"href":"https:\/\/sites.ac-nancy-metz.fr\/lyc-jean-prouve-nancy\/wp-json\/wp\/v2\/pages"}],"about":[{"href":"https:\/\/sites.ac-nancy-metz.fr\/lyc-jean-prouve-nancy\/wp-json\/wp\/v2\/types\/page"}],"author":[{"embeddable":true,"href":"https:\/\/sites.ac-nancy-metz.fr\/lyc-jean-prouve-nancy\/wp-json\/wp\/v2\/users\/2"}],"replies":[{"embeddable":true,"href":"https:\/\/sites.ac-nancy-metz.fr\/lyc-jean-prouve-nancy\/wp-json\/wp\/v2\/comments?post=752"}],"version-history":[{"count":6,"href":"https:\/\/sites.ac-nancy-metz.fr\/lyc-jean-prouve-nancy\/wp-json\/wp\/v2\/pages\/752\/revisions"}],"predecessor-version":[{"id":1669,"href":"https:\/\/sites.ac-nancy-metz.fr\/lyc-jean-prouve-nancy\/wp-json\/wp\/v2\/pages\/752\/revisions\/1669"}],"wp:attachment":[{"href":"https:\/\/sites.ac-nancy-metz.fr\/lyc-jean-prouve-nancy\/wp-json\/wp\/v2\/media?parent=752"}],"curies":[{"name":"wp","href":"https:\/\/api.w.org\/{rel}","templated":true}]}}